automatic DPDK test reports
 help / color / mirror / Atom feed
* [dpdk-test-report] |SUCCESS| pw86191 [PATCH] net/ice: refactor PF RSS
@ 2021-01-13 21:16 dpdklab
  0 siblings, 0 replies; 6+ messages in thread
From: dpdklab @ 2021-01-13 21:16 UTC (permalink / raw)
  To: Test Report; +Cc: dpdk-test-reports

[-- Attachment #1: Type: text/plain, Size: 3975 bytes --]

Test-Label: iol-testing
Test-Status: SUCCESS
http://dpdk.org/patch/86191

_Testing PASS_

Submitter: Xuan Ding <xuan.ding@intel.com>
Date: Friday, January 08 2021 08:38:44 
DPDK git baseline: Repo:dpdk
  Branch: master
  CommitID:86d8b57e37eaea344870ffdf7dd6ead814204096

86191 --> testing pass

Test environment and result as below:

+---------------------+----------------------+--------------------+-------------------+----------------+
|     Environment     | dpdk_mingw64_compile | dpdk_meson_compile | dpdk_compile_spdk | dpdk_unit_test |
+=====================+======================+====================+===================+================+
| Windows Server 2019 | PASS                 | PASS               | SKIPPED           | SKIPPED        |
+---------------------+----------------------+--------------------+-------------------+----------------+
| FreeBSD 11.2        | SKIPPED              | PASS               | SKIPPED           | SKIPPED        |
+---------------------+----------------------+--------------------+-------------------+----------------+
| CentOS 8            | SKIPPED              | PASS               | SKIPPED           | SKIPPED        |
+---------------------+----------------------+--------------------+-------------------+----------------+
| Fedora 31           | SKIPPED              | PASS               | PASS              | SKIPPED        |
+---------------------+----------------------+--------------------+-------------------+----------------+
| openSUSE Leap 15    | SKIPPED              | PASS               | SKIPPED           | SKIPPED        |
+---------------------+----------------------+--------------------+-------------------+----------------+
| Arch Linux          | SKIPPED              | PASS               | SKIPPED           | SKIPPED        |
+---------------------+----------------------+--------------------+-------------------+----------------+
| Ubuntu 18.04        | SKIPPED              | PASS               | PASS              | PASS           |
+---------------------+----------------------+--------------------+-------------------+----------------+
| Ubuntu 18.04 ARM    | SKIPPED              | PASS               | SKIPPED           | PASS           |
+---------------------+----------------------+--------------------+-------------------+----------------+

==== 20 line log output for Ubuntu 18.04 ARM (dpdk_unit_test): ====
93/94 DPDK:fast-tests / pdump_autotest                 OK             5.53s

Summary of Failures:

71/94 DPDK:fast-tests / distributor_autotest           FAIL           3.27s (exit status 255 or signal 127 SIGinvalid)
75/94 DPDK:fast-tests / ipsec_autotest                 SKIP           1.03s
76/94 DPDK:fast-tests / kni_autotest                   SKIP           0.62s
80/94 DPDK:fast-tests / power_cpufreq_autotest         SKIP           0.98s
82/94 DPDK:fast-tests / power_kvm_vm_autotest          SKIP           1.02s
94/94 DPDK:fast-tests / compressdev_autotest           SKIP           0.83s

Ok:                 88
Expected Fail:      0
Fail:               1
Unexpected Pass:    0
Skipped:            5
Timeout:            0

Full log written to /home-local/jenkins-local/jenkins-agent/workspace/Arm-gigabyte-Unit-Test-DPDK/dpdk/build/meson-logs/testlog.txt
[1] Error running command.
==== End log output ====

Windows Server 2019
	Kernel: 10.0
	Compiler: clang 9.0

FreeBSD 11.2
	Kernel: 11.2
	Compiler: gcc 8.3

CentOS 8
	Kernel: 4.18.0.el8_0
	Compiler: gcc 8.3.1

Fedora 31
	Kernel: 5.3.16
	Compiler: gcc 9.2.1

openSUSE Leap 15
	Kernel: 4.12.14
	Compiler: gcc 7.4.1

Arch Linux
	Kernel: latest
	Compiler: gcc latest

Ubuntu 18.04
	Kernel: 4.15.0-generic
	Compiler: gcc 7.5

Ubuntu 18.04 ARM
	Kernel: 5.4.0-53-generic
	Compiler: gcc 9.3

To view detailed results, visit:
https://lab.dpdk.org/results/dashboard/patchsets/15064/

UNH-IOL DPDK Community Lab

To manage your email subscriptions, visit: 
https://lab.dpdk.org/results/dashboard/preferences/subscriptions/

^ permalink raw reply	[flat|nested] 6+ messages in thread

* [dpdk-test-report] |SUCCESS| pw86191 [PATCH] net/ice: refactor PF RSS
@ 2021-01-11 19:10 dpdklab
  0 siblings, 0 replies; 6+ messages in thread
From: dpdklab @ 2021-01-11 19:10 UTC (permalink / raw)
  To: Test Report; +Cc: dpdk-test-reports

[-- Attachment #1: Type: text/plain, Size: 1908 bytes --]

Test-Label: iol-intel-Performance
Test-Status: SUCCESS
http://dpdk.org/patch/86191

_Performance Testing PASS_

Submitter: Xuan Ding <xuan.ding@intel.com>
Date: Friday, January 08 2021 08:38:44 
DPDK git baseline: Repo:dpdk
  Branch: master
  CommitID:86d8b57e37eaea344870ffdf7dd6ead814204096

86191 --> performance testing pass

Test environment and result as below:

Ubuntu 18.04
Kernel: 4.15.0-generic
Compiler: gcc 7.4
NIC: Intel Corporation Ethernet Converged Network Adapter XL710-QDA2 40000 Mbps
Target: x86_64-native-linuxapp-gcc
Fail/Total: 0/2

Detail performance results: 
+------------+---------+-------------------------------------+
| frame_size | txd/rxd | throughput difference from expected |
+============+=========+=====================================+
| 64         | 512     | 2.763                               |
+------------+---------+-------------------------------------+
| 64         | 2048    | 1.981                               |
+------------+---------+-------------------------------------+

Ubuntu 18.04
Kernel: 4.15.0-generic
Compiler: gcc 7.4
NIC: Intel Corporation Ethernet Converged Network Adapter 82599ES 10000 Mbps
Target: x86_64-native-linuxapp-gcc
Fail/Total: 0/2

Detail performance results: 
+------------+---------+-------------------------------------+
| frame_size | txd/rxd | throughput difference from expected |
+============+=========+=====================================+
| 64         | 512     | 1.997                               |
+------------+---------+-------------------------------------+
| 64         | 2048    | 1.038                               |
+------------+---------+-------------------------------------+

To view detailed results, visit:
https://lab.dpdk.org/results/dashboard/patchsets/15064/

UNH-IOL DPDK Community Lab

To manage your email subscriptions, visit: 
https://lab.dpdk.org/results/dashboard/preferences/subscriptions/

^ permalink raw reply	[flat|nested] 6+ messages in thread

* [dpdk-test-report] |SUCCESS| pw86191 [PATCH] net/ice: refactor PF RSS
@ 2021-01-11 18:50 dpdklab
  0 siblings, 0 replies; 6+ messages in thread
From: dpdklab @ 2021-01-11 18:50 UTC (permalink / raw)
  To: Test Report; +Cc: dpdk-test-reports

[-- Attachment #1: Type: text/plain, Size: 781 bytes --]

Test-Label: iol-intel-Functional
Test-Status: SUCCESS
http://dpdk.org/patch/86191

_Functional Testing PASS_

Submitter: Xuan Ding <xuan.ding@intel.com>
Date: Friday, January 08 2021 08:38:44 
DPDK git baseline: Repo:dpdk
  Branch: master
  CommitID:86d8b57e37eaea344870ffdf7dd6ead814204096

86191 --> functional testing pass

Test environment and result as below:

Ubuntu 18.04
Kernel: 4.15.0-generic
Compiler: gcc 7.4
NIC: Intel Corporation Ethernet Converged Network Adapter XL710-QDA2 40000 Mbps
Target: x86_64-native-linuxapp-gcc
Fail/Total: 0/3


To view detailed results, visit:
https://lab.dpdk.org/results/dashboard/patchsets/15064/

UNH-IOL DPDK Community Lab

To manage your email subscriptions, visit: 
https://lab.dpdk.org/results/dashboard/preferences/subscriptions/

^ permalink raw reply	[flat|nested] 6+ messages in thread

* [dpdk-test-report] |SUCCESS| pw86191 [PATCH] net/ice: refactor PF RSS
@ 2021-01-11 15:59 dpdklab
  0 siblings, 0 replies; 6+ messages in thread
From: dpdklab @ 2021-01-11 15:59 UTC (permalink / raw)
  To: Ajit Khaparde, Test Report; +Cc: dpdk-test-reports

[-- Attachment #1: Type: text/plain, Size: 1259 bytes --]

Test-Label: iol-broadcom-Performance
Test-Status: SUCCESS
http://dpdk.org/patch/86191

_Performance Testing PASS_

Submitter: Xuan Ding <xuan.ding@intel.com>
Date: Friday, January 08 2021 08:38:44 
DPDK git baseline: Repo:dpdk
  Branch: master
  CommitID:86d8b57e37eaea344870ffdf7dd6ead814204096

86191 --> performance testing pass

Test environment and result as below:

Ubuntu 18.04
Kernel: 4.15.0-65-generic
Compiler: gcc gcc (Ubuntu 7.4.0-1ubuntu1~18.04.1) 7.4.0
NIC: Broadcom Inc. brcm_57414 25000 Mbps
Target: x86_64-native-linuxapp-gcc
Fail/Total: 0/2

Detail performance results: 
+------------+---------+-------------------------------------+
| frame_size | txd/rxd | throughput difference from expected |
+============+=========+=====================================+
| 64         | 512     | -0.017                              |
+------------+---------+-------------------------------------+
| 64         | 2048    | 0.050                               |
+------------+---------+-------------------------------------+

To view detailed results, visit:
https://lab.dpdk.org/results/dashboard/patchsets/15064/

UNH-IOL DPDK Community Lab

To manage your email subscriptions, visit: 
https://lab.dpdk.org/results/dashboard/preferences/subscriptions/

^ permalink raw reply	[flat|nested] 6+ messages in thread

* [dpdk-test-report] |SUCCESS| pw86191 [PATCH] net/ice: refactor PF RSS
@ 2021-01-11 15:53 dpdklab
  0 siblings, 0 replies; 6+ messages in thread
From: dpdklab @ 2021-01-11 15:53 UTC (permalink / raw)
  To: Ajit Khaparde, Test Report; +Cc: dpdk-test-reports

[-- Attachment #1: Type: text/plain, Size: 786 bytes --]

Test-Label: iol-broadcom-Functional
Test-Status: SUCCESS
http://dpdk.org/patch/86191

_Functional Testing PASS_

Submitter: Xuan Ding <xuan.ding@intel.com>
Date: Friday, January 08 2021 08:38:44 
DPDK git baseline: Repo:dpdk
  Branch: master
  CommitID:86d8b57e37eaea344870ffdf7dd6ead814204096

86191 --> functional testing pass

Test environment and result as below:

Ubuntu 18.04
Kernel: 4.15.0-65-generic
Compiler: gcc gcc (Ubuntu 7.4.0-1ubuntu1~18.04.1) 7.4.0
NIC: Broadcom Inc. brcm_57414 25000 Mbps
Target: x86_64-native-linuxapp-gcc
Fail/Total: 0/3


To view detailed results, visit:
https://lab.dpdk.org/results/dashboard/patchsets/15064/

UNH-IOL DPDK Community Lab

To manage your email subscriptions, visit: 
https://lab.dpdk.org/results/dashboard/preferences/subscriptions/

^ permalink raw reply	[flat|nested] 6+ messages in thread

* [dpdk-test-report] |SUCCESS| pw86191 [PATCH] net/ice: refactor PF RSS
@ 2021-01-09 12:44 dpdklab
  0 siblings, 0 replies; 6+ messages in thread
From: dpdklab @ 2021-01-09 12:44 UTC (permalink / raw)
  To: Test Report; +Cc: dpdk-test-reports

[-- Attachment #1: Type: text/plain, Size: 912 bytes --]

Test-Label: iol-abi-testing
Test-Status: SUCCESS
http://dpdk.org/patch/86191

_Testing PASS_

Submitter: Xuan Ding <xuan.ding@intel.com>
Date: Friday, January 08 2021 08:38:44 
DPDK git baseline: Repo:dpdk
  Branch: master
  CommitID:86d8b57e37eaea344870ffdf7dd6ead814204096

86191 --> testing pass

Test environment and result as below:

+------------------+----------+
|   Environment    | abi_test |
+==================+==========+
| Ubuntu 18.04     | PASS     |
+------------------+----------+
| Ubuntu 18.04 ARM | PASS     |
+------------------+----------+

Ubuntu 18.04
	Kernel: 4.15.0-generic
	Compiler: gcc 7.5

Ubuntu 18.04 ARM
	Kernel: 5.4.0-53-generic
	Compiler: gcc 9.3

To view detailed results, visit:
https://lab.dpdk.org/results/dashboard/patchsets/15064/

UNH-IOL DPDK Community Lab

To manage your email subscriptions, visit: 
https://lab.dpdk.org/results/dashboard/preferences/subscriptions/

^ permalink raw reply	[flat|nested] 6+ messages in thread

end of thread, other threads:[~2021-01-13 21:16 UTC | newest]

Thread overview: 6+ messages (download: mbox.gz / follow: Atom feed)
-- links below jump to the message on this page --
2021-01-13 21:16 [dpdk-test-report] |SUCCESS| pw86191 [PATCH] net/ice: refactor PF RSS dpdklab
  -- strict thread matches above, loose matches on Subject: below --
2021-01-11 19:10 dpdklab
2021-01-11 18:50 dpdklab
2021-01-11 15:59 dpdklab
2021-01-11 15:53 dpdklab
2021-01-09 12:44 dpdklab

automatic DPDK test reports

This inbox may be cloned and mirrored by anyone:

	git clone --mirror http://inbox.dpdk.org/test-report/0 test-report/git/0.git

	# If you have public-inbox 1.1+ installed, you may
	# initialize and index your mirror using the following commands:
	public-inbox-init -V2 test-report test-report/ http://inbox.dpdk.org/test-report \
		test-report@dpdk.org
	public-inbox-index test-report

Example config snippet for mirrors.
Newsgroup available over NNTP:
	nntp://inbox.dpdk.org/inbox.dpdk.test-report


AGPL code for this site: git clone https://public-inbox.org/public-inbox.git