* [dpdk-test-report] |FAILURE| pw86419-86429 [PATCH] [v16, 11/11] examples/l3fwd-power: enable PMD power mgmt
@ 2021-01-14 6:36 dpdklab
0 siblings, 0 replies; only message in thread
From: dpdklab @ 2021-01-14 6:36 UTC (permalink / raw)
To: Test Report; +Cc: dpdk-test-reports
[-- Attachment #1: Type: text/plain, Size: 4438 bytes --]
Test-Label: iol-testing
Test-Status: FAILURE
http://dpdk.org/patch/86429
_Testing issues_
Submitter: Burakov, Anatoly <anatoly.burakov@intel.com>
Date: Tuesday, January 12 2021 17:37:19
DPDK git baseline: Repo:dpdk
Branch: master
CommitID:b1fd151267e6791a7649090c185413293549d033
86419-86429 --> testing fail
Test environment and result as below:
+---------------------+----------------------+--------------------+-------------------+----------------+
| Environment | dpdk_mingw64_compile | dpdk_meson_compile | dpdk_compile_spdk | dpdk_unit_test |
+=====================+======================+====================+===================+================+
| Windows Server 2019 | PASS | PASS | SKIPPED | SKIPPED |
+---------------------+----------------------+--------------------+-------------------+----------------+
| Ubuntu 18.04 ARM | SKIPPED | FAIL | SKIPPED | SKIPPED |
+---------------------+----------------------+--------------------+-------------------+----------------+
| FreeBSD 11.2 | SKIPPED | PASS | SKIPPED | SKIPPED |
+---------------------+----------------------+--------------------+-------------------+----------------+
| CentOS 8 | SKIPPED | PASS | SKIPPED | SKIPPED |
+---------------------+----------------------+--------------------+-------------------+----------------+
| Fedora 31 | SKIPPED | PASS | FAIL | SKIPPED |
+---------------------+----------------------+--------------------+-------------------+----------------+
| openSUSE Leap 15 | SKIPPED | PASS | SKIPPED | SKIPPED |
+---------------------+----------------------+--------------------+-------------------+----------------+
| Ubuntu 18.04 | SKIPPED | PASS | FAIL | PASS |
+---------------------+----------------------+--------------------+-------------------+----------------+
| Arch Linux | SKIPPED | PASS | SKIPPED | SKIPPED |
+---------------------+----------------------+--------------------+-------------------+----------------+
==== 20 line log output for Ubuntu 18.04 (dpdk_compile_spdk): ====
rte_power_pmd_mgmt.c:(.text.experimental+0x1d0): undefined reference to `rte_eth_get_monitor_addr'
rte_power_pmd_mgmt.c:(.text.experimental+0x315): undefined reference to `rte_eth_add_rx_callback'
rte_power_pmd_mgmt.c:(.text.experimental+0x37a): undefined reference to `rte_eth_dev_logtype'
/dpdk/build/lib/librte_power.a(librte_power_rte_power_pmd_mgmt.c.o): In function `rte_power_pmd_mgmt_queue_disable':
rte_power_pmd_mgmt.c:(.text.experimental+0x43c): undefined reference to `rte_eth_dev_is_valid_port'
rte_power_pmd_mgmt.c:(.text.experimental+0x502): undefined reference to `rte_eth_remove_rx_callback'
rte_power_pmd_mgmt.c:(.text.experimental+0x550): undefined reference to `rte_eth_remove_rx_callback'
rte_power_pmd_mgmt.c:(.text.experimental+0x56d): undefined reference to `rte_eth_dev_logtype'
collect2: error: ld returned 1 exit status
/spdk/mk/spdk.app.mk:65: recipe for target 'iscsi_fuzz' failed
make[4]: *** [iscsi_fuzz] Error 1
/spdk/mk/spdk.subdirs.mk:44: recipe for target 'iscsi_fuzz' failed
make[3]: *** [iscsi_fuzz] Error 2
/spdk/mk/spdk.subdirs.mk:44: recipe for target 'fuzz' failed
make[2]: *** [fuzz] Error 2
/spdk/mk/spdk.subdirs.mk:44: recipe for target 'app' failed
make[1]: *** [app] Error 2
/spdk/mk/spdk.subdirs.mk:44: recipe for target 'test' failed
make: *** [test] Error 2
[2] Error running command.
==== End log output ====
Windows Server 2019
Kernel: 10.0
Compiler: clang 9.0
Ubuntu 18.04 ARM
Kernel: 5.4.0-53-generic
Compiler: gcc 9.3
FreeBSD 11.2
Kernel: 11.2
Compiler: gcc 8.3
CentOS 8
Kernel: 4.18.0.el8_0
Compiler: gcc 8.3.1
Fedora 31
Kernel: 5.3.16
Compiler: gcc 9.2.1
openSUSE Leap 15
Kernel: 4.12.14
Compiler: gcc 7.4.1
Ubuntu 18.04
Kernel: 4.15.0-generic
Compiler: gcc 7.5
Arch Linux
Kernel: latest
Compiler: gcc latest
To view detailed results, visit:
https://lab.dpdk.org/results/dashboard/patchsets/15128/
UNH-IOL DPDK Community Lab
To manage your email subscriptions, visit:
https://lab.dpdk.org/results/dashboard/preferences/subscriptions/
^ permalink raw reply [flat|nested] only message in thread
only message in thread, other threads:[~2021-01-14 6:36 UTC | newest]
Thread overview: (only message) (download: mbox.gz / follow: Atom feed)
-- links below jump to the message on this page --
2021-01-14 6:36 [dpdk-test-report] |FAILURE| pw86419-86429 [PATCH] [v16, 11/11] examples/l3fwd-power: enable PMD power mgmt dpdklab
This is a public inbox, see mirroring instructions
for how to clone and mirror all data and code used for this inbox;
as well as URLs for NNTP newsgroup(s).