automatic DPDK test reports
 help / color / mirror / Atom feed
From: dpdklab@iol.unh.edu
To: Test Report <test-report@dpdk.org>
Cc: dpdk-test-reports@iol.unh.edu
Subject: [dpdk-test-report] |FAILURE| pw86736 [PATCH] net/mlx5: example of modify field rte flow action
Date: Wed, 20 Jan 2021 23:17:41 -0500 (EST)
Message-ID: <20210121041741.EE93330685@noxus.dpdklab.iol.unh.edu> (raw)

[-- Attachment #1: Type: text/plain, Size: 4481 bytes --]

Test-Label: iol-testing
Test-Status: FAILURE
http://dpdk.org/patch/86736

_Testing issues_

Submitter: Alexander Kozyrev <akozyrev@nvidia.com>
Date: Monday, January 18 2021 06:08:34 
DPDK git baseline: Repo:dpdk
  Branch: master
  CommitID:e03d2c3c705e40281bda2f11a947f4d3d5e062e6

86736 --> testing fail

Test environment and result as below:

+---------------------+----------------------+--------------------+----------------+-------------------+
|     Environment     | dpdk_mingw64_compile | dpdk_meson_compile | dpdk_unit_test | dpdk_compile_spdk |
+=====================+======================+====================+================+===================+
| Windows Server 2019 | FAIL                 | FAIL               | SKIPPED        | SKIPPED           |
+---------------------+----------------------+--------------------+----------------+-------------------+
| CentOS 8            | SKIPPED              | FAIL               | SKIPPED        | SKIPPED           |
+---------------------+----------------------+--------------------+----------------+-------------------+
| FreeBSD 11.2        | SKIPPED              | PASS               | SKIPPED        | SKIPPED           |
+---------------------+----------------------+--------------------+----------------+-------------------+
| openSUSE Leap 15    | SKIPPED              | FAIL               | SKIPPED        | SKIPPED           |
+---------------------+----------------------+--------------------+----------------+-------------------+
| Arch Linux          | SKIPPED              | FAIL               | SKIPPED        | SKIPPED           |
+---------------------+----------------------+--------------------+----------------+-------------------+
| Fedora 31           | SKIPPED              | PASS               | SKIPPED        | PASS              |
+---------------------+----------------------+--------------------+----------------+-------------------+
| Ubuntu 18.04        | SKIPPED              | PASS               | PASS           | PASS              |
+---------------------+----------------------+--------------------+----------------+-------------------+
| Ubuntu 18.04 ARM    | SKIPPED              | FAIL               | SKIPPED        | SKIPPED           |
+---------------------+----------------------+--------------------+----------------+-------------------+

==== 20 line log output for Windows Server 2019 (dpdk_mingw64_compile): ====
{standard input}:3517: Error: invalid register for .seh_savexmm
{standard input}:3519: Error: invalid register for .seh_savexmm
{standard input}:3521: Error: invalid register for .seh_savexmm
{standard input}:4204: Error: invalid register for .seh_savexmm
{standard input}:4205: Error: invalid register for .seh_savexmm
{standard input}:4206: Error: invalid register for .seh_savexmm
{standard input}:4207: Error: invalid register for .seh_savexmm
{standard input}:4208: Error: invalid register for .seh_savexmm
{standard input}:4209: Error: invalid register for .seh_savexmm
{standard input}:4210: Error: invalid register for .seh_savexmm
{standard input}:4211: Error: invalid register for .seh_savexmm
{standard input}:4212: Error: invalid register for .seh_savexmm
{standard input}:4213: Error: invalid register for .seh_savexmm
{standard input}:4214: Error: invalid register for .seh_savexmm
[181/229] Generating rte_net_i40e_def with a custom command.
[182/229] Compiling C object drivers/a715181@@rte_net_i40e@sha/net_i40e_i40e_pf.c.obj.
[183/229] Compiling C object drivers/a715181@@rte_net_i40e@sha/net_i40e_i40e_ethdev_vf.c.obj.
[184/229] Compiling C object drivers/a715181@@rte_net_i40e@sha/net_i40e_i40e_fdir.c.obj.
[185/229] Compiling C object drivers/a715181@@rte_net_i40e@sha/net_i40e_i40e_rxtx.c.obj.
ninja: build stopped: subcommand failed.
==== End log output ====

Windows Server 2019
	Kernel: 10.0
	Compiler: clang 9.0 and gcc 8.1.0 (MinGW)

CentOS 8
	Kernel: 4.18.0.el8_0
	Compiler: gcc 8.3.1

FreeBSD 11.2
	Kernel: 11.2
	Compiler: gcc 8.3

openSUSE Leap 15
	Kernel: 4.12.14
	Compiler: gcc 7.4.1

Arch Linux
	Kernel: latest
	Compiler: gcc latest

Fedora 31
	Kernel: 5.3.16
	Compiler: gcc 9.2.1

Ubuntu 18.04
	Kernel: 4.15.0-generic
	Compiler: gcc 7.5

Ubuntu 18.04 ARM
	Kernel: 5.4.0-53-generic
	Compiler: gcc 9.3

To view detailed results, visit:
https://lab.dpdk.org/results/dashboard/patchsets/15241/

UNH-IOL DPDK Community Lab

To manage your email subscriptions, visit: 
https://lab.dpdk.org/results/dashboard/preferences/subscriptions/

             reply	other threads:[~2021-01-21  4:17 UTC|newest]

Thread overview: 3+ messages / expand[flat|nested]  mbox.gz  Atom feed  top
2021-01-21  4:17 dpdklab [this message]
  -- strict thread matches above, loose matches on Subject: below --
2021-01-21  4:42 dpdklab
2021-01-18  7:50 dpdklab

Reply instructions:

You may reply publicly to this message via plain-text email
using any one of the following methods:

* Save the following mbox file, import it into your mail client,
  and reply-to-all from there: mbox

  Avoid top-posting and favor interleaved quoting:
  https://en.wikipedia.org/wiki/Posting_style#Interleaved_style

* Reply using the --to, --cc, and --in-reply-to
  switches of git-send-email(1):

  git send-email \
    --in-reply-to=20210121041741.EE93330685@noxus.dpdklab.iol.unh.edu \
    --to=dpdklab@iol.unh.edu \
    --cc=dpdk-test-reports@iol.unh.edu \
    --cc=test-report@dpdk.org \
    /path/to/YOUR_REPLY

  https://kernel.org/pub/software/scm/git/docs/git-send-email.html

* If your mail client supports setting the In-Reply-To header
  via mailto: links, try the mailto: link

automatic DPDK test reports

This inbox may be cloned and mirrored by anyone:

	git clone --mirror http://inbox.dpdk.org/test-report/0 test-report/git/0.git

	# If you have public-inbox 1.1+ installed, you may
	# initialize and index your mirror using the following commands:
	public-inbox-init -V2 test-report test-report/ http://inbox.dpdk.org/test-report \
		test-report@dpdk.org
	public-inbox-index test-report

Example config snippet for mirrors.
Newsgroup available over NNTP:
	nntp://inbox.dpdk.org/inbox.dpdk.test-report


AGPL code for this site: git clone https://public-inbox.org/public-inbox.git