automatic DPDK test reports
 help / color / mirror / Atom feed
* [dpdk-test-report] |WARNING| pw87042 [PATCH v3] net/ice: drain out DCF AdminQ command queue
       [not found] <20210121173137.108599-1-haiyue.wang@intel.com>
@ 2021-01-21 17:48 ` checkpatch
  0 siblings, 0 replies; 2+ messages in thread
From: checkpatch @ 2021-01-21 17:48 UTC (permalink / raw)
  To: test-report; +Cc: Haiyue Wang

Test-Label: checkpatch
Test-Status: WARNING
http://dpdk.org/patch/87042

_coding style issues_


WARNING:TYPO_SPELLING: 'daa' may be misspelled - perhaps 'data'?
#73: 
Fixes: daa714d55c72 ("net/ice: handle AdminQ command by DCF")

total: 0 errors, 1 warnings, 0 checks, 10 lines checked

^ permalink raw reply	[flat|nested] 2+ messages in thread

* [dpdk-test-report] |WARNING| pw87042 [PATCH] [v3] net/ice: drain out DCF AdminQ command queue
@ 2021-01-29  9:15 dpdklab
  0 siblings, 0 replies; 2+ messages in thread
From: dpdklab @ 2021-01-29  9:15 UTC (permalink / raw)
  To: Test Report; +Cc: dpdk-test-reports

[-- Attachment #1: Type: text/plain, Size: 4513 bytes --]

Test-Label: iol-testing
Test-Status: WARNING
http://dpdk.org/patch/87042

_Testing issues_

Submitter: Haiyue Wang <haiyue.wang@intel.com>
Date: Thursday, January 21 2021 17:31:37 
DPDK git baseline: Repo:dpdk
  Branch: master
  CommitID:4080917cbcb8fb41bf6b3618039a72cee0b7525e

87042 --> testing fail

Test environment and result as below:

+---------------------+----------------------+--------------------+-------------------+----------------+
|     Environment     | dpdk_mingw64_compile | dpdk_meson_compile | dpdk_compile_spdk | dpdk_unit_test |
+=====================+======================+====================+===================+================+
| Windows Server 2019 | FAIL                 | PASS               | SKIPPED           | SKIPPED        |
+---------------------+----------------------+--------------------+-------------------+----------------+
| Ubuntu 18.04        | SKIPPED              | PASS               | PASS              | PASS           |
+---------------------+----------------------+--------------------+-------------------+----------------+
| FreeBSD 11.2        | SKIPPED              | PASS               | SKIPPED           | SKIPPED        |
+---------------------+----------------------+--------------------+-------------------+----------------+
| CentOS 8            | SKIPPED              | PASS               | SKIPPED           | SKIPPED        |
+---------------------+----------------------+--------------------+-------------------+----------------+
| openSUSE Leap 15    | SKIPPED              | PASS               | SKIPPED           | SKIPPED        |
+---------------------+----------------------+--------------------+-------------------+----------------+
| Arch Linux          | SKIPPED              | PASS               | SKIPPED           | SKIPPED        |
+---------------------+----------------------+--------------------+-------------------+----------------+
| Fedora 31           | SKIPPED              | PASS               | PASS              | SKIPPED        |
+---------------------+----------------------+--------------------+-------------------+----------------+
| Ubuntu 18.04 ARM    | SKIPPED              | PASS               | SKIPPED           | PASS           |
+---------------------+----------------------+--------------------+-------------------+----------------+

==== 20 line log output for Windows Server 2019 (dpdk_mingw64_compile): ====
{standard input}:3548: Error: invalid register for .seh_savexmm
{standard input}:4116: Error: invalid register for .seh_savexmm
{standard input}:4117: Error: invalid register for .seh_savexmm
{standard input}:4118: Error: invalid register for .seh_savexmm
{standard input}:4119: Error: invalid register for .seh_savexmm
{standard input}:4120: Error: invalid register for .seh_savexmm
{standard input}:4121: Error: invalid register for .seh_savexmm
{standard input}:4122: Error: invalid register for .seh_savexmm
{standard input}:4123: Error: invalid register for .seh_savexmm
{standard input}:4124: Error: invalid register for .seh_savexmm
{standard input}:4125: Error: invalid register for .seh_savexmm
{standard input}:4126: Error: invalid register for .seh_savexmm
{standard input}:4127: Error: invalid register for .seh_savexmm
{standard input}:4128: Error: invalid register for .seh_savexmm
[166/232] Compiling C object drivers/net/i40e/base/2660ee9@@i40e_base@sta/i40e_diag.c.obj.
[167/232] Compiling C object drivers/net/i40e/base/2660ee9@@i40e_base@sta/i40e_hmc.c.obj.
[168/232] Compiling C object drivers/net/i40e/base/2660ee9@@i40e_base@sta/i40e_common.c.obj.
[169/232] Compiling C object drivers/a715181@@rte_net_i40e@sta/net_i40e_i40e_rxtx.c.obj.
[170/232] Compiling C object drivers/a715181@@rte_net_i40e@sta/net_i40e_i40e_ethdev.c.obj.
ninja: build stopped: subcommand failed.
==== End log output ====

Windows Server 2019
	Kernel: 10.0
	Compiler: clang 9.0 and gcc 8.1.0 (MinGW)

Ubuntu 18.04
	Kernel: 4.15.0-generic
	Compiler: gcc 7.5

FreeBSD 11.2
	Kernel: 11.2
	Compiler: gcc 8.3

CentOS 8
	Kernel: 4.18.0.el8_0
	Compiler: gcc 8.3.1

openSUSE Leap 15
	Kernel: 4.12.14
	Compiler: gcc 7.4.1

Arch Linux
	Kernel: latest
	Compiler: gcc latest

Fedora 31
	Kernel: 5.3.16
	Compiler: gcc 9.2.1

Ubuntu 18.04 ARM
	Kernel: 5.4.0-53-generic
	Compiler: gcc 9.3

To view detailed results, visit:
https://lab.dpdk.org/results/dashboard/patchsets/15324/

UNH-IOL DPDK Community Lab

To manage your email subscriptions, visit: 
https://lab.dpdk.org/results/dashboard/preferences/subscriptions/

^ permalink raw reply	[flat|nested] 2+ messages in thread

end of thread, other threads:[~2021-01-29  9:15 UTC | newest]

Thread overview: 2+ messages (download: mbox.gz / follow: Atom feed)
-- links below jump to the message on this page --
     [not found] <20210121173137.108599-1-haiyue.wang@intel.com>
2021-01-21 17:48 ` [dpdk-test-report] |WARNING| pw87042 [PATCH v3] net/ice: drain out DCF AdminQ command queue checkpatch
2021-01-29  9:15 [dpdk-test-report] |WARNING| pw87042 [PATCH] [v3] " dpdklab

automatic DPDK test reports

This inbox may be cloned and mirrored by anyone:

	git clone --mirror http://inbox.dpdk.org/test-report/0 test-report/git/0.git

	# If you have public-inbox 1.1+ installed, you may
	# initialize and index your mirror using the following commands:
	public-inbox-init -V2 test-report test-report/ http://inbox.dpdk.org/test-report \
		test-report@dpdk.org
	public-inbox-index test-report

Example config snippet for mirrors.
Newsgroup available over NNTP:
	nntp://inbox.dpdk.org/inbox.dpdk.test-report


AGPL code for this site: git clone https://public-inbox.org/public-inbox.git