From: dpdklab@iol.unh.edu
To: Test Report <test-report@dpdk.org>
Cc: dpdk-test-reports@iol.unh.edu
Subject: [dpdk-test-report] |FAILURE| pw87462 [PATCH] [v3] net/mlx5: support modify field rte flow action
Date: Sun, 31 Jan 2021 11:27:45 -0500 (EST) [thread overview]
Message-ID: <20210131162745.B5C2830686@noxus.dpdklab.iol.unh.edu> (raw)
[-- Attachment #1: Type: text/plain, Size: 4383 bytes --]
Test-Label: iol-testing
Test-Status: FAILURE
http://dpdk.org/patch/87462
_Testing issues_
Submitter: Alexander Kozyrev <akozyrev@nvidia.com>
Date: Thursday, January 28 2021 08:00:14
DPDK git baseline: Repo:dpdk
Branch: master
CommitID:7ac31e82bc8fdefbfef348a7f5cc59288a87f4e6
87462 --> testing fail
Test environment and result as below:
+---------------------+----------------------+----------------+--------------------+-------------------+
| Environment | dpdk_mingw64_compile | dpdk_unit_test | dpdk_meson_compile | dpdk_compile_spdk |
+=====================+======================+================+====================+===================+
| Windows Server 2019 | FAIL | SKIPPED | FAIL | SKIPPED |
+---------------------+----------------------+----------------+--------------------+-------------------+
| Ubuntu 18.04 | SKIPPED | FAIL | PASS | PASS |
+---------------------+----------------------+----------------+--------------------+-------------------+
| FreeBSD 11.2 | SKIPPED | SKIPPED | FAIL | SKIPPED |
+---------------------+----------------------+----------------+--------------------+-------------------+
| Ubuntu 18.04 ARM | SKIPPED | SKIPPED | FAIL | SKIPPED |
+---------------------+----------------------+----------------+--------------------+-------------------+
| CentOS 8 | SKIPPED | SKIPPED | FAIL | SKIPPED |
+---------------------+----------------------+----------------+--------------------+-------------------+
| openSUSE Leap 15 | SKIPPED | SKIPPED | FAIL | SKIPPED |
+---------------------+----------------------+----------------+--------------------+-------------------+
| Arch Linux | SKIPPED | SKIPPED | FAIL | SKIPPED |
+---------------------+----------------------+----------------+--------------------+-------------------+
| Fedora 31 | SKIPPED | SKIPPED | PASS | PASS |
+---------------------+----------------------+----------------+--------------------+-------------------+
==== 20 line log output for Windows Server 2019 (dpdk_mingw64_compile): ====
{standard input}:3507: Error: invalid register for .seh_savexmm
{standard input}:3509: Error: invalid register for .seh_savexmm
{standard input}:3511: Error: invalid register for .seh_savexmm
{standard input}:3513: Error: invalid register for .seh_savexmm
{standard input}:3515: Error: invalid register for .seh_savexmm
{standard input}:3517: Error: invalid register for .seh_savexmm
{standard input}:3519: Error: invalid register for .seh_savexmm
{standard input}:3521: Error: invalid register for .seh_savexmm
{standard input}:4204: Error: invalid register for .seh_savexmm
{standard input}:4205: Error: invalid register for .seh_savexmm
{standard input}:4206: Error: invalid register for .seh_savexmm
{standard input}:4207: Error: invalid register for .seh_savexmm
{standard input}:4208: Error: invalid register for .seh_savexmm
{standard input}:4209: Error: invalid register for .seh_savexmm
{standard input}:4210: Error: invalid register for .seh_savexmm
{standard input}:4211: Error: invalid register for .seh_savexmm
{standard input}:4212: Error: invalid register for .seh_savexmm
{standard input}:4213: Error: invalid register for .seh_savexmm
{standard input}:4214: Error: invalid register for .seh_savexmm
ninja: build stopped: subcommand failed.
==== End log output ====
Windows Server 2019
Kernel: 10.0
Compiler: clang 9.0 and gcc 8.1.0 (MinGW)
Ubuntu 18.04
Kernel: 4.15.0-generic
Compiler: gcc 7.5
FreeBSD 11.2
Kernel: 11.2
Compiler: gcc 8.3
Ubuntu 18.04 ARM
Kernel: 5.4.0-53-generic
Compiler: gcc 9.3
CentOS 8
Kernel: 4.18.0.el8_0
Compiler: gcc 8.3.1
openSUSE Leap 15
Kernel: 4.12.14
Compiler: gcc 7.4.1
Arch Linux
Kernel: latest
Compiler: gcc latest
Fedora 31
Kernel: 5.3.16
Compiler: gcc 9.2.1
To view detailed results, visit:
https://lab.dpdk.org/results/dashboard/patchsets/15409/
UNH-IOL DPDK Community Lab
To manage your email subscriptions, visit:
https://lab.dpdk.org/results/dashboard/preferences/subscriptions/
reply other threads:[~2021-01-31 16:27 UTC|newest]
Thread overview: [no followups] expand[flat|nested] mbox.gz Atom feed
Reply instructions:
You may reply publicly to this message via plain-text email
using any one of the following methods:
* Save the following mbox file, import it into your mail client,
and reply-to-all from there: mbox
Avoid top-posting and favor interleaved quoting:
https://en.wikipedia.org/wiki/Posting_style#Interleaved_style
* Reply using the --to, --cc, and --in-reply-to
switches of git-send-email(1):
git send-email \
--in-reply-to=20210131162745.B5C2830686@noxus.dpdklab.iol.unh.edu \
--to=dpdklab@iol.unh.edu \
--cc=dpdk-test-reports@iol.unh.edu \
--cc=test-report@dpdk.org \
/path/to/YOUR_REPLY
https://kernel.org/pub/software/scm/git/docs/git-send-email.html
* If your mail client supports setting the In-Reply-To header
via mailto: links, try the mailto: link
Be sure your reply has a Subject: header at the top and a blank line
before the message body.
This is a public inbox, see mirroring instructions
for how to clone and mirror all data and code used for this inbox;
as well as URLs for NNTP newsgroup(s).