* [dpdk-test-report] |FAILURE| [GIT MASTER] 3ac96cf35b2d5ed562af9c5c7bb6f6155e11ed71
@ 2021-02-03 9:56 dpdklab
0 siblings, 0 replies; 2+ messages in thread
From: dpdklab @ 2021-02-03 9:56 UTC (permalink / raw)
To: Test Report; +Cc: dpdk-test-reports
[-- Attachment #1: Type: text/plain, Size: 4180 bytes --]
_Testing issues_
Branch: dpdk-next-net-intel
3ac96cf35b2d5ed562af9c5c7bb6f6155e11ed71 --> testing fail
Test environment and result as below:
+---------------------+----------------------+----------------+--------------------+-------------------+
| Environment | dpdk_mingw64_compile | dpdk_unit_test | dpdk_meson_compile | dpdk_compile_spdk |
+=====================+======================+================+====================+===================+
| Windows Server 2019 | FAIL | SKIPPED | FAIL | SKIPPED |
+---------------------+----------------------+----------------+--------------------+-------------------+
| Ubuntu 18.04 | SKIPPED | PASS | PASS | PASS |
+---------------------+----------------------+----------------+--------------------+-------------------+
| Ubuntu 18.04 ARM | SKIPPED | PASS | PASS | SKIPPED |
+---------------------+----------------------+----------------+--------------------+-------------------+
| FreeBSD 11.2 | SKIPPED | SKIPPED | PASS | SKIPPED |
+---------------------+----------------------+----------------+--------------------+-------------------+
| CentOS 8 | SKIPPED | SKIPPED | PASS | SKIPPED |
+---------------------+----------------------+----------------+--------------------+-------------------+
| openSUSE Leap 15 | SKIPPED | SKIPPED | PASS | SKIPPED |
+---------------------+----------------------+----------------+--------------------+-------------------+
| Arch Linux | SKIPPED | SKIPPED | PASS | SKIPPED |
+---------------------+----------------------+----------------+--------------------+-------------------+
| Fedora 31 | SKIPPED | SKIPPED | PASS | PASS |
+---------------------+----------------------+----------------+--------------------+-------------------+
==== 20 line log output for Windows Server 2019 (dpdk_mingw64_compile): ====
{standard input}:1605: Error: invalid register for .seh_savexmm
{standard input}:1665: Error: invalid register for .seh_savexmm
{standard input}:1667: Error: invalid register for .seh_savexmm
{standard input}:1669: Error: invalid register for .seh_savexmm
{standard input}:1671: Error: invalid register for .seh_savexmm
{standard input}:1673: Error: invalid register for .seh_savexmm
{standard input}:1675: Error: invalid register for .seh_savexmm
{standard input}:1677: Error: invalid register for .seh_savexmm
{standard input}:1679: Error: invalid register for .seh_savexmm
{standard input}:1681: Error: invalid register for .seh_savexmm
{standard input}:2257: Error: invalid register for .seh_savexmm
{standard input}:2258: Error: invalid register for .seh_savexmm
{standard input}:2259: Error: invalid register for .seh_savexmm
{standard input}:2260: Error: invalid register for .seh_savexmm
{standard input}:2261: Error: invalid register for .seh_savexmm
{standard input}:2262: Error: invalid register for .seh_savexmm
{standard input}:2263: Error: invalid register for .seh_savexmm
{standard input}:2264: Error: invalid register for .seh_savexmm
{standard input}:2265: Error: invalid register for .seh_savexmm
ninja: build stopped: subcommand failed.
==== End log output ====
Windows Server 2019
Kernel: 10.0
Compiler: clang 9.0 and gcc 8.1.0 (MinGW)
Ubuntu 18.04
Kernel: 4.15.0-generic
Compiler: gcc 7.5
Ubuntu 18.04 ARM
Kernel: 5.4.0-53-generic
Compiler: gcc 9.3
FreeBSD 11.2
Kernel: 11.2
Compiler: gcc 8.3
CentOS 8
Kernel: 4.18.0.el8_0
Compiler: gcc 8.3.1
openSUSE Leap 15
Kernel: 4.12.14
Compiler: gcc 7.4.1
Arch Linux
Kernel: latest
Compiler: gcc latest
Fedora 31
Kernel: 5.3.16
Compiler: gcc 9.2.1
To view detailed results, visit:
https://lab.dpdk.org/results/dashboard/tarballs/13620/
UNH-IOL DPDK Community Lab
To manage your email subscriptions, visit:
https://lab.dpdk.org/results/dashboard/preferences/subscriptions/
^ permalink raw reply [flat|nested] 2+ messages in thread
* [dpdk-test-report] |FAILURE| [GIT MASTER] 3ac96cf35b2d5ed562af9c5c7bb6f6155e11ed71
@ 2021-02-01 9:03 dpdklab
0 siblings, 0 replies; 2+ messages in thread
From: dpdklab @ 2021-02-01 9:03 UTC (permalink / raw)
To: Test Report; +Cc: dpdk-test-reports
[-- Attachment #1: Type: text/plain, Size: 4180 bytes --]
_Testing issues_
Branch: dpdk-next-net-intel
3ac96cf35b2d5ed562af9c5c7bb6f6155e11ed71 --> testing fail
Test environment and result as below:
+---------------------+----------------------+----------------+--------------------+-------------------+
| Environment | dpdk_mingw64_compile | dpdk_unit_test | dpdk_meson_compile | dpdk_compile_spdk |
+=====================+======================+================+====================+===================+
| Windows Server 2019 | FAIL | SKIPPED | FAIL | SKIPPED |
+---------------------+----------------------+----------------+--------------------+-------------------+
| Ubuntu 18.04 | SKIPPED | FAIL | PASS | PASS |
+---------------------+----------------------+----------------+--------------------+-------------------+
| Ubuntu 18.04 ARM | SKIPPED | PASS | PASS | SKIPPED |
+---------------------+----------------------+----------------+--------------------+-------------------+
| FreeBSD 11.2 | SKIPPED | SKIPPED | FAIL | SKIPPED |
+---------------------+----------------------+----------------+--------------------+-------------------+
| CentOS 8 | SKIPPED | SKIPPED | PASS | SKIPPED |
+---------------------+----------------------+----------------+--------------------+-------------------+
| openSUSE Leap 15 | SKIPPED | SKIPPED | PASS | SKIPPED |
+---------------------+----------------------+----------------+--------------------+-------------------+
| Arch Linux | SKIPPED | SKIPPED | PASS | SKIPPED |
+---------------------+----------------------+----------------+--------------------+-------------------+
| Fedora 31 | SKIPPED | SKIPPED | PASS | PASS |
+---------------------+----------------------+----------------+--------------------+-------------------+
==== 20 line log output for Windows Server 2019 (dpdk_mingw64_compile): ====
{standard input}:1605: Error: invalid register for .seh_savexmm
{standard input}:1665: Error: invalid register for .seh_savexmm
{standard input}:1667: Error: invalid register for .seh_savexmm
{standard input}:1669: Error: invalid register for .seh_savexmm
{standard input}:1671: Error: invalid register for .seh_savexmm
{standard input}:1673: Error: invalid register for .seh_savexmm
{standard input}:1675: Error: invalid register for .seh_savexmm
{standard input}:1677: Error: invalid register for .seh_savexmm
{standard input}:1679: Error: invalid register for .seh_savexmm
{standard input}:1681: Error: invalid register for .seh_savexmm
{standard input}:2257: Error: invalid register for .seh_savexmm
{standard input}:2258: Error: invalid register for .seh_savexmm
{standard input}:2259: Error: invalid register for .seh_savexmm
{standard input}:2260: Error: invalid register for .seh_savexmm
{standard input}:2261: Error: invalid register for .seh_savexmm
{standard input}:2262: Error: invalid register for .seh_savexmm
{standard input}:2263: Error: invalid register for .seh_savexmm
{standard input}:2264: Error: invalid register for .seh_savexmm
{standard input}:2265: Error: invalid register for .seh_savexmm
ninja: build stopped: subcommand failed.
==== End log output ====
Windows Server 2019
Kernel: 10.0
Compiler: clang 9.0 and gcc 8.1.0 (MinGW)
Ubuntu 18.04
Kernel: 4.15.0-generic
Compiler: gcc 7.5
Ubuntu 18.04 ARM
Kernel: 5.4.0-53-generic
Compiler: gcc 9.3
FreeBSD 11.2
Kernel: 11.2
Compiler: gcc 8.3
CentOS 8
Kernel: 4.18.0.el8_0
Compiler: gcc 8.3.1
openSUSE Leap 15
Kernel: 4.12.14
Compiler: gcc 7.4.1
Arch Linux
Kernel: latest
Compiler: gcc latest
Fedora 31
Kernel: 5.3.16
Compiler: gcc 9.2.1
To view detailed results, visit:
https://lab.dpdk.org/results/dashboard/tarballs/13620/
UNH-IOL DPDK Community Lab
To manage your email subscriptions, visit:
https://lab.dpdk.org/results/dashboard/preferences/subscriptions/
^ permalink raw reply [flat|nested] 2+ messages in thread
end of thread, other threads:[~2021-02-03 9:56 UTC | newest]
Thread overview: 2+ messages (download: mbox.gz / follow: Atom feed)
-- links below jump to the message on this page --
2021-02-03 9:56 [dpdk-test-report] |FAILURE| [GIT MASTER] 3ac96cf35b2d5ed562af9c5c7bb6f6155e11ed71 dpdklab
-- strict thread matches above, loose matches on Subject: below --
2021-02-01 9:03 dpdklab
This is a public inbox, see mirroring instructions
for how to clone and mirror all data and code used for this inbox;
as well as URLs for NNTP newsgroup(s).