* [dpdk-test-report] |WARNING| pw87701 [PATCH] event/dlb: fix bug accessing unitialized variable
[not found] <1612371394-21844-1-git-send-email-timothy.mcdaniel@intel.com>
@ 2021-02-03 16:57 ` checkpatch
2021-02-03 21:41 ` [dpdk-test-report] || pw87701 " 0-day Robot
1 sibling, 0 replies; 3+ messages in thread
From: checkpatch @ 2021-02-03 16:57 UTC (permalink / raw)
To: test-report; +Cc: Timothy McDaniel
Test-Label: checkpatch
Test-Status: WARNING
http://dpdk.org/patch/87701
_coding style issues_
WARNING:TYPO_SPELLING: 'unitialized' may be misspelled - perhaps 'uninitialized'?
#41:
Subject: [dpdk-dev] [PATCH] event/dlb: fix bug accessing unitialized variable
total: 0 errors, 1 warnings, 8 lines checked
^ permalink raw reply [flat|nested] 3+ messages in thread
* [dpdk-test-report] || pw87701 event/dlb: fix bug accessing unitialized variable
[not found] <1612371394-21844-1-git-send-email-timothy.mcdaniel@intel.com>
2021-02-03 16:57 ` [dpdk-test-report] |WARNING| pw87701 [PATCH] event/dlb: fix bug accessing unitialized variable checkpatch
@ 2021-02-03 21:41 ` 0-day Robot
1 sibling, 0 replies; 3+ messages in thread
From: 0-day Robot @ 2021-02-03 21:41 UTC (permalink / raw)
To: test-report; +Cc: timothy.mcdaniel, robot
From: robot@bytheb.org
Test-Label: travis-robot
Test-Status:
http://dpdk.org/patch/87701
_Travis build: errored_
Build URL: https://travis-ci.com/ovsrobot/dpdk/builds/215965179
^ permalink raw reply [flat|nested] 3+ messages in thread
* [dpdk-test-report] |WARNING| pw87701 [PATCH] event/dlb: fix bug accessing unitialized variable
@ 2021-02-04 10:32 dpdklab
0 siblings, 0 replies; 3+ messages in thread
From: dpdklab @ 2021-02-04 10:32 UTC (permalink / raw)
To: Test Report; +Cc: dpdk-test-reports
[-- Attachment #1: Type: text/plain, Size: 4520 bytes --]
Test-Label: iol-testing
Test-Status: WARNING
http://dpdk.org/patch/87701
_Testing issues_
Submitter: Timothy McDaniel <timothy.mcdaniel@intel.com>
Date: Wednesday, February 03 2021 16:56:34
DPDK git baseline: Repo:dpdk
Branch: master
CommitID:9186e5a07f35ae74a1f7fa2d89671b5f77eae407
87701 --> testing fail
Test environment and result as below:
+---------------------+----------------------+--------------------+----------------+-------------------+
| Environment | dpdk_mingw64_compile | dpdk_meson_compile | dpdk_unit_test | dpdk_compile_spdk |
+=====================+======================+====================+================+===================+
| Windows Server 2019 | FAIL | PASS | SKIPPED | SKIPPED |
+---------------------+----------------------+--------------------+----------------+-------------------+
| FreeBSD 11.2 | SKIPPED | PASS | SKIPPED | SKIPPED |
+---------------------+----------------------+--------------------+----------------+-------------------+
| Ubuntu 18.04 | SKIPPED | PASS | PASS | FAIL |
+---------------------+----------------------+--------------------+----------------+-------------------+
| CentOS 8 | SKIPPED | PASS | SKIPPED | SKIPPED |
+---------------------+----------------------+--------------------+----------------+-------------------+
| openSUSE Leap 15 | SKIPPED | PASS | SKIPPED | SKIPPED |
+---------------------+----------------------+--------------------+----------------+-------------------+
| Arch Linux | SKIPPED | PASS | SKIPPED | SKIPPED |
+---------------------+----------------------+--------------------+----------------+-------------------+
| Fedora 31 | SKIPPED | PASS | SKIPPED | FAIL |
+---------------------+----------------------+--------------------+----------------+-------------------+
| Ubuntu 18.04 ARM | SKIPPED | PASS | PASS | SKIPPED |
+---------------------+----------------------+--------------------+----------------+-------------------+
==== 20 line log output for Windows Server 2019 (dpdk_mingw64_compile): ====
{standard input}:3548: Error: invalid register for .seh_savexmm
{standard input}:4116: Error: invalid register for .seh_savexmm
{standard input}:4117: Error: invalid register for .seh_savexmm
{standard input}:4118: Error: invalid register for .seh_savexmm
{standard input}:4119: Error: invalid register for .seh_savexmm
{standard input}:4120: Error: invalid register for .seh_savexmm
{standard input}:4121: Error: invalid register for .seh_savexmm
{standard input}:4122: Error: invalid register for .seh_savexmm
{standard input}:4123: Error: invalid register for .seh_savexmm
{standard input}:4124: Error: invalid register for .seh_savexmm
{standard input}:4125: Error: invalid register for .seh_savexmm
{standard input}:4126: Error: invalid register for .seh_savexmm
{standard input}:4127: Error: invalid register for .seh_savexmm
{standard input}:4128: Error: invalid register for .seh_savexmm
[177/229] Compiling C object drivers/a715181@@tmp_rte_net_i40e@sta/net_i40e_i40e_ethdev_vf.c.obj.
[178/229] Linking static target drivers/net/i40e/base/libi40e_base.a.
[179/229] Compiling C object drivers/a715181@@tmp_rte_net_i40e@sta/net_i40e_i40e_rxtx.c.obj.
[180/229] Compiling C object drivers/a715181@@tmp_rte_net_i40e@sta/net_i40e_i40e_fdir.c.obj.
[181/229] Compiling C object drivers/a715181@@tmp_rte_net_i40e@sta/net_i40e_i40e_ethdev.c.obj.
ninja: build stopped: subcommand failed.
==== End log output ====
Windows Server 2019
Kernel: 10.0
Compiler: clang 9.0 and gcc 8.1.0 (MinGW)
FreeBSD 11.2
Kernel: 11.2
Compiler: gcc 8.3
Ubuntu 18.04
Kernel: 4.15.0-generic
Compiler: gcc 7.5
CentOS 8
Kernel: 4.18.0.el8_0
Compiler: gcc 8.3.1
openSUSE Leap 15
Kernel: 4.12.14
Compiler: gcc 7.4.1
Arch Linux
Kernel: latest
Compiler: gcc latest
Fedora 31
Kernel: 5.3.16
Compiler: gcc 9.2.1
Ubuntu 18.04 ARM
Kernel: 5.4.0-53-generic
Compiler: gcc 9.3
To view detailed results, visit:
https://lab.dpdk.org/results/dashboard/patchsets/15515/
UNH-IOL DPDK Community Lab
To manage your email subscriptions, visit:
https://lab.dpdk.org/results/dashboard/preferences/subscriptions/
^ permalink raw reply [flat|nested] 3+ messages in thread
end of thread, other threads:[~2021-02-04 10:32 UTC | newest]
Thread overview: 3+ messages (download: mbox.gz / follow: Atom feed)
-- links below jump to the message on this page --
[not found] <1612371394-21844-1-git-send-email-timothy.mcdaniel@intel.com>
2021-02-03 16:57 ` [dpdk-test-report] |WARNING| pw87701 [PATCH] event/dlb: fix bug accessing unitialized variable checkpatch
2021-02-03 21:41 ` [dpdk-test-report] || pw87701 " 0-day Robot
2021-02-04 10:32 [dpdk-test-report] |WARNING| pw87701 [PATCH] " dpdklab
This is a public inbox, see mirroring instructions
for how to clone and mirror all data and code used for this inbox;
as well as URLs for NNTP newsgroup(s).