* [dpdk-test-report] |WARNING| pw88057-88058 [PATCH] [2/2] qede: make driver accept bigger rss tables
@ 2021-02-21 13:00 dpdklab
0 siblings, 0 replies; only message in thread
From: dpdklab @ 2021-02-21 13:00 UTC (permalink / raw)
To: Test Report; +Cc: dpdk-test-reports
[-- Attachment #1: Type: text/plain, Size: 1908 bytes --]
Test-Label: iol-abi-testing
Test-Status: WARNING
http://dpdk.org/patch/88058
_Testing issues_
Submitter: Igor Russkikh <irusskikh@marvell.com>
Date: Sunday, February 21 2021 11:16:37
DPDK git baseline: Repo:dpdk
Branch: master
CommitID:442155f70c6bbdf59aa1f7b4d8039b5140f62927
88057-88058 --> testing fail
Test environment and result as below:
+------------------+----------+
| Environment | abi_test |
+==================+==========+
| Ubuntu 18.04 | FAIL |
+------------------+----------+
| Ubuntu 18.04 ARM | PASS |
+------------------+----------+
==== 20 line log output for Ubuntu 18.04 (abi_test): ====
File "/usr/local/lib/python3.6/dist-packages/mesonbuild/minstall.py", line 349, in do_install
print('Nothing to install.')
File "/usr/local/lib/python3.6/dist-packages/mesonbuild/minstall.py", line 71, in __exit__
append_to_log(self.lf, d)
File "/usr/local/lib/python3.6/dist-packages/mesonbuild/minstall.py", line 81, in append_to_log
lf.flush()
OSError: [Errno 28] No space left on device
During handling of the above exception, another exception occurred:
OSError: [Errno 28] No space left on device
During handling of the above exception, another exception occurred:
Traceback (most recent call last):
File "/usr/local/lib/python3.6/dist-packages/mesonbuild/mesonmain.py", line 129, in run
return options.run_func(options)
File "/usr/local/lib/python3.6/dist-packages/mesonbuild/minstall.py", line 514, in run
installer.do_install(datafilename)
OSError: [Errno 28] No space left on device
==== End log output ====
Ubuntu 18.04
Kernel: 4.15.0-generic
Compiler: gcc 7.5
Ubuntu 18.04 ARM
Kernel: 5.4.0-53-generic
Compiler: gcc 9.3
To view detailed results, visit:
https://lab.dpdk.org/results/dashboard/patchsets/15675/
UNH-IOL DPDK Community Lab
To manage your email subscriptions, visit:
https://lab.dpdk.org/results/dashboard/preferences/subscriptions/
^ permalink raw reply [flat|nested] only message in thread
only message in thread, other threads:[~2021-02-21 13:00 UTC | newest]
Thread overview: (only message) (download: mbox.gz / follow: Atom feed)
-- links below jump to the message on this page --
2021-02-21 13:00 [dpdk-test-report] |WARNING| pw88057-88058 [PATCH] [2/2] qede: make driver accept bigger rss tables dpdklab
This is a public inbox, see mirroring instructions
for how to clone and mirror all data and code used for this inbox;
as well as URLs for NNTP newsgroup(s).