* [dpdk-test-report] |SUCCESS| pw88084 [PATCH] net/mlx5: fix hashed list size for tunnel flow groups
[not found] <20210222155640.35011-1-viacheslavo@nvidia.com>
@ 2021-02-22 15:58 ` checkpatch
2021-02-22 18:00 ` [dpdk-test-report] |FAILURE| pw88084 " 0-day Robot
2021-02-22 18:01 ` [dpdk-test-report] |SUCCESS| pw88084 [dpdk-dev] [PATCH] " 0-day Robot
2 siblings, 0 replies; 10+ messages in thread
From: checkpatch @ 2021-02-22 15:58 UTC (permalink / raw)
To: test-report
Test-Label: checkpatch
Test-Status: SUCCESS
http://dpdk.org/patch/88084
_coding style OK_
^ permalink raw reply [flat|nested] 10+ messages in thread
* [dpdk-test-report] |FAILURE| pw88084 net/mlx5: fix hashed list size for tunnel flow groups
[not found] <20210222155640.35011-1-viacheslavo@nvidia.com>
2021-02-22 15:58 ` [dpdk-test-report] |SUCCESS| pw88084 [PATCH] net/mlx5: fix hashed list size for tunnel flow groups checkpatch
@ 2021-02-22 18:00 ` 0-day Robot
2021-02-22 18:01 ` [dpdk-test-report] |SUCCESS| pw88084 [dpdk-dev] [PATCH] " 0-day Robot
2 siblings, 0 replies; 10+ messages in thread
From: 0-day Robot @ 2021-02-22 18:00 UTC (permalink / raw)
To: test-report; +Cc: viacheslavo, robot
From: robot@bytheb.org
Test-Label: travis-robot
Test-Status: FAILURE
http://dpdk.org/project/dpdk/patch/20210222155640.35011-1-viacheslavo@nvidia.com
_travis build: failed_
Build URL: https://travis-ci.com/ovsrobot/dpdk/builds/217850277
^ permalink raw reply [flat|nested] 10+ messages in thread
* [dpdk-test-report] |SUCCESS| pw88084 [dpdk-dev] [PATCH] net/mlx5: fix hashed list size for tunnel flow groups
[not found] <20210222155640.35011-1-viacheslavo@nvidia.com>
2021-02-22 15:58 ` [dpdk-test-report] |SUCCESS| pw88084 [PATCH] net/mlx5: fix hashed list size for tunnel flow groups checkpatch
2021-02-22 18:00 ` [dpdk-test-report] |FAILURE| pw88084 " 0-day Robot
@ 2021-02-22 18:01 ` 0-day Robot
2 siblings, 0 replies; 10+ messages in thread
From: 0-day Robot @ 2021-02-22 18:01 UTC (permalink / raw)
To: test-report; +Cc: robot
From: robot@bytheb.org
Test-Label: github-robot
Test-Status: SUCCESS
http://dpdk.org/project/dpdk/patch/20210222155640.35011-1-viacheslavo@nvidia.com
_github build: passed_
Build URL: https://github.com/ovsrobot/dpdk/actions/runs/589866474
^ permalink raw reply [flat|nested] 10+ messages in thread
* [dpdk-test-report] |SUCCESS| pw88084 [PATCH] net/mlx5: fix hashed list size for tunnel flow groups
@ 2021-02-23 1:20 dpdklab
0 siblings, 0 replies; 10+ messages in thread
From: dpdklab @ 2021-02-23 1:20 UTC (permalink / raw)
To: Test Report; +Cc: dpdk-test-reports
[-- Attachment #1: Type: text/plain, Size: 928 bytes --]
Test-Label: iol-abi-testing
Test-Status: SUCCESS
http://dpdk.org/patch/88084
_Testing PASS_
Submitter: Viacheslav Ovsiienko <viacheslavo@nvidia.com>
Date: Monday, February 22 2021 15:56:40
DPDK git baseline: Repo:dpdk
Branch: master
CommitID:442155f70c6bbdf59aa1f7b4d8039b5140f62927
88084 --> testing pass
Test environment and result as below:
+------------------+----------+
| Environment | abi_test |
+==================+==========+
| Ubuntu 18.04 | PASS |
+------------------+----------+
| Ubuntu 18.04 ARM | PASS |
+------------------+----------+
Ubuntu 18.04
Kernel: 4.15.0-generic
Compiler: gcc 7.5
Ubuntu 18.04 ARM
Kernel: 5.4.0-53-generic
Compiler: gcc 9.3
To view detailed results, visit:
https://lab.dpdk.org/results/dashboard/patchsets/15681/
UNH-IOL DPDK Community Lab
To manage your email subscriptions, visit:
https://lab.dpdk.org/results/dashboard/preferences/subscriptions/
^ permalink raw reply [flat|nested] 10+ messages in thread
* [dpdk-test-report] |SUCCESS| pw88084 [PATCH] net/mlx5: fix hashed list size for tunnel flow groups
@ 2021-02-23 1:20 dpdklab
0 siblings, 0 replies; 10+ messages in thread
From: dpdklab @ 2021-02-23 1:20 UTC (permalink / raw)
To: Test Report; +Cc: dpdk-test-reports
[-- Attachment #1: Type: text/plain, Size: 3027 bytes --]
Test-Label: iol-testing
Test-Status: SUCCESS
http://dpdk.org/patch/88084
_Testing PASS_
Submitter: Viacheslav Ovsiienko <viacheslavo@nvidia.com>
Date: Monday, February 22 2021 15:56:40
DPDK git baseline: Repo:dpdk
Branch: master
CommitID:442155f70c6bbdf59aa1f7b4d8039b5140f62927
88084 --> testing pass
Test environment and result as below:
+---------------------+----------------------+--------------------+-------------------+----------------+
| Environment | dpdk_mingw64_compile | dpdk_meson_compile | dpdk_compile_spdk | dpdk_unit_test |
+=====================+======================+====================+===================+================+
| Windows Server 2019 | PASS | PASS | SKIPPED | SKIPPED |
+---------------------+----------------------+--------------------+-------------------+----------------+
| CentOS 8 | SKIPPED | PASS | SKIPPED | SKIPPED |
+---------------------+----------------------+--------------------+-------------------+----------------+
| FreeBSD 11.2 | SKIPPED | PASS | SKIPPED | SKIPPED |
+---------------------+----------------------+--------------------+-------------------+----------------+
| Ubuntu 18.04 | SKIPPED | PASS | PASS | PASS |
+---------------------+----------------------+--------------------+-------------------+----------------+
| openSUSE Leap 15 | SKIPPED | PASS | SKIPPED | SKIPPED |
+---------------------+----------------------+--------------------+-------------------+----------------+
| Arch Linux | SKIPPED | PASS | SKIPPED | SKIPPED |
+---------------------+----------------------+--------------------+-------------------+----------------+
| Fedora 31 | SKIPPED | PASS | PASS | SKIPPED |
+---------------------+----------------------+--------------------+-------------------+----------------+
| Ubuntu 18.04 ARM | SKIPPED | PASS | SKIPPED | PASS |
+---------------------+----------------------+--------------------+-------------------+----------------+
Windows Server 2019
Kernel: 10.0
Compiler: clang 9.0 and gcc 8.1.0 (MinGW)
CentOS 8
Kernel: 4.18.0.el8_0
Compiler: gcc 8.3.1
FreeBSD 11.2
Kernel: 11.2
Compiler: gcc 8.3
Ubuntu 18.04
Kernel: 4.15.0-generic
Compiler: gcc 7.5
openSUSE Leap 15
Kernel: 4.12.14
Compiler: gcc 7.4.1
Arch Linux
Kernel: latest
Compiler: gcc latest
Fedora 31
Kernel: 5.3.16
Compiler: gcc 9.2.1
Ubuntu 18.04 ARM
Kernel: 5.4.0-53-generic
Compiler: gcc 9.3
To view detailed results, visit:
https://lab.dpdk.org/results/dashboard/patchsets/15681/
UNH-IOL DPDK Community Lab
To manage your email subscriptions, visit:
https://lab.dpdk.org/results/dashboard/preferences/subscriptions/
^ permalink raw reply [flat|nested] 10+ messages in thread
* [dpdk-test-report] |SUCCESS| pw88084 [PATCH] net/mlx5: fix hashed list size for tunnel flow groups
@ 2021-02-22 17:15 dpdklab
0 siblings, 0 replies; 10+ messages in thread
From: dpdklab @ 2021-02-22 17:15 UTC (permalink / raw)
To: Ali Alnubani, Test Report; +Cc: dpdk-test-reports
[-- Attachment #1: Type: text/plain, Size: 904 bytes --]
Test-Label: iol-mellanox-Functional
Test-Status: SUCCESS
http://dpdk.org/patch/88084
_Functional Testing PASS_
Submitter: Viacheslav Ovsiienko <viacheslavo@nvidia.com>
Date: Monday, February 22 2021 15:56:40
DPDK git baseline: Repo:dpdk
Branch: master
CommitID:442155f70c6bbdf59aa1f7b4d8039b5140f62927
88084 --> functional testing pass
Test environment and result as below:
Ubuntu 18.04
Kernel: 4.15.0-generic
Compiler: gcc 7.4
NIC: Mellanox ConnectX-4 Lx 25000 Mbps
Target: x86_64-native-linuxapp-gcc
Fail/Total: 0/5
Ubuntu 18.04
Kernel: 4.15.0-generic
Compiler: gcc 7.4
NIC: Mellanox ConnectX-4 Lx 40000 Mbps
Target: x86_64-native-linuxapp-gcc
Fail/Total: 0/5
To view detailed results, visit:
https://lab.dpdk.org/results/dashboard/patchsets/15681/
UNH-IOL DPDK Community Lab
To manage your email subscriptions, visit:
https://lab.dpdk.org/results/dashboard/preferences/subscriptions/
^ permalink raw reply [flat|nested] 10+ messages in thread
* [dpdk-test-report] |SUCCESS| pw88084 [PATCH] net/mlx5: fix hashed list size for tunnel flow groups
@ 2021-02-22 17:03 dpdklab
0 siblings, 0 replies; 10+ messages in thread
From: dpdklab @ 2021-02-22 17:03 UTC (permalink / raw)
To: Test Report; +Cc: dpdk-test-reports
[-- Attachment #1: Type: text/plain, Size: 2592 bytes --]
Test-Label: iol-intel-Performance
Test-Status: SUCCESS
http://dpdk.org/patch/88084
_Performance Testing PASS_
Submitter: Viacheslav Ovsiienko <viacheslavo@nvidia.com>
Date: Monday, February 22 2021 15:56:40
DPDK git baseline: Repo:dpdk
Branch: master
CommitID:442155f70c6bbdf59aa1f7b4d8039b5140f62927
88084 --> performance testing pass
Test environment and result as below:
Ubuntu 18.04
Kernel: 4.15.0-generic
Compiler: gcc 7.4
NIC: Intel Corporation Ethernet Converged Network Adapter 82599ES 10000 Mbps
Target: x86_64-native-linuxapp-gcc
Fail/Total: 0/2
Detail performance results:
+------------+---------+-------------------------------------+
| frame_size | txd/rxd | throughput difference from expected |
+============+=========+=====================================+
| 64 | 512 | 1.37027% |
+------------+---------+-------------------------------------+
| 64 | 2048 | 2.01959% |
+------------+---------+-------------------------------------+
Ubuntu 18.04
Kernel: 4.15.0-generic
Compiler: gcc 7.4
NIC: Intel Corporation Ethernet Converged Network Adapter XL710-QDA2 40000 Mbps
Target: x86_64-native-linuxapp-gcc
Fail/Total: 0/2
Detail performance results:
+------------+---------+-------------------------------------+
| frame_size | txd/rxd | throughput difference from expected |
+============+=========+=====================================+
| 64 | 512 | 5.81374% |
+------------+---------+-------------------------------------+
| 64 | 2048 | 5.06323% |
+------------+---------+-------------------------------------+
Ubuntu 18.04 ARM
Kernel: 4.15.0-132-generic
Compiler: gcc 7.5
NIC: Arm Intel Corporation Ethernet Converged Network Adapter XL710-QDA2 40000 Mbps
Target: x86_64-native-linuxapp-gcc
Fail/Total: 0/2
Detail performance results:
+------------+---------+-------------------------------------+
| frame_size | txd/rxd | throughput difference from expected |
+============+=========+=====================================+
| 64 | 512 | -0.68407% |
+------------+---------+-------------------------------------+
| 64 | 2048 | -0.98955% |
+------------+---------+-------------------------------------+
To view detailed results, visit:
https://lab.dpdk.org/results/dashboard/patchsets/15681/
UNH-IOL DPDK Community Lab
To manage your email subscriptions, visit:
https://lab.dpdk.org/results/dashboard/preferences/subscriptions/
^ permalink raw reply [flat|nested] 10+ messages in thread
* [dpdk-test-report] |SUCCESS| pw88084 [PATCH] net/mlx5: fix hashed list size for tunnel flow groups
@ 2021-02-22 16:53 dpdklab
0 siblings, 0 replies; 10+ messages in thread
From: dpdklab @ 2021-02-22 16:53 UTC (permalink / raw)
To: Test Report; +Cc: dpdk-test-reports
[-- Attachment #1: Type: text/plain, Size: 980 bytes --]
Test-Label: iol-intel-Functional
Test-Status: SUCCESS
http://dpdk.org/patch/88084
_Functional Testing PASS_
Submitter: Viacheslav Ovsiienko <viacheslavo@nvidia.com>
Date: Monday, February 22 2021 15:56:40
DPDK git baseline: Repo:dpdk
Branch: master
CommitID:442155f70c6bbdf59aa1f7b4d8039b5140f62927
88084 --> functional testing pass
Test environment and result as below:
Ubuntu 18.04
Kernel: 4.15.0-generic
Compiler: gcc 7.4
NIC: Intel Corporation Ethernet Converged Network Adapter XL710-QDA2 40000 Mbps
Target: x86_64-native-linuxapp-gcc
Fail/Total: 0/3
Ubuntu 18.04
Kernel: 4.15.0-generic
Compiler: gcc 7.4
NIC: Intel Corporation Ethernet Converged Network Adapter 82599ES 10000 Mbps
Target: x86_64-native-linuxapp-gcc
Fail/Total: 0/5
To view detailed results, visit:
https://lab.dpdk.org/results/dashboard/patchsets/15681/
UNH-IOL DPDK Community Lab
To manage your email subscriptions, visit:
https://lab.dpdk.org/results/dashboard/preferences/subscriptions/
^ permalink raw reply [flat|nested] 10+ messages in thread
* [dpdk-test-report] |SUCCESS| pw88084 [PATCH] net/mlx5: fix hashed list size for tunnel flow groups
@ 2021-02-22 16:27 dpdklab
0 siblings, 0 replies; 10+ messages in thread
From: dpdklab @ 2021-02-22 16:27 UTC (permalink / raw)
To: Ajit Khaparde, Test Report; +Cc: dpdk-test-reports
[-- Attachment #1: Type: text/plain, Size: 1274 bytes --]
Test-Label: iol-broadcom-Performance
Test-Status: SUCCESS
http://dpdk.org/patch/88084
_Performance Testing PASS_
Submitter: Viacheslav Ovsiienko <viacheslavo@nvidia.com>
Date: Monday, February 22 2021 15:56:40
DPDK git baseline: Repo:dpdk
Branch: master
CommitID:442155f70c6bbdf59aa1f7b4d8039b5140f62927
88084 --> performance testing pass
Test environment and result as below:
Ubuntu 18.04
Kernel: 4.15.0-65-generic
Compiler: gcc gcc (Ubuntu 7.4.0-1ubuntu1~18.04.1) 7.4.0
NIC: Broadcom Inc. brcm_57414 25000 Mbps
Target: x86_64-native-linuxapp-gcc
Fail/Total: 0/2
Detail performance results:
+------------+---------+-------------------------------------+
| frame_size | txd/rxd | throughput difference from expected |
+============+=========+=====================================+
| 64 | 512 | -0.04795% |
+------------+---------+-------------------------------------+
| 64 | 2048 | 0.36408% |
+------------+---------+-------------------------------------+
To view detailed results, visit:
https://lab.dpdk.org/results/dashboard/patchsets/15681/
UNH-IOL DPDK Community Lab
To manage your email subscriptions, visit:
https://lab.dpdk.org/results/dashboard/preferences/subscriptions/
^ permalink raw reply [flat|nested] 10+ messages in thread
* [dpdk-test-report] |SUCCESS| pw88084 [PATCH] net/mlx5: fix hashed list size for tunnel flow groups
@ 2021-02-22 16:21 dpdklab
0 siblings, 0 replies; 10+ messages in thread
From: dpdklab @ 2021-02-22 16:21 UTC (permalink / raw)
To: Ajit Khaparde, Test Report; +Cc: dpdk-test-reports
[-- Attachment #1: Type: text/plain, Size: 801 bytes --]
Test-Label: iol-broadcom-Functional
Test-Status: SUCCESS
http://dpdk.org/patch/88084
_Functional Testing PASS_
Submitter: Viacheslav Ovsiienko <viacheslavo@nvidia.com>
Date: Monday, February 22 2021 15:56:40
DPDK git baseline: Repo:dpdk
Branch: master
CommitID:442155f70c6bbdf59aa1f7b4d8039b5140f62927
88084 --> functional testing pass
Test environment and result as below:
Ubuntu 18.04
Kernel: 4.15.0-65-generic
Compiler: gcc gcc (Ubuntu 7.4.0-1ubuntu1~18.04.1) 7.4.0
NIC: Broadcom Inc. brcm_57414 25000 Mbps
Target: x86_64-native-linuxapp-gcc
Fail/Total: 0/3
To view detailed results, visit:
https://lab.dpdk.org/results/dashboard/patchsets/15681/
UNH-IOL DPDK Community Lab
To manage your email subscriptions, visit:
https://lab.dpdk.org/results/dashboard/preferences/subscriptions/
^ permalink raw reply [flat|nested] 10+ messages in thread
end of thread, other threads:[~2021-02-23 1:20 UTC | newest]
Thread overview: 10+ messages (download: mbox.gz / follow: Atom feed)
-- links below jump to the message on this page --
[not found] <20210222155640.35011-1-viacheslavo@nvidia.com>
2021-02-22 15:58 ` [dpdk-test-report] |SUCCESS| pw88084 [PATCH] net/mlx5: fix hashed list size for tunnel flow groups checkpatch
2021-02-22 18:00 ` [dpdk-test-report] |FAILURE| pw88084 " 0-day Robot
2021-02-22 18:01 ` [dpdk-test-report] |SUCCESS| pw88084 [dpdk-dev] [PATCH] " 0-day Robot
2021-02-22 16:21 [dpdk-test-report] |SUCCESS| pw88084 " dpdklab
2021-02-22 16:27 dpdklab
2021-02-22 16:53 dpdklab
2021-02-22 17:03 dpdklab
2021-02-22 17:15 dpdklab
2021-02-23 1:20 dpdklab
2021-02-23 1:20 dpdklab
This is a public inbox, see mirroring instructions
for how to clone and mirror all data and code used for this inbox;
as well as URLs for NNTP newsgroup(s).