[-- Attachment #1: Type: text/plain, Size: 4414 bytes --]
Test-Label: iol-testing
Test-Status: FAILURE
http://dpdk.org/patch/88223
_Testing issues_
Submitter: Pavan Nikhilesh Bhagavatula <pbhagavatula@marvell.com>
Date: Thursday, February 25 2021 12:23:14
DPDK git baseline: Repo:dpdk
Branch: master
CommitID:51fe32138c860992f228dbf19416ffd3b8e8baf4
88220-88223 --> testing fail
Test environment and result as below:
+---------------------+----------------------+--------------------+-------------------+----------------+
| Environment | dpdk_mingw64_compile | dpdk_meson_compile | dpdk_compile_spdk | dpdk_unit_test |
+=====================+======================+====================+===================+================+
| Windows Server 2019 | PASS | PASS | SKIPPED | SKIPPED |
+---------------------+----------------------+--------------------+-------------------+----------------+
| FreeBSD 11.2 | SKIPPED | PASS | SKIPPED | SKIPPED |
+---------------------+----------------------+--------------------+-------------------+----------------+
| Ubuntu 18.04 | SKIPPED | PASS | PASS | FAIL |
+---------------------+----------------------+--------------------+-------------------+----------------+
| CentOS 8 | SKIPPED | PASS | SKIPPED | SKIPPED |
+---------------------+----------------------+--------------------+-------------------+----------------+
| Ubuntu 18.04 ARM | SKIPPED | PASS | SKIPPED | PASS |
+---------------------+----------------------+--------------------+-------------------+----------------+
| openSUSE Leap 15 | SKIPPED | PASS | SKIPPED | SKIPPED |
+---------------------+----------------------+--------------------+-------------------+----------------+
| Arch Linux | SKIPPED | PASS | SKIPPED | SKIPPED |
+---------------------+----------------------+--------------------+-------------------+----------------+
| Fedora 31 | SKIPPED | PASS | PASS | SKIPPED |
+---------------------+----------------------+--------------------+-------------------+----------------+
| Fedora 32 | SKIPPED | PASS | SKIPPED | SKIPPED |
+---------------------+----------------------+--------------------+-------------------+----------------+
==== 20 line log output for Ubuntu 18.04 (dpdk_unit_test): ====
87/95 DPDK:fast-tests / trace_autotest OK 0.19s
88/95 DPDK:fast-tests / telemetry_json_autotest OK 0.15s
89/95 DPDK:fast-tests / telemetry_data_autotest OK 0.15s
90/95 DPDK:fast-tests / ring_pmd_autotest OK 0.22s
91/95 DPDK:fast-tests / event_eth_tx_adapter_autotest OK 0.76s
92/95 DPDK:fast-tests / bitratestats_autotest OK 0.20s
93/95 DPDK:fast-tests / latencystats_autotest OK 0.14s
94/95 DPDK:fast-tests / pdump_autotest OK 5.20s
95/95 DPDK:fast-tests / compressdev_autotest SKIP 0.14s exit status 77
Ok: 88
Expected Fail: 0
Fail: 2
Unexpected Pass: 0
Skipped: 5
Timeout: 0
Full log written to /home/jenkins-local/jenkins-agent/workspace/Ubuntu18.04-Unit-Test-DPDK/dpdk/build/meson-logs/testlog.txt
[2] Error running command.
==== End log output ====
Windows Server 2019
Kernel: 10.0
Compiler: clang 9.0 and gcc 8.1.0 (MinGW)
FreeBSD 11.2
Kernel: 11.2
Compiler: gcc 8.3
Ubuntu 18.04
Kernel: 4.15.0-generic
Compiler: gcc 7.5
CentOS 8
Kernel: 4.18.0.el8_0
Compiler: gcc 8.3.1
Ubuntu 18.04 ARM
Kernel: 5.4.0-53-generic
Compiler: gcc 9.3
openSUSE Leap 15
Kernel: 4.12.14
Compiler: gcc 7.4.1
Arch Linux
Kernel: latest
Compiler: gcc latest
Fedora 31
Kernel: 5.3.16
Compiler: gcc 9.2.1
Fedora 32
Kernel: 4.18.0-240.10.1.el8_3.x86_64
Compiler: gcc 10.2.1
To view detailed results, visit:
https://lab.dpdk.org/results/dashboard/patchsets/15723/
UNH-IOL DPDK Community Lab
To manage your email subscriptions, visit:
https://lab.dpdk.org/results/dashboard/preferences/subscriptions/