* [dpdk-test-report] |WARNING| pw88436-88439 [PATCH] [4/4] doc: update ice PMD and 21.05 release notes
@ 2021-03-04 4:17 dpdklab
0 siblings, 0 replies; only message in thread
From: dpdklab @ 2021-03-04 4:17 UTC (permalink / raw)
To: Test Report; +Cc: dpdk-test-reports
[-- Attachment #1: Type: text/plain, Size: 5583 bytes --]
Test-Label: iol-testing
Test-Status: WARNING
http://dpdk.org/patch/88439
_Testing issues_
Submitter: Pallavi Kadam <pallavi.kadam@intel.com>
Date: Wednesday, March 03 2021 21:59:29
DPDK git baseline: Repo:dpdk
Branch: master
CommitID:e79b0efd989a077d0193e7dbf47f966f65d0c9dc
88436-88439 --> testing fail
Test environment and result as below:
+---------------------+----------------------+--------------------+-------------------+----------------+
| Environment | dpdk_mingw64_compile | dpdk_meson_compile | dpdk_compile_spdk | dpdk_unit_test |
+=====================+======================+====================+===================+================+
| Windows Server 2019 | FAIL | PASS | SKIPPED | SKIPPED |
+---------------------+----------------------+--------------------+-------------------+----------------+
| Ubuntu 18.04 | SKIPPED | PASS | PASS | PASS |
+---------------------+----------------------+--------------------+-------------------+----------------+
| FreeBSD 11.2 | SKIPPED | PASS | SKIPPED | SKIPPED |
+---------------------+----------------------+--------------------+-------------------+----------------+
| CentOS 8 | SKIPPED | PASS | SKIPPED | SKIPPED |
+---------------------+----------------------+--------------------+-------------------+----------------+
| Fedora 32 | SKIPPED | PASS | SKIPPED | SKIPPED |
+---------------------+----------------------+--------------------+-------------------+----------------+
| RHEL8 | SKIPPED | PASS | SKIPPED | SKIPPED |
+---------------------+----------------------+--------------------+-------------------+----------------+
| RHEL 7 | SKIPPED | PASS | SKIPPED | SKIPPED |
+---------------------+----------------------+--------------------+-------------------+----------------+
| Fedora 31 | SKIPPED | PASS | PASS | SKIPPED |
+---------------------+----------------------+--------------------+-------------------+----------------+
| openSUSE Leap 15 | SKIPPED | PASS | SKIPPED | SKIPPED |
+---------------------+----------------------+--------------------+-------------------+----------------+
| Ubuntu 18.04 ARM | SKIPPED | PASS | SKIPPED | PASS |
+---------------------+----------------------+--------------------+-------------------+----------------+
| Arch Linux | SKIPPED | PASS | SKIPPED | SKIPPED |
+---------------------+----------------------+--------------------+-------------------+----------------+
==== 20 line log output for Windows Server 2019 (dpdk_mingw64_compile): ====
[198/277] Generating rte_net_i40e_mingw with a custom command.
[199/277] Compiling C object drivers/net/ice/base/a42f040@@ice_base@sta/ice_controlq.c.obj.
[200/277] Compiling C object drivers/a715181@@tmp_rte_net_i40e@sta/net_i40e_i40e_rxtx_vec_avx2.c.obj.
[201/277] Compiling C object drivers/net/ice/base/a42f040@@ice_base@sta/ice_common.c.obj.
[202/277] Compiling C object drivers/net/ice/base/a42f040@@ice_base@sta/ice_nvm.c.obj.
[203/277] Compiling C object drivers/a715181@@tmp_rte_net_i40e@sta/net_i40e_i40e_ethdev.c.obj.
[204/277] Compiling C object drivers/net/ice/base/a42f040@@ice_base@sta/ice_switch.c.obj.
[205/277] Compiling C object drivers/net/ice/base/a42f040@@ice_base@sta/ice_acl_ctrl.c.obj.
[206/277] Compiling C object drivers/net/ice/base/a42f040@@ice_base@sta/ice_flow.c.obj.
FAILED: drivers/net/ice/base/a42f040@@ice_base@sta/ice_flow.c.obj
gcc @drivers/net/ice/base/a42f040@@ice_base@sta/ice_flow.c.obj.rsp
{standard input}: Assembler messages:
{standard input}:1677: Error: invalid register for .seh_savexmm
{standard input}:3985: Error: invalid register for .seh_savexmm
[207/277] Linking static target drivers/libtmp_rte_net_i40e.a.
[208/277] Compiling C object drivers/net/ice/base/a42f040@@ice_base@sta/ice_sched.c.obj.
[209/277] Compiling C object drivers/net/ice/base/a42f040@@ice_base@sta/ice_dcb.c.obj.
[210/277] Compiling C object drivers/net/ice/base/a42f040@@ice_base@sta/ice_flex_pipe.c.obj.
[211/277] Compiling C object drivers/a715181@@tmp_rte_net_ice@sta/net_ice_ice_ethdev.c.obj.
ninja: build stopped: subcommand failed.
==== End log output ====
Windows Server 2019
Kernel: 10.0
Compiler: clang 9.0 and gcc 8.1.0 (MinGW)
Ubuntu 18.04
Kernel: 4.15.0-generic
Compiler: gcc 7.5
FreeBSD 11.2
Kernel: 11.2
Compiler: gcc 8.3
CentOS 8
Kernel: 4.18.0.el8_0
Compiler: gcc 8.3.1
Fedora 32
Kernel: 4.18.0-240.10.1.el8_3.x86_64
Compiler: gcc 10.2.1
RHEL8
Kernel: 4.18.0-240.10.1.el8_3.x86_64
Compiler: gcc 8.3.1 20191121 (Red Hat 8.3.1-5)
RHEL 7
Kernel: 4.18.0-240.10.1.el8_3.x86_64
Compiler: gcc 4.8.5 20150623 (Red Hat 4.8.5-44)
Fedora 31
Kernel: 5.3.16
Compiler: gcc 9.2.1
openSUSE Leap 15
Kernel: 4.12.14
Compiler: gcc 7.4.1
Ubuntu 18.04 ARM
Kernel: 5.4.0-53-generic
Compiler: gcc 9.3
Arch Linux
Kernel: latest
Compiler: gcc latest
To view detailed results, visit:
https://lab.dpdk.org/results/dashboard/patchsets/15794/
UNH-IOL DPDK Community Lab
To manage your email subscriptions, visit:
https://lab.dpdk.org/results/dashboard/preferences/subscriptions/
^ permalink raw reply [flat|nested] only message in thread
only message in thread, other threads:[~2021-03-04 4:17 UTC | newest]
Thread overview: (only message) (download: mbox.gz / follow: Atom feed)
-- links below jump to the message on this page --
2021-03-04 4:17 [dpdk-test-report] |WARNING| pw88436-88439 [PATCH] [4/4] doc: update ice PMD and 21.05 release notes dpdklab
This is a public inbox, see mirroring instructions
for how to clone and mirror all data and code used for this inbox;
as well as URLs for NNTP newsgroup(s).