* [dpdk-test-report] |SUCCESS| pw91515 [PATCH V3] ethdev: add queue state when retrieve queue information [not found] <1618454426-21457-1-git-send-email-oulijun@huawei.com> @ 2021-04-15 2:41 ` checkpatch 2021-04-15 3:55 ` [dpdk-test-report] |FAILURE| pw91515 " 0-day Robot 2021-04-15 3:57 ` [dpdk-test-report] |FAILURE| pw91515 [dpdk-dev] [PATCH V3] " 0-day Robot 2 siblings, 0 replies; 5+ messages in thread From: checkpatch @ 2021-04-15 2:41 UTC (permalink / raw) To: test-report Test-Label: checkpatch Test-Status: SUCCESS http://dpdk.org/patch/91515 _coding style OK_ ^ permalink raw reply [flat|nested] 5+ messages in thread
* [dpdk-test-report] |FAILURE| pw91515 ethdev: add queue state when retrieve queue information [not found] <1618454426-21457-1-git-send-email-oulijun@huawei.com> 2021-04-15 2:41 ` [dpdk-test-report] |SUCCESS| pw91515 [PATCH V3] ethdev: add queue state when retrieve queue information checkpatch @ 2021-04-15 3:55 ` 0-day Robot 2021-04-15 3:57 ` [dpdk-test-report] |FAILURE| pw91515 [dpdk-dev] [PATCH V3] " 0-day Robot 2 siblings, 0 replies; 5+ messages in thread From: 0-day Robot @ 2021-04-15 3:55 UTC (permalink / raw) To: test-report; +Cc: oulijun, robot From: robot@bytheb.org Test-Label: travis-robot Test-Status: FAILURE http://patchwork.dpdk.org/patch/91515/ _travis build: failed_ Build URL: https://travis-ci.com/ovsrobot/dpdk/builds/223123620 ^ permalink raw reply [flat|nested] 5+ messages in thread
* [dpdk-test-report] |FAILURE| pw91515 [dpdk-dev] [PATCH V3] ethdev: add queue state when retrieve queue information [not found] <1618454426-21457-1-git-send-email-oulijun@huawei.com> 2021-04-15 2:41 ` [dpdk-test-report] |SUCCESS| pw91515 [PATCH V3] ethdev: add queue state when retrieve queue information checkpatch 2021-04-15 3:55 ` [dpdk-test-report] |FAILURE| pw91515 " 0-day Robot @ 2021-04-15 3:57 ` 0-day Robot 2 siblings, 0 replies; 5+ messages in thread From: 0-day Robot @ 2021-04-15 3:57 UTC (permalink / raw) To: test-report; +Cc: oulijun, robot From: robot@bytheb.org Test-Label: github-robot Test-Status: FAILURE http://patchwork.dpdk.org/patch/91515/ _github build: failed_ Build URL: https://github.com/ovsrobot/dpdk/actions/runs/750536099 Build Logs: -----------------------Summary of failed steps----------------------- ubuntu-18.04-gcc-shared-abi+doc+tests failed at step "Build and test" ----------------------End summary of failed steps-------------------- -------------------------------BEGIN LOGS---------------------------- #################################################################################### #### [Begin job log] ubuntu-18.04-gcc-shared-abi+doc+tests at step "Build and test" #################################################################################### Functions changes summary: 0 Removed, 0 Changed (2 filtered out), 0 Added functions Variables changes summary: 0 Removed, 0 Changed, 0 Added variable Functions changes summary: 0 Removed, 0 Changed (20 filtered out), 0 Added functions Variables changes summary: 0 Removed, 0 Changed, 0 Added variable Functions changes summary: 0 Removed, 0 Changed (3 filtered out), 0 Added functions Variables changes summary: 0 Removed, 0 Changed, 0 Added variable Functions changes summary: 0 Removed, 0 Changed (20 filtered out), 0 Added (16 filtered out) functions Variables changes summary: 0 Removed, 0 Changed, 0 Added variable Variable symbols changes summary: 0 Removed, 0 Added variable symbol not referenced by debug info Functions changes summary: 0 Removed, 0 Changed (1 filtered out), 0 Added function Variables changes summary: 0 Removed, 0 Changed, 0 Added variable Functions changes summary: 0 Removed, 0 Changed (1 filtered out), 0 Added (2 filtered out) functions Variables changes summary: 0 Removed, 0 Changed, 0 Added variable Skipped removed driver librte_event_dlb.dump. Functions changes summary: 0 Removed, 0 Changed (1 filtered out), 0 Added function Variables changes summary: 0 Removed, 0 Changed, 0 Added variable ##[error]Process completed with exit code 1. #################################################################################### #### [End job log] ubuntu-18.04-gcc-shared-abi+doc+tests at step "Build and test" #################################################################################### --------------------------------END LOGS----------------------------- ^ permalink raw reply [flat|nested] 5+ messages in thread
* [dpdk-test-report] |SUCCESS| pw91515 [PATCH] [V3] ethdev: add queue state when retrieve queue information @ 2021-04-16 2:23 dpdklab 0 siblings, 0 replies; 5+ messages in thread From: dpdklab @ 2021-04-16 2:23 UTC (permalink / raw) To: Test Report; +Cc: dpdk-test-reports [-- Attachment #1: Type: text/plain, Size: 1251 bytes --] Test-Label: iol-intel-Performance Test-Status: SUCCESS http://dpdk.org/patch/91515 _Performance Testing PASS_ Submitter: oulijun <oulijun@huawei.com> Date: Thursday, April 15 2021 02:40:26 DPDK git baseline: Repo:dpdk Branch: master CommitID:3ab385063cb9d0b6bf28564823fe4932a559d055 91515 --> performance testing pass Test environment and result as below: Ubuntu 18.04 Kernel: 4.15.0-generic Compiler: gcc 7.4 NIC: Intel Corporation Ethernet Converged Network Adapter XL710-QDA2 40000 Mbps Target: x86_64-native-linuxapp-gcc Fail/Total: 0/2 Detail performance results: +------------+---------+-------------------------------------+ | frame_size | txd/rxd | throughput difference from expected | +============+=========+=====================================+ | 64 | 512 | 5.26452% | +------------+---------+-------------------------------------+ | 64 | 2048 | 4.40476% | +------------+---------+-------------------------------------+ To view detailed results, visit: https://lab.dpdk.org/results/dashboard/patchsets/16538/ UNH-IOL DPDK Community Lab To manage your email subscriptions, visit: https://lab.dpdk.org/results/dashboard/preferences/subscriptions/ ^ permalink raw reply [flat|nested] 5+ messages in thread
* [dpdk-test-report] |SUCCESS| pw91515 [PATCH] [V3] ethdev: add queue state when retrieve queue information @ 2021-04-17 18:58 dpdklab 0 siblings, 0 replies; 5+ messages in thread From: dpdklab @ 2021-04-17 18:58 UTC (permalink / raw) To: Test Report; +Cc: dpdk-test-reports [-- Attachment #1: Type: text/plain, Size: 4326 bytes --] Test-Label: iol-testing Test-Status: SUCCESS http://dpdk.org/patch/91515 _Testing PASS_ Submitter: Lijun Ou <oulijun@huawei.com> Date: Thursday, April 15 2021 02:40:26 DPDK git baseline: Repo:dpdk Branch: master CommitID:3ab385063cb9d0b6bf28564823fe4932a559d055 91515 --> testing pass Test environment and result as below: +---------------------+----------------------+--------------------+-------------------+----------------+ | Environment | dpdk_mingw64_compile | dpdk_meson_compile | dpdk_compile_spdk | dpdk_unit_test | +=====================+======================+====================+===================+================+ | Windows Server 2019 | PASS | PASS | SKIPPED | SKIPPED | +---------------------+----------------------+--------------------+-------------------+----------------+ | Ubuntu 18.04 | SKIPPED | PASS | PASS | PASS | +---------------------+----------------------+--------------------+-------------------+----------------+ | Fedora 31 | SKIPPED | PASS | SKIPPED | SKIPPED | +---------------------+----------------------+--------------------+-------------------+----------------+ | RHEL8 | SKIPPED | PASS | SKIPPED | SKIPPED | +---------------------+----------------------+--------------------+-------------------+----------------+ | FreeBSD 11.2 | SKIPPED | PASS | SKIPPED | SKIPPED | +---------------------+----------------------+--------------------+-------------------+----------------+ | Fedora 32 | SKIPPED | PASS | SKIPPED | SKIPPED | +---------------------+----------------------+--------------------+-------------------+----------------+ | CentOS Stream 8 | SKIPPED | PASS | SKIPPED | SKIPPED | +---------------------+----------------------+--------------------+-------------------+----------------+ | RHEL 7 | SKIPPED | PASS | SKIPPED | SKIPPED | +---------------------+----------------------+--------------------+-------------------+----------------+ | Ubuntu 20.04 | SKIPPED | PASS | SKIPPED | SKIPPED | +---------------------+----------------------+--------------------+-------------------+----------------+ | Arch Linux | SKIPPED | PASS | SKIPPED | SKIPPED | +---------------------+----------------------+--------------------+-------------------+----------------+ | openSUSE Leap 15 | SKIPPED | PASS | SKIPPED | SKIPPED | +---------------------+----------------------+--------------------+-------------------+----------------+ | Ubuntu 18.04 ARM | SKIPPED | PASS | SKIPPED | PASS | +---------------------+----------------------+--------------------+-------------------+----------------+ Windows Server 2019 Kernel: 10.0 Compiler: clang 9.0 and gcc 8.1.0 (MinGW) Ubuntu 18.04 Kernel: 4.18.0-240.10.1.el8_3.x86_64 Compiler: gcc 7.5.0-3ubuntu1~18.04 Fedora 31 Kernel: 4.18.0-240.10.1.el8_3.x86_64 Compiler: gcc 9.3.1 RHEL8 Kernel: 4.18.0-240.10.1.el8_3.x86_64 Compiler: gcc 8.3.1 20191121 (Red Hat 8.3.1-5) FreeBSD 11.2 Kernel: 11.2 Compiler: gcc 8.3 Fedora 32 Kernel: 4.18.0-240.10.1.el8_3.x86_64 Compiler: gcc 10.2.1 CentOS Stream 8 Kernel: 4.18.0-240.10.1.el8_3.x86_64 Compiler: gcc 8.4.1 20200928 RHEL 7 Kernel: 4.18.0-240.10.1.el8_3.x86_64 Compiler: gcc 4.8.5 20150623 (Red Hat 4.8.5-44) Ubuntu 20.04 Kernel: 4.18.0-240.10.1.el8_3.x86_64 Compiler: gcc 9.3.0-17ubuntu1~20.04 Arch Linux Kernel: 4.18.0-240.10.1.el8_3.x86_64 Compiler: gcc 10.2.0 openSUSE Leap 15 Kernel: 4.18.0-240.10.1.el8_3.x86_64 Compiler: gcc 7.5.0 Ubuntu 18.04 ARM Kernel: 5.4.0-53-generic Compiler: gcc 9.3 To view detailed results, visit: https://lab.dpdk.org/results/dashboard/patchsets/16538/ UNH-IOL DPDK Community Lab To manage your email subscriptions, visit: https://lab.dpdk.org/results/dashboard/preferences/subscriptions/ ^ permalink raw reply [flat|nested] 5+ messages in thread
end of thread, other threads:[~2021-04-17 18:58 UTC | newest] Thread overview: 5+ messages (download: mbox.gz / follow: Atom feed) -- links below jump to the message on this page -- [not found] <1618454426-21457-1-git-send-email-oulijun@huawei.com> 2021-04-15 2:41 ` [dpdk-test-report] |SUCCESS| pw91515 [PATCH V3] ethdev: add queue state when retrieve queue information checkpatch 2021-04-15 3:55 ` [dpdk-test-report] |FAILURE| pw91515 " 0-day Robot 2021-04-15 3:57 ` [dpdk-test-report] |FAILURE| pw91515 [dpdk-dev] [PATCH V3] " 0-day Robot 2021-04-16 2:23 [dpdk-test-report] |SUCCESS| pw91515 [PATCH] [V3] " dpdklab 2021-04-17 18:58 dpdklab
This is a public inbox, see mirroring instructions for how to clone and mirror all data and code used for this inbox; as well as URLs for NNTP newsgroup(s).