* [dpdk-test-report] |WARNING| pw91617 [PATCH] net/i40e: fix flow does not effect on uncustomed pctype
@ 2021-04-16 4:20 dpdklab
0 siblings, 0 replies; 2+ messages in thread
From: dpdklab @ 2021-04-16 4:20 UTC (permalink / raw)
To: Test Report; +Cc: dpdk-test-reports
[-- Attachment #1: Type: text/plain, Size: 1488 bytes --]
Test-Label: iol-abi-testing
Test-Status: WARNING
http://dpdk.org/patch/91617
_Testing issues_
Submitter: Murphy Yang <murphyx.yang@intel.com>
Date: Friday, April 16 2021 02:19:55
DPDK git baseline: Repo:dpdk
Branch: master
CommitID:8f5ea6a464ac5894970dc6463f85538f2f5dc2bb
91617 --> testing fail
Test environment and result as below:
+------------------+----------+
| Environment | abi_test |
+==================+==========+
| Ubuntu 18.04 | FAIL |
+------------------+----------+
| Ubuntu 18.04 ARM | PASS |
+------------------+----------+
==== 20 line log output for Ubuntu 18.04 (abi_test): ====
type of 'char* __anonymous_union__::args' changed:
in pointed to type 'char':
entity changed from 'char' to 'const char'
type size hasn't changed
type of 'const char* rte_devargs::data' changed:
in pointed to type 'const char':
entity changed from 'const char' to 'char'
type size hasn't changed
Functions changes summary: 0 Removed, 0 Changed, 0 Added function
Variables changes summary: 0 Removed, 0 Changed, 0 Added variables (4 filtered out)
==== End log output ====
Ubuntu 18.04
Kernel: 4.18.0-240.10.1.el8_3.x86_64
Compiler: gcc 7.5.0-3ubuntu1~18.04
Ubuntu 18.04 ARM
Kernel: 5.4.0-53-generic
Compiler: gcc 9.3
To view detailed results, visit:
https://lab.dpdk.org/results/dashboard/patchsets/16577/
UNH-IOL DPDK Community Lab
To manage your email subscriptions, visit:
https://lab.dpdk.org/results/dashboard/preferences/subscriptions/
^ permalink raw reply [flat|nested] 2+ messages in thread
* [dpdk-test-report] |WARNING| pw91617 [PATCH] net/i40e: fix flow does not effect on uncustomed pctype
@ 2021-04-16 3:49 dpdklab
0 siblings, 0 replies; 2+ messages in thread
From: dpdklab @ 2021-04-16 3:49 UTC (permalink / raw)
To: Test Report; +Cc: dpdk-test-reports
[-- Attachment #1: Type: text/plain, Size: 1488 bytes --]
Test-Label: iol-abi-testing
Test-Status: WARNING
http://dpdk.org/patch/91617
_Testing issues_
Submitter: Murphy Yang <murphyx.yang@intel.com>
Date: Friday, April 16 2021 02:19:55
DPDK git baseline: Repo:dpdk
Branch: master
CommitID:8f5ea6a464ac5894970dc6463f85538f2f5dc2bb
91617 --> testing fail
Test environment and result as below:
+------------------+----------+
| Environment | abi_test |
+==================+==========+
| Ubuntu 18.04 | FAIL |
+------------------+----------+
| Ubuntu 18.04 ARM | PASS |
+------------------+----------+
==== 20 line log output for Ubuntu 18.04 (abi_test): ====
type of 'char* __anonymous_union__::args' changed:
in pointed to type 'char':
entity changed from 'char' to 'const char'
type size hasn't changed
type of 'const char* rte_devargs::data' changed:
in pointed to type 'const char':
entity changed from 'const char' to 'char'
type size hasn't changed
Functions changes summary: 0 Removed, 0 Changed, 0 Added function
Variables changes summary: 0 Removed, 0 Changed, 0 Added variables (4 filtered out)
==== End log output ====
Ubuntu 18.04
Kernel: 4.18.0-240.10.1.el8_3.x86_64
Compiler: gcc 7.5.0-3ubuntu1~18.04
Ubuntu 18.04 ARM
Kernel: 5.4.0-53-generic
Compiler: gcc 9.3
To view detailed results, visit:
https://lab.dpdk.org/results/dashboard/patchsets/16577/
UNH-IOL DPDK Community Lab
To manage your email subscriptions, visit:
https://lab.dpdk.org/results/dashboard/preferences/subscriptions/
^ permalink raw reply [flat|nested] 2+ messages in thread
end of thread, other threads:[~2021-04-16 4:20 UTC | newest]
Thread overview: 2+ messages (download: mbox.gz / follow: Atom feed)
-- links below jump to the message on this page --
2021-04-16 4:20 [dpdk-test-report] |WARNING| pw91617 [PATCH] net/i40e: fix flow does not effect on uncustomed pctype dpdklab
-- strict thread matches above, loose matches on Subject: below --
2021-04-16 3:49 dpdklab
This is a public inbox, see mirroring instructions
for how to clone and mirror all data and code used for this inbox;
as well as URLs for NNTP newsgroup(s).