* [dpdk-test-report] |WARNING| pw91692 [PATCH] [v1] mbuf: support eCPRI hardware packet type Add L2_ETHER_ECPRI and L4_UDP_TUNNEL_ECPRI in RTE_PTYPE.
@ 2021-04-17 2:54 dpdklab
0 siblings, 0 replies; 2+ messages in thread
From: dpdklab @ 2021-04-17 2:54 UTC (permalink / raw)
To: Test Report; +Cc: dpdk-test-reports
[-- Attachment #1: Type: text/plain, Size: 1991 bytes --]
Test-Label: iol-abi-testing
Test-Status: WARNING
http://dpdk.org/patch/91692
_Testing issues_
Submitter: Lingyu Liu <lingyu.liu@intel.com>
Date: Saturday, April 17 2021 09:04:15
DPDK git baseline: Repo:dpdk
Branch: master
CommitID:b729b3c039c40e322e0b078e7394e4bdfea8862f
91692 --> testing fail
Test environment and result as below:
+------------------+----------+
| Environment | abi_test |
+==================+==========+
| Ubuntu 18.04 | FAIL |
+------------------+----------+
| Ubuntu 18.04 ARM | FAIL |
+------------------+----------+
==== 20 line log output for Ubuntu 18.04 (abi_test): ====
net/szedata2: missing dependency, "libsze2"
raw/ifpga: missing dependency, "libfdt"
crypto/aesni_gcm: missing dependency, "libIPSec_MB"
crypto/aesni_mb: missing dependency, "libIPSec_MB"
crypto/armv8: missing dependency, "libAArch64crypto"
crypto/kasumi: missing dependency, "libIPSec_MB"
crypto/mvsam: missing dependency, "libmusdk"
crypto/snow3g: missing dependency, "libIPSec_MB"
crypto/zuc: missing dependency, "libIPSec_MB"
compress/isal: missing dependency, "libisal"
Build targets in project: 1123
Option buildtype is: debugoptimized [default: release]
Found ninja-1.10.0.git.kitware.jobserver-1 at /usr/local/bin/ninja
ERROR: Clock skew detected. File /home-local/jenkins-local/jenkins-agent/workspace/Ubuntu18.04-Compile-DPDK-ABI@2/dpdk/build/../meson.build has a time stamp 22541.4796s in the future.
A full log can be found at /home-local/jenkins-local/jenkins-agent/workspace/Ubuntu18.04-Compile-DPDK-ABI@2/dpdk/build/meson-logs/meson-log.txt
==== End log output ====
Ubuntu 18.04
Kernel: 4.18.0-240.10.1.el8_3.x86_64
Compiler: gcc 7.5.0-3ubuntu1~18.04
Ubuntu 18.04 ARM
Kernel: 5.4.0-53-generic
Compiler: gcc 9.3
To view detailed results, visit:
https://lab.dpdk.org/results/dashboard/patchsets/16596/
UNH-IOL DPDK Community Lab
To manage your email subscriptions, visit:
https://lab.dpdk.org/results/dashboard/preferences/subscriptions/
^ permalink raw reply [flat|nested] 2+ messages in thread
[parent not found: <20210417090415.5477-1-lingyu.liu@intel.com>]
end of thread, other threads:[~2021-04-17 2:55 UTC | newest]
Thread overview: 2+ messages (download: mbox.gz / follow: Atom feed)
-- links below jump to the message on this page --
2021-04-17 2:54 [dpdk-test-report] |WARNING| pw91692 [PATCH] [v1] mbuf: support eCPRI hardware packet type Add L2_ETHER_ECPRI and L4_UDP_TUNNEL_ECPRI in RTE_PTYPE dpdklab
[not found] <20210417090415.5477-1-lingyu.liu@intel.com>
2021-04-17 2:29 ` [dpdk-test-report] |WARNING| pw91692 [PATCH v1] " checkpatch
This is a public inbox, see mirroring instructions
for how to clone and mirror all data and code used for this inbox;
as well as URLs for NNTP newsgroup(s).