* [dpdk-test-report] |FAILURE| pw91460-91462 [PATCH] [v21, 3/3] config: fix Arm implementer and its SoCs
@ 2021-04-17 6:53 dpdklab
0 siblings, 0 replies; only message in thread
From: dpdklab @ 2021-04-17 6:53 UTC (permalink / raw)
To: Test Report; +Cc: dpdk-test-reports
[-- Attachment #1: Type: text/plain, Size: 5776 bytes --]
Test-Label: iol-testing
Test-Status: FAILURE
http://dpdk.org/patch/91462
_Testing issues_
Submitter: Juraj Linkeš <juraj.linkes@pantheon.tech>
Date: Wednesday, April 14 2021 13:41:36
DPDK git baseline: Repo:dpdk
Branch: master
CommitID:7498c2d74ee9d81f2e4f75dcce8390fdf9c800da
91460-91462 --> testing fail
Test environment and result as below:
+---------------------+----------------------+----------------+-------------------+--------------------+
| Environment | dpdk_mingw64_compile | dpdk_unit_test | dpdk_compile_spdk | dpdk_meson_compile |
+=====================+======================+================+===================+====================+
| Windows Server 2019 | PASS | SKIPPED | SKIPPED | PASS |
+---------------------+----------------------+----------------+-------------------+--------------------+
| Ubuntu 18.04 | SKIPPED | PASS | PASS | PASS |
+---------------------+----------------------+----------------+-------------------+--------------------+
| Ubuntu 18.04 ARM | SKIPPED | PASS | SKIPPED | PASS |
+---------------------+----------------------+----------------+-------------------+--------------------+
| Fedora 31 | SKIPPED | SKIPPED | SKIPPED | PASS |
+---------------------+----------------------+----------------+-------------------+--------------------+
| Fedora 32 | SKIPPED | SKIPPED | SKIPPED | PASS |
+---------------------+----------------------+----------------+-------------------+--------------------+
| CentOS Stream 8 | SKIPPED | SKIPPED | SKIPPED | PASS |
+---------------------+----------------------+----------------+-------------------+--------------------+
| RHEL 7 | SKIPPED | SKIPPED | SKIPPED | FAIL |
+---------------------+----------------------+----------------+-------------------+--------------------+
| RHEL8 | SKIPPED | SKIPPED | SKIPPED | PASS |
+---------------------+----------------------+----------------+-------------------+--------------------+
| Arch Linux | SKIPPED | SKIPPED | SKIPPED | PASS |
+---------------------+----------------------+----------------+-------------------+--------------------+
| Ubuntu 20.04 | SKIPPED | SKIPPED | SKIPPED | PASS |
+---------------------+----------------------+----------------+-------------------+--------------------+
| openSUSE Leap 15 | SKIPPED | SKIPPED | SKIPPED | PASS |
+---------------------+----------------------+----------------+-------------------+--------------------+
| FreeBSD 11.2 | SKIPPED | SKIPPED | SKIPPED | PASS |
+---------------------+----------------------+----------------+-------------------+--------------------+
==== 20 line log output for RHEL 7 (dpdk_meson_compile): ====
^
cc1: all warnings being treated as errors
[266/2686] Generating rte_kni_mingw with a custom command
[267/2686] Compiling C object lib/librte_lpm.a.p/librte_lpm_rte_lpm.c.o
[268/2686] Compiling C object lib/librte_latencystats.a.p/librte_latencystats_rte_latencystats.c.o
[269/2686] Generating rte_latencystats_def with a custom command
[270/2686] Generating symbol file lib/librte_telemetry.so.21.2.p/librte_telemetry.so.21.2.symbols
[271/2686] Generating distributor.sym_chk with a meson_exe.py custom command
[272/2686] Generating bbdev.sym_chk with a meson_exe.py custom command
[273/2686] Generating efd.sym_chk with a meson_exe.py custom command
[274/2686] Generating gro.sym_chk with a meson_exe.py custom command
[275/2686] Generating gso.sym_chk with a meson_exe.py custom command
[276/2686] Generating kni.sym_chk with a meson_exe.py custom command
[277/2686] Generating jobstats.sym_chk with a meson_exe.py custom command
[278/2686] Generating ip_frag.sym_chk with a meson_exe.py custom command
[279/2686] Generating compressdev.sym_chk with a meson_exe.py custom command
[280/2686] Generating cryptodev.sym_chk with a meson_exe.py custom command
[281/2686] Generating ethdev.sym_chk with a meson_exe.py custom command
[282/2686] Generating eal.sym_chk with a meson_exe.py custom command
ninja: build stopped: subcommand failed.
==== End log output ====
Windows Server 2019
Kernel: 10.0
Compiler: clang 9.0 and gcc 8.1.0 (MinGW)
Ubuntu 18.04
Kernel: 4.18.0-240.10.1.el8_3.x86_64
Compiler: gcc 7.5.0-3ubuntu1~18.04
Ubuntu 18.04 ARM
Kernel: 5.4.0-53-generic
Compiler: gcc 9.3
Fedora 31
Kernel: 4.18.0-240.10.1.el8_3.x86_64
Compiler: gcc 9.3.1
Fedora 32
Kernel: 4.18.0-240.10.1.el8_3.x86_64
Compiler: gcc 10.2.1
CentOS Stream 8
Kernel: 4.18.0-240.10.1.el8_3.x86_64
Compiler: gcc 8.4.1 20200928
RHEL 7
Kernel: 4.18.0-240.10.1.el8_3.x86_64
Compiler: gcc 4.8.5 20150623 (Red Hat 4.8.5-44)
RHEL8
Kernel: 4.18.0-240.10.1.el8_3.x86_64
Compiler: gcc 8.3.1 20191121 (Red Hat 8.3.1-5)
Arch Linux
Kernel: 4.18.0-240.10.1.el8_3.x86_64
Compiler: gcc 10.2.0
Ubuntu 20.04
Kernel: 4.18.0-240.10.1.el8_3.x86_64
Compiler: gcc 9.3.0-17ubuntu1~20.04
openSUSE Leap 15
Kernel: 4.18.0-240.10.1.el8_3.x86_64
Compiler: gcc 7.5.0
FreeBSD 11.2
Kernel: 11.2
Compiler: gcc 8.3
To view detailed results, visit:
https://lab.dpdk.org/results/dashboard/patchsets/16524/
UNH-IOL DPDK Community Lab
To manage your email subscriptions, visit:
https://lab.dpdk.org/results/dashboard/preferences/subscriptions/
^ permalink raw reply [flat|nested] only message in thread
only message in thread, other threads:[~2021-04-17 6:53 UTC | newest]
Thread overview: (only message) (download: mbox.gz / follow: Atom feed)
-- links below jump to the message on this page --
2021-04-17 6:53 [dpdk-test-report] |FAILURE| pw91460-91462 [PATCH] [v21, 3/3] config: fix Arm implementer and its SoCs dpdklab
This is a public inbox, see mirroring instructions
for how to clone and mirror all data and code used for this inbox;
as well as URLs for NNTP newsgroup(s).