From: dpdklab@iol.unh.edu
To: Test Report <test-report@dpdk.org>
Cc: dpdk-test-reports@iol.unh.edu
Subject: [dpdk-test-report] |FAILURE| pw91465-91466 [PATCH] [v5, 2/2] app/testpmd: add support for integrity item
Date: Sat, 17 Apr 2021 04:56:45 -0400 (EDT) [thread overview]
Message-ID: <20210417085645.E0EAF30565@noxus.dpdklab.iol.unh.edu> (raw)
[-- Attachment #1: Type: text/plain, Size: 5811 bytes --]
Test-Label: iol-testing
Test-Status: FAILURE
http://dpdk.org/patch/91466
_Testing issues_
Submitter: Gregory Etelson <getelson@nvidia.com>
Date: Wednesday, April 14 2021 16:09:30
DPDK git baseline: Repo:dpdk
Branch: master
CommitID:7498c2d74ee9d81f2e4f75dcce8390fdf9c800da
91465-91466 --> testing fail
Test environment and result as below:
+---------------------+----------------------+--------------------+-------------------+----------------+
| Environment | dpdk_mingw64_compile | dpdk_meson_compile | dpdk_compile_spdk | dpdk_unit_test |
+=====================+======================+====================+===================+================+
| Windows Server 2019 | PASS | PASS | SKIPPED | SKIPPED |
+---------------------+----------------------+--------------------+-------------------+----------------+
| RHEL 7 | SKIPPED | FAIL | SKIPPED | SKIPPED |
+---------------------+----------------------+--------------------+-------------------+----------------+
| Ubuntu 18.04 | SKIPPED | PASS | PASS | PASS |
+---------------------+----------------------+--------------------+-------------------+----------------+
| Fedora 31 | SKIPPED | PASS | SKIPPED | SKIPPED |
+---------------------+----------------------+--------------------+-------------------+----------------+
| Arch Linux | SKIPPED | PASS | SKIPPED | SKIPPED |
+---------------------+----------------------+--------------------+-------------------+----------------+
| Fedora 32 | SKIPPED | PASS | SKIPPED | SKIPPED |
+---------------------+----------------------+--------------------+-------------------+----------------+
| RHEL8 | SKIPPED | PASS | SKIPPED | SKIPPED |
+---------------------+----------------------+--------------------+-------------------+----------------+
| FreeBSD 11.2 | SKIPPED | PASS | SKIPPED | SKIPPED |
+---------------------+----------------------+--------------------+-------------------+----------------+
| CentOS Stream 8 | SKIPPED | PASS | SKIPPED | SKIPPED |
+---------------------+----------------------+--------------------+-------------------+----------------+
| openSUSE Leap 15 | SKIPPED | PASS | SKIPPED | SKIPPED |
+---------------------+----------------------+--------------------+-------------------+----------------+
| Ubuntu 20.04 | SKIPPED | PASS | SKIPPED | SKIPPED |
+---------------------+----------------------+--------------------+-------------------+----------------+
| Ubuntu 18.04 ARM | SKIPPED | PASS | SKIPPED | PASS |
+---------------------+----------------------+--------------------+-------------------+----------------+
==== 20 line log output for RHEL 7 (dpdk_meson_compile): ====
^
cc1: all warnings being treated as errors
[225/2686] Generating mbuf.sym_chk with a meson_exe.py custom command
[226/2686] Compiling C object lib/librte_gro.a.p/librte_gro_rte_gro.c.o
[227/2686] Generating metrics.sym_chk with a meson_exe.py custom command
[228/2686] Generating bitratestats.sym_chk with a meson_exe.py custom command
[229/2686] Compiling C object lib/librte_gro.a.p/librte_gro_gro_tcp4.c.o
[230/2686] Compiling C object lib/librte_ethdev.a.p/librte_ethdev_rte_ethdev.c.o
[231/2686] Compiling C object lib/librte_eventdev.a.p/librte_eventdev_rte_event_eth_tx_adapter.c.o
[232/2686] Compiling C object lib/librte_gro.a.p/librte_gro_gro_udp4.c.o
[233/2686] Generating cfgfile.sym_chk with a meson_exe.py custom command
[234/2686] Compiling C object lib/librte_gro.a.p/librte_gro_gro_vxlan_tcp4.c.o
[235/2686] Generating distributor.sym_chk with a meson_exe.py custom command
[236/2686] Compiling C object lib/librte_eventdev.a.p/librte_eventdev_rte_eventdev.c.o
[237/2686] Generating efd.sym_chk with a meson_exe.py custom command
[238/2686] Generating bbdev.sym_chk with a meson_exe.py custom command
[239/2686] Generating cryptodev.sym_chk with a meson_exe.py custom command
[240/2686] Generating compressdev.sym_chk with a meson_exe.py custom command
[241/2686] Generating eal.sym_chk with a meson_exe.py custom command
ninja: build stopped: subcommand failed.
==== End log output ====
Windows Server 2019
Kernel: 10.0
Compiler: clang 9.0 and gcc 8.1.0 (MinGW)
RHEL 7
Kernel: 4.18.0-240.10.1.el8_3.x86_64
Compiler: gcc 4.8.5 20150623 (Red Hat 4.8.5-44)
Ubuntu 18.04
Kernel: 4.18.0-240.10.1.el8_3.x86_64
Compiler: gcc 7.5.0-3ubuntu1~18.04
Fedora 31
Kernel: 4.18.0-240.10.1.el8_3.x86_64
Compiler: gcc 9.3.1
Arch Linux
Kernel: 4.18.0-240.10.1.el8_3.x86_64
Compiler: gcc 10.2.0
Fedora 32
Kernel: 4.18.0-240.10.1.el8_3.x86_64
Compiler: gcc 10.2.1
RHEL8
Kernel: 4.18.0-240.10.1.el8_3.x86_64
Compiler: gcc 8.3.1 20191121 (Red Hat 8.3.1-5)
FreeBSD 11.2
Kernel: 11.2
Compiler: gcc 8.3
CentOS Stream 8
Kernel: 4.18.0-240.10.1.el8_3.x86_64
Compiler: gcc 8.4.1 20200928
openSUSE Leap 15
Kernel: 4.18.0-240.10.1.el8_3.x86_64
Compiler: gcc 7.5.0
Ubuntu 20.04
Kernel: 4.18.0-240.10.1.el8_3.x86_64
Compiler: gcc 9.3.0-17ubuntu1~20.04
Ubuntu 18.04 ARM
Kernel: 5.4.0-53-generic
Compiler: gcc 9.3
To view detailed results, visit:
https://lab.dpdk.org/results/dashboard/patchsets/16526/
UNH-IOL DPDK Community Lab
To manage your email subscriptions, visit:
https://lab.dpdk.org/results/dashboard/preferences/subscriptions/
reply other threads:[~2021-04-17 8:56 UTC|newest]
Thread overview: [no followups] expand[flat|nested] mbox.gz Atom feed
Reply instructions:
You may reply publicly to this message via plain-text email
using any one of the following methods:
* Save the following mbox file, import it into your mail client,
and reply-to-all from there: mbox
Avoid top-posting and favor interleaved quoting:
https://en.wikipedia.org/wiki/Posting_style#Interleaved_style
* Reply using the --to, --cc, and --in-reply-to
switches of git-send-email(1):
git send-email \
--in-reply-to=20210417085645.E0EAF30565@noxus.dpdklab.iol.unh.edu \
--to=dpdklab@iol.unh.edu \
--cc=dpdk-test-reports@iol.unh.edu \
--cc=test-report@dpdk.org \
/path/to/YOUR_REPLY
https://kernel.org/pub/software/scm/git/docs/git-send-email.html
* If your mail client supports setting the In-Reply-To header
via mailto: links, try the mailto: link
Be sure your reply has a Subject: header at the top and a blank line
before the message body.
This is a public inbox, see mirroring instructions
for how to clone and mirror all data and code used for this inbox;
as well as URLs for NNTP newsgroup(s).