* [dpdk-test-report] |WARNING| pw91729 [PATCH] net/hns3: support RAS process in Kunpeng 930
[not found] <1618817804-63848-1-git-send-email-humin29@huawei.com>
@ 2021-04-19 7:37 ` checkpatch
2021-04-19 8:57 ` [dpdk-test-report] |SUCCESS| pw91729 [dpdk-dev] " 0-day Robot
1 sibling, 0 replies; 3+ messages in thread
From: checkpatch @ 2021-04-19 7:37 UTC (permalink / raw)
To: test-report; +Cc: Min Hu (Connor)
Test-Label: checkpatch
Test-Status: WARNING
http://dpdk.org/patch/91729
_coding style issues_
WARNING:TYPO_SPELLING: 'MASTER' may be misspelled - perhaps 'PRIMARY'?
#295: FILE: drivers/net/hns3/hns3_intr.c:1438:
+ .module_name = MODULE_MASTER,
WARNING:TYPO_SPELLING: 'MASTER' may be misspelled - perhaps 'PRIMARY'?
#296: FILE: drivers/net/hns3/hns3_intr.c:1439:
+ .msg = "MODULE_MASTER"
WARNING:TYPO_SPELLING: 'MASTER' may be misspelled - perhaps 'PRIMARY'?
#586: FILE: drivers/net/hns3/hns3_intr.h:104:
+ MODULE_MASTER,
total: 0 errors, 3 warnings, 0 checks, 533 lines checked
^ permalink raw reply [flat|nested] 3+ messages in thread
* [dpdk-test-report] |SUCCESS| pw91729 [dpdk-dev] [PATCH] net/hns3: support RAS process in Kunpeng 930
[not found] <1618817804-63848-1-git-send-email-humin29@huawei.com>
2021-04-19 7:37 ` [dpdk-test-report] |WARNING| pw91729 [PATCH] net/hns3: support RAS process in Kunpeng 930 checkpatch
@ 2021-04-19 8:57 ` 0-day Robot
1 sibling, 0 replies; 3+ messages in thread
From: 0-day Robot @ 2021-04-19 8:57 UTC (permalink / raw)
To: test-report; +Cc: robot
From: robot@bytheb.org
Test-Label: github-robot
Test-Status: SUCCESS
http://patchwork.dpdk.org/patch/91729/
_github build: passed_
Build URL: https://github.com/ovsrobot/dpdk/actions/runs/762798336
^ permalink raw reply [flat|nested] 3+ messages in thread
* [dpdk-test-report] |WARNING| pw91729 [PATCH] net/hns3: support RAS process in Kunpeng 930
@ 2021-04-19 23:46 dpdklab
0 siblings, 0 replies; 3+ messages in thread
From: dpdklab @ 2021-04-19 23:46 UTC (permalink / raw)
To: Test Report; +Cc: dpdk-test-reports
[-- Attachment #1: Type: text/plain, Size: 2123 bytes --]
Test-Label: iol-abi-testing
Test-Status: WARNING
http://dpdk.org/patch/91729
_Testing issues_
Submitter: Min Hu (Connor) <humin29@huawei.com>
Date: Monday, April 19 2021 07:36:44
DPDK git baseline: Repo:dpdk
Branch: master
CommitID:1af0e07b2758944905389d7a0ae15499d9c4e210
91729 --> testing fail
Test environment and result as below:
+------------------+----------+
| Environment | abi_test |
+==================+==========+
| Ubuntu 18.04 ARM | FAIL |
+------------------+----------+
| Ubuntu 18.04 | FAIL |
+------------------+----------+
==== 20 line log output for Ubuntu 18.04 ARM (abi_test): ====
ABIDIFF_ABI_CHANGE, this change requires a review (abidiff flagged this as a potential issue).
Functions changes summary: 0 Removed, 0 Changed (3 filtered out), 0 Added (3 filtered out) functions
Variables changes summary: 0 Removed, 0 Changed (1 filtered out), 0 Added (1 filtered out) variables
Functions changes summary: 0 Removed (1 filtered out), 0 Changed (1 filtered out), 0 Added functions
Variables changes summary: 0 Removed, 0 Changed, 0 Added variable
Functions changes summary: 0 Removed, 0 Changed (10 filtered out), 0 Added (3 filtered out) functions
Variables changes summary: 0 Removed, 0 Changed, 0 Added variable
Functions changes summary: 0 Removed, 0 Changed, 0 Added function
Variables changes summary: 0 Removed, 0 Changed (1 filtered out), 0 Added variable
Functions changes summary: 0 Removed, 0 Changed (3 filtered out), 0 Added functions
Variables changes summary: 0 Removed, 0 Changed, 0 Added variable
Functions changes summary: 0 Removed, 0 Changed (1 filtered out), 0 Added function
Variables changes summary: 0 Removed, 0 Changed, 0 Added variable
==== End log output ====
Ubuntu 18.04 ARM
Kernel: 5.4.0-53-generic
Compiler: gcc 9.3
Ubuntu 18.04
Kernel: 4.18.0-240.10.1.el8_3.x86_64
Compiler: gcc 7.5.0-3ubuntu1~18.04
To view detailed results, visit:
https://lab.dpdk.org/results/dashboard/patchsets/16614/
UNH-IOL DPDK Community Lab
To manage your email subscriptions, visit:
https://lab.dpdk.org/results/dashboard/preferences/subscriptions/
^ permalink raw reply [flat|nested] 3+ messages in thread
end of thread, other threads:[~2021-04-19 23:46 UTC | newest]
Thread overview: 3+ messages (download: mbox.gz / follow: Atom feed)
-- links below jump to the message on this page --
[not found] <1618817804-63848-1-git-send-email-humin29@huawei.com>
2021-04-19 7:37 ` [dpdk-test-report] |WARNING| pw91729 [PATCH] net/hns3: support RAS process in Kunpeng 930 checkpatch
2021-04-19 8:57 ` [dpdk-test-report] |SUCCESS| pw91729 [dpdk-dev] " 0-day Robot
2021-04-19 23:46 [dpdk-test-report] |WARNING| pw91729 " dpdklab
This is a public inbox, see mirroring instructions
for how to clone and mirror all data and code used for this inbox;
as well as URLs for NNTP newsgroup(s).