* [dpdk-test-report] |WARNING| [GIT MASTER] 7001c8fdb27357c67147c0a13cb3826e48c0f2bf
@ 2021-06-25 13:31 dpdklab
0 siblings, 0 replies; 2+ messages in thread
From: dpdklab @ 2021-06-25 13:31 UTC (permalink / raw)
To: Test Report; +Cc: dpdk-test-reports
[-- Attachment #1: Type: text/plain, Size: 8199 bytes --]
_Testing issues_
Branch: tags/v19.11
7001c8fdb27357c67147c0a13cb3826e48c0f2bf --> testing fail
Test environment and result as below:
+------------------------------------+----------+
| Environment | abi_test |
+====================================+==========+
| FreeBSD 13 | FAIL |
+------------------------------------+----------+
| Ubuntu 18.04 ARM | FAIL |
+------------------------------------+----------+
| Ubuntu 18.04 | FAIL |
+------------------------------------+----------+
| Arch Linux | FAIL |
+------------------------------------+----------+
| Ubuntu 20.04 | FAIL |
+------------------------------------+----------+
| Fedora 32 | FAIL |
+------------------------------------+----------+
| RHEL 7 | FAIL |
+------------------------------------+----------+
| RHEL8 | FAIL |
+------------------------------------+----------+
| CentOS 8 | FAIL |
+------------------------------------+----------+
| Fedora 33 | FAIL |
+------------------------------------+----------+
| CentOS Stream 8 | FAIL |
+------------------------------------+----------+
| Ubuntu 20.04 ARM cross-compilation | FAIL |
+------------------------------------+----------+
| Fedora 34 | FAIL |
+------------------------------------+----------+
| Fedora 34 clang | FAIL |
+------------------------------------+----------+
| Fedora 31 | FAIL |
+------------------------------------+----------+
| openSUSE Leap 15 | FAIL |
+------------------------------------+----------+
==== 20 line log output for FreeBSD 13 (abi_test): ====
[106/1647] Compiling C object lib/librte_cmdline.a.p/librte_cmdline_cmdline_socket.c.o
[107/1647] Generating cmdline_def with a custom command
[108/1647] Compiling C object lib/librte_cmdline.a.p/librte_cmdline_cmdline_parse_etheraddr.c.o
[109/1647] Compiling C object lib/librte_cmdline.a.p/librte_cmdline_cmdline_vt100.c.o
[110/1647] Generating eal.exp_chk with a custom command (wrapped by meson to capture output)
[111/1647] Generating metrics_def with a custom command
[112/1647] Compiling C object lib/librte_ethdev.a.p/librte_ethdev_rte_ethdev.c.o
[113/1647] Linking target lib/librte_eal.so.20.0
FAILED: lib/librte_eal.so.20.0
cc -o lib/librte_eal.so.20.0 lib/librte_eal.a.p/librte_eal_common_eal_common_bus.c.o lib/librte_eal.a.p/librte_eal_common_eal_common_cpuflags.c.o lib/librte_eal.a.p/librte_eal_common_eal_common_class.c.o lib/librte_eal.a.p/librte_eal_common_eal_common_devargs.c.o lib/librte_eal.a.p/librte_eal_common_eal_common_dev.c.o lib/librte_eal.a.p/librte_eal_common_eal_common_errno.c.o lib/librte_eal.a.p/librte_eal_common_eal_common_fbarray.c.o lib/librte_eal.a.p/librte_eal_common_eal_common_hexdump.c.o lib/librte_eal.a.p/librte_eal_common_eal_common_hypervisor.c.o lib/librte_eal.a.p/librte_eal_common_eal_common_launch.c.o lib/librte_eal.a.p/librte_eal_common_eal_common_lcore.c.o lib/librte_eal.a.p/librte_eal_common_eal_common_log.c.o lib/librte_eal.a.p/librte_eal_common_eal_common_mcfg.c.o lib/librte_eal.a.p/librte_eal_common_eal_common_memalloc.c.o lib/librte_eal.a.p/librte_eal_common_eal_common_memory.c.o lib/librte_eal.a.p/librte_eal_common_eal_common_memzone.c.o lib/librte_eal.a.p/librte_eal_common_eal_common_options.c.o lib/librte_eal.a.p/librte_eal_common_eal_common_proc.c.o lib/librte_eal.a.p/librte_eal_common_eal_common_string_fns.c.o lib/librte_eal.a.p/librte_eal_common_eal_common_tailqs.c.o lib/librte_eal.a.p/librte_eal_common_eal_common_thread.c.o lib/librte_eal.a.p/librte_eal_common_eal_common_timer.c.o lib/librte_eal.a.p/librte_eal_common_eal_common_uuid.c.o lib/librte_eal.a.p/librte_eal_common_hotplug_mp.c.o lib/librte_eal.a.p/librte_eal_common_malloc_elem.c.o lib/librte_eal.a.p/librte_eal_common_malloc_heap.c.o lib/librte_eal.a.p/librte_eal_common_malloc_mp.c.o lib/librte_eal.a.p/librte_eal_common_rte_keepalive.c.o lib/librte_eal.a.p/librte_eal_common_rte_malloc.c.o lib/librte_eal.a.p/librte_eal_common_rte_option.c.o lib/librte_eal.a.p/librte_eal_common_rte_random.c.o lib/librte_eal.a.p/librte_eal_common_rte_reciprocal.c.o lib/librte_eal.a.p/librte_eal_common_rte_service.c.o lib/librte_eal.a.p/librte_eal_common_arch_x86_rte_spinlock.c.o lib/librte_eal.a.p/librte_eal_common_arch_x86_rte_cpuflags.c.o lib/librte_eal.a.p/librte_eal_common_arch_x86_rte_cycles.c.o lib/librte_eal.a.p/librte_eal_common_arch_x86_rte_hypervisor.c.o lib/librte_eal.a.p/librte_eal_freebsd_eal_eal_alarm.c.o lib/librte_eal.a.p/librte_eal_freebsd_eal_eal_cpuflags.c.o lib/librte_eal.a.p/librte_eal_freebsd_eal_eal_debug.c.o lib/librte_eal.a.p/librte_eal_freebsd_eal_eal_hugepage_info.c.o lib/librte_eal.a.p/librte_eal_freebsd_eal_eal_interrupts.c.o lib/librte_eal.a.p/librte_eal_freebsd_eal_eal_lcore.c.o lib/librte_eal.a.p/librte_eal_freebsd_eal_eal_memalloc.c.o lib/librte_eal.a.p/librte_eal_freebsd_eal_eal_thread.c.o lib/librte_eal.a.p/librte_eal_freebsd_eal_eal_timer.c.o lib/librte_eal.a.p/librte_eal_freebsd_eal_eal.c.o lib/librte_eal.a.p/librte_eal_freebsd_eal_eal_memory.c.o lib/librte_eal.a.p/librte_eal_freebsd_eal_eal_dev.c.o -Wl,--as-needed -Wl,--no-undefined -shared -fPIC -Wl,--start-group -Wl,-soname,librte_eal.so.20.0 -Wl,--no-as-needed -pthread -lm -lexecinfo '-Wl,-rpath,$ORIGIN/' -Wl,-rpath-link,/usr/home/jenkins/jenkins-agent/workspace/Generic-VM-DPDK-Compile-ABI@2/dpdk/build/lib lib/librte_kvargs.so.20.0 -Wl,--end-group -Wl,--version-script=/usr/home/jenkins/jenkins-agent/workspace/Generic-VM-DPDK-Compile-ABI@2/dpdk/lib/librte_eal/rte_eal_version.map
ld: error: undefined symbol: CPU_NAND
>>> referenced by eal_common_options.c:1497 (../lib/librte_eal/common/eal_common_options.c:1497)
>>> lib/librte_eal.a.p/librte_eal_common_eal_common_options.c.o:(eal_adjust_config)
cc: error: linker command failed with exit code 1 (use -v to see invocation)
[114/1647] Compiling C object lib/librte_cmdline.a.p/librte_cmdline_cmdline_rdline.c.o
[115/1647] Linking static target lib/librte_ethdev.a
[116/1647] Compiling C object lib/librte_metrics.a.p/librte_metrics_rte_metrics.c.o
[117/1647] Compiling C object lib/librte_hash.a.p/librte_hash_rte_fbk_hash.c.o
[118/1647] Compiling C object lib/librte_hash.a.p/librte_hash_rte_cuckoo_hash.c.o
ninja: build stopped: subcommand failed.
==== End log output ====
FreeBSD 13
Kernel: 13.0
Compiler: clang 11.0.1
Ubuntu 18.04 ARM
Kernel: 5.4.0-53-generic
Compiler: gcc 9.3
Ubuntu 18.04
Kernel: 4.18.0-240.10.1.el8_3.x86_64
Compiler: gcc 7.5.0-3ubuntu1~18.04
Arch Linux
Kernel: 5.4.0-73-generic
Compiler: gcc 11.1.0
Ubuntu 20.04
Kernel: 4.18.0-240.10.1.el8_3.x86_64
Compiler: gcc 9.3.0-17ubuntu1~20.04
Fedora 32
Kernel: 4.18.0-240.10.1.el8_3.x86_64
Compiler: gcc 10.2.1
RHEL 7
Kernel: 4.18.0-240.10.1.el8_3.x86_64
Compiler: gcc 4.8.5 20150623 (Red Hat 4.8.5-44)
RHEL8
Kernel: 4.18.0-240.10.1.el8_3.x86_64
Compiler: gcc 8.3.1 20191121 (Red Hat 8.3.1-5)
CentOS 8
Kernel: 4.18.0-240.10.1.el8_3.x86_64
Compiler: gcc 8.3.1 20191121 (Red Hat 8.3.1-5)
Fedora 33
Kernel: 5.4.0-72-generic
Compiler: gcc 10.3.1 20210422 (Red Hat 10.3.1-1)
CentOS Stream 8
Kernel: 4.18.0-240.10.1.el8_3.x86_64
Compiler: gcc 8.4.1 20200928
Ubuntu 20.04 ARM cross-compilation
Kernel: 5.4.0-72-generic
Compiler: aarch64-linux-gnu-gcc (Ubuntu 9.3.0-17ubuntu1~20.04) 9.3.0
Fedora 34
Kernel: 5.4.0-72-generic
Compiler: gcc 11.1.1 20210428 (Red Hat 11.1.1-1)
Fedora 34 clang
Kernel: 5.4.0-72-generic
Compiler: clang 12.0.0 (Fedora 12.0.0-0.3.rc1.fc34)
Fedora 31
Kernel: 4.18.0-240.10.1.el8_3.x86_64
Compiler: gcc 9.3.1
openSUSE Leap 15
Kernel: 4.18.0-240.10.1.el8_3.x86_64
Compiler: gcc 7.5.0
To view detailed results, visit:
https://lab.dpdk.org/results/dashboard/tarballs/15629/
UNH-IOL DPDK Community Lab
To manage your email subscriptions, visit:
https://lab.dpdk.org/results/dashboard/preferences/subscriptions/
^ permalink raw reply [flat|nested] 2+ messages in thread
* [dpdk-test-report] |WARNING| [GIT MASTER] 7001c8fdb27357c67147c0a13cb3826e48c0f2bf
@ 2019-11-28 23:00 dpdklab
0 siblings, 0 replies; 2+ messages in thread
From: dpdklab @ 2019-11-28 23:00 UTC (permalink / raw)
To: Test Report; +Cc: dpdk-test-reports
[-- Attachment #1: Type: text/plain, Size: 1114 bytes --]
_Compilie Testing issues_
Branch: dpdk
7001c8fdb27357c67147c0a13cb3826e48c0f2bf --> compile testing fail
Test environment and result as below:
+--------------+-------------------+--------------+------------------+
| Environment | dpdk_compile_spdk | dpdk_compile | dpdk_compile_ovs |
+==============+===================+==============+==================+
| FreeBSD 11.2 | PASS | PASS | SKIPPED |
+--------------+-------------------+--------------+------------------+
| Ubuntu 18.04 | FAIL | PASS | PASS |
+--------------+-------------------+--------------+------------------+
| CentOS 8 | SKIPPED | PASS | PASS |
+--------------+-------------------+--------------+------------------+
FreeBSD 11.2
Kernel: 11.2
GCC: 8.3
Ubuntu 18.04
Kernel: 4.15.0-generic
GCC: 7.4
CentOS 8
Kernel: 4.18.0.el8_0
GCC: 8.2
https://lab.dpdk.org/results/dashboard/tarballs/7336/
UNH-IOL DPDK Performance Test Lab
To manage your email subscriptions visit:
https://lab.dpdk.org/results/dashboard/preferences/subscriptions/
^ permalink raw reply [flat|nested] 2+ messages in thread
end of thread, other threads:[~2021-06-25 13:31 UTC | newest]
Thread overview: 2+ messages (download: mbox.gz / follow: Atom feed)
-- links below jump to the message on this page --
2021-06-25 13:31 [dpdk-test-report] |WARNING| [GIT MASTER] 7001c8fdb27357c67147c0a13cb3826e48c0f2bf dpdklab
-- strict thread matches above, loose matches on Subject: below --
2019-11-28 23:00 dpdklab
This is a public inbox, see mirroring instructions
for how to clone and mirror all data and code used for this inbox;
as well as URLs for NNTP newsgroup(s).