* [dpdk-test-report] |FAILURE| pw96045-96049 [PATCH] [v6, 5/5] doc: update doc for inflight packets clear API in vhost lib
@ 2021-07-19 12:46 dpdklab
0 siblings, 0 replies; 3+ messages in thread
From: dpdklab @ 2021-07-19 12:46 UTC (permalink / raw)
To: Georgii Tkachuk, Qian Xu, Lijuan Tu, Test Report, Ferruh Yigit
Cc: dpdk-test-reports
[-- Attachment #1: Type: text/plain, Size: 2980 bytes --]
Test-Label: iol-intel-Performance
Test-Status: FAILURE
http://dpdk.org/patch/96049
_Performance Testing issues_
Submitter: Cheng Jiang <Cheng1.jiang@intel.com>
Date: Monday, July 19 2021 08:10:22
DPDK git baseline: Repo:dpdk
Branch: master
CommitID:761a321acf9111132f7789ac374e08a7ea7ea0f7
96045-96049 --> performance testing fail
Test environment and result as below:
Ubuntu 20.04
Kernel: 4.15.0-generic
Compiler: gcc 7.4
NIC: Intel Corporation Ethernet Converged Network Adapter XL710-QDA2 40000 Mbps
Target: x86_64-native-linuxapp-gcc
Fail/Total: 0/4
Detail performance results:
+------------+---------+----------+-------------+------------------------------+
| frame_size | txd/rxd | num_cpus | num_threads | throughput difference from |
| | | | | expected |
+============+=========+==========+=============+==============================+
| 64 | 512 | 1 | 1 | 7.6% |
+------------+---------+----------+-------------+------------------------------+
| 64 | 2048 | 1 | 1 | -2.0% |
+------------+---------+----------+-------------+------------------------------+
| 1 | 2 | 512 | 64 | -3.3% |
+------------+---------+----------+-------------+------------------------------+
| 1 | 2 | 2048 | 64 | -2.9% |
+------------+---------+----------+-------------+------------------------------+
Ubuntu 20.04
Kernel: 4.15.0-generic
Compiler: gcc 7.4
NIC: Intel Corporation Ethernet Converged Network Adapter 82599ES 10000 Mbps
Target: x86_64-native-linuxapp-gcc
Fail/Total: 2/4
Detail performance results:
+------------+---------+----------+-------------+------------------------------+
| frame_size | txd/rxd | num_cpus | num_threads | throughput difference from |
| | | | | expected |
+============+=========+==========+=============+==============================+
| 64 | 512 | 1 | 1 | -5.3% |
+------------+---------+----------+-------------+------------------------------+
| 64 | 2048 | 1 | 1 | -19.4% |
+------------+---------+----------+-------------+------------------------------+
| 1 | 2 | 512 | 64 | 0.0% |
+------------+---------+----------+-------------+------------------------------+
| 1 | 2 | 2048 | 64 | -0.4% |
+------------+---------+----------+-------------+------------------------------+
To view detailed results, visit:
https://lab.dpdk.org/results/dashboard/patchsets/17884/
UNH-IOL DPDK Community Lab
To manage your email subscriptions, visit:
https://lab.dpdk.org/results/dashboard/preferences/subscriptions/
^ permalink raw reply [flat|nested] 3+ messages in thread
* [dpdk-test-report] |FAILURE| pw96045-96049 [PATCH] [v6, 5/5] doc: update doc for inflight packets clear API in vhost lib
@ 2021-07-19 13:49 dpdklab
0 siblings, 0 replies; 3+ messages in thread
From: dpdklab @ 2021-07-19 13:49 UTC (permalink / raw)
To: Test Report; +Cc: dpdklab
[-- Attachment #1: Type: text/plain, Size: 10849 bytes --]
Test-Label: iol-testing
Test-Status: FAILURE
http://dpdk.org/patch/96049
_Testing issues_
Submitter: Cheng Jiang <Cheng1.jiang@intel.com>
Date: Monday, July 19 2021 08:10:22
DPDK git baseline: Repo:dpdk
Branch: master
CommitID:761a321acf9111132f7789ac374e08a7ea7ea0f7
96045-96049 --> testing fail
Test environment and result as below:
+------------------------------------+----------------------+--------------------+-------------------+----------------+
| Environment | dpdk_mingw64_compile | dpdk_meson_compile | dpdk_compile_spdk | dpdk_unit_test |
+====================================+======================+====================+===================+================+
| Windows Server 2019 | PASS | PASS | SKIPPED | SKIPPED |
+------------------------------------+----------------------+--------------------+-------------------+----------------+
| Ubuntu 20.04 ARM | SKIPPED | FAIL | SKIPPED | SKIPPED |
+------------------------------------+----------------------+--------------------+-------------------+----------------+
| FreeBSD 13 | SKIPPED | PASS | SKIPPED | SKIPPED |
+------------------------------------+----------------------+--------------------+-------------------+----------------+
| Ubuntu 18.04 | SKIPPED | PASS | PASS | PASS |
+------------------------------------+----------------------+--------------------+-------------------+----------------+
| openSUSE Leap 15 | SKIPPED | PASS | SKIPPED | PASS |
+------------------------------------+----------------------+--------------------+-------------------+----------------+
| CentOS 8 | SKIPPED | PASS | SKIPPED | PASS |
+------------------------------------+----------------------+--------------------+-------------------+----------------+
| FreeBSD 11.2 | SKIPPED | PASS | SKIPPED | SKIPPED |
+------------------------------------+----------------------+--------------------+-------------------+----------------+
| CentOS Stream 8 | SKIPPED | PASS | SKIPPED | PASS |
+------------------------------------+----------------------+--------------------+-------------------+----------------+
| Fedora 31 | SKIPPED | PASS | SKIPPED | PASS |
+------------------------------------+----------------------+--------------------+-------------------+----------------+
| Ubuntu 20.04 | SKIPPED | PASS | SKIPPED | PASS |
+------------------------------------+----------------------+--------------------+-------------------+----------------+
| Fedora 32 | SKIPPED | PASS | SKIPPED | PASS |
+------------------------------------+----------------------+--------------------+-------------------+----------------+
| Arch Linux | SKIPPED | PASS | SKIPPED | PASS |
+------------------------------------+----------------------+--------------------+-------------------+----------------+
| Alpine | SKIPPED | PASS | SKIPPED | SKIPPED |
+------------------------------------+----------------------+--------------------+-------------------+----------------+
| RHEL8 | SKIPPED | PASS | SKIPPED | PASS |
+------------------------------------+----------------------+--------------------+-------------------+----------------+
| Ubuntu 20.04 ARM cross-compilation | SKIPPED | FAIL | SKIPPED | SKIPPED |
+------------------------------------+----------------------+--------------------+-------------------+----------------+
| Fedora 34 clang | SKIPPED | PASS | SKIPPED | PASS |
+------------------------------------+----------------------+--------------------+-------------------+----------------+
| Fedora 34 | SKIPPED | PASS | SKIPPED | PASS |
+------------------------------------+----------------------+--------------------+-------------------+----------------+
| Fedora 33 | SKIPPED | PASS | SKIPPED | PASS |
+------------------------------------+----------------------+--------------------+-------------------+----------------+
| RHEL 7 | SKIPPED | PASS | SKIPPED | PASS |
+------------------------------------+----------------------+--------------------+-------------------+----------------+
==== 20 line log output for Ubuntu 20.04 ARM (dpdk_meson_compile): ====
[2719/3047] Compiling C object examples/dpdk-timer.p/timer_main.c.o
[2720/3047] Generating ethdev.sym_chk with a custom command (wrapped by meson to capture output)
[2721/3047] Generating rte_baseband_fpga_lte_fec.sym_chk with a custom command (wrapped by meson to capture output)
[2722/3047] Generating rte_event_octeontx2.sym_chk with a custom command (wrapped by meson to capture output)
[2723/3047] Compiling C object examples/dpdk-vhost.p/vhost_main.c.o
FAILED: examples/dpdk-vhost.p/vhost_main.c.o
ccache cc -Iexamples/dpdk-vhost.p -Iexamples -I../examples -Iexamples/vhost -I../examples/vhost -I. -I.. -Iconfig -I../config -Ilib/eal/include -I../lib/eal/include -Ilib/eal/linux/include -I../lib/eal/linux/include -Ilib/eal/arm/include -I../lib/eal/arm/include -Ilib/eal/common -I../lib/eal/common -Ilib/eal -I../lib/eal -Ilib/kvargs -I../lib/kvargs -Ilib/metrics -I../lib/metrics -Ilib/telemetry -I../lib/telemetry -Ilib/mempool -I../lib/mempool -Ilib/ring -I../lib/ring -Ilib/net -I../lib/net -Ilib/mbuf -I../lib/mbuf -Ilib/ethdev -I../lib/ethdev -Ilib/meter -I../lib/meter -Ilib/cmdline -I../lib/cmdline -Ilib/vhost -I../lib/vhost -Ilib/cryptodev -I../lib/cryptodev -Ilib/rcu -I../lib/rcu -Ilib/hash -I../lib/hash -Ilib/pci -I../lib/pci -fdiagnostics-color=always -D_FILE_OFFSET_BITS=64 -Wall -Winvalid-pch -Werror -O3 -include rte_config.h -Wextra -Wcast-qual -Wdeprecated -Wformat -Wformat-nonliteral -Wformat-security -Wmissing-declarations -Wmissing-prototypes -Wnested-externs -Wold-style-definition -Wpointer-arith -Wsign-compare -Wstrict-prototypes -Wundef -Wwrite-strings -Wno-address-of-packed-member -Wno-packed-not-aligned -Wno-missing-field-initializers -D_GNU_SOURCE -march=armv8.1-a+crc+crypto -mcpu=thunderx2t99 -Wno-format-truncation -DALLOW_EXPERIMENTAL_API -MD -MQ examples/dpdk-vhost.p/vhost_main.c.o -MF examples/dpdk-vhost.p/vhost_main.c.o.d -o examples/dpdk-vhost.p/vhost_main.c.o -c ../examples/vhost/main.c
../examples/vhost/main.c: In function ‘new_device’:
../examples/vhost/main.c:1493:30: error: assignment to ‘int32_t (*)(int, uint16_t, struct rte_vhost_async_desc *, struct rte_vhost_async_status *, uint16_t)’ {aka ‘int (*)(int, short unsigned int, struct rte_vhost_async_desc *, struct rte_vhost_async_status *, short unsigned int)’} from incompatible pointer type ‘uint32_t (*)(int, uint16_t, struct rte_vhost_async_desc *, struct rte_vhost_async_status *, uint16_t)’ {aka ‘unsigned int (*)(int, short unsigned int, struct rte_vhost_async_desc *, struct rte_vhost_async_status *, short unsigned int)’} [-Werror=incompatible-pointer-types]
1493 | channel_ops.transfer_data = ioat_transfer_data_cb;
| ^
../examples/vhost/main.c:1494:39: error: assignment to ‘int32_t (*)(int, uint16_t, struct rte_vhost_async_status *, uint16_t)’ {aka ‘int (*)(int, short unsigned int, struct rte_vhost_async_status *, short unsigned int)’} from incompatible pointer type ‘uint32_t (*)(int, uint16_t, struct rte_vhost_async_status *, uint16_t)’ {aka ‘unsigned int (*)(int, short unsigned int, struct rte_vhost_async_status *, short unsigned int)’} [-Werror=incompatible-pointer-types]
1494 | channel_ops.check_completed_copies =
| ^
cc1: all warnings being treated as errors
[2724/3047] Generating rte_common_sfc_efx.sym_chk with a custom command (wrapped by meson to capture output)
[2725/3047] Generating eal.sym_chk with a custom command (wrapped by meson to capture output)
[2726/3047] Generating rte_common_cnxk.sym_chk with a custom command (wrapped by meson to capture output)
ninja: build stopped: subcommand failed.
[1] Error running command.
==== End log output ====
Windows Server 2019
Kernel: 10.0
Compiler: clang 9.0 and gcc 8.1.0 (MinGW)
Ubuntu 20.04 ARM
Kernel: 5.4.0-53-generic
Compiler: gcc 9.3
FreeBSD 13
Kernel: 13.0
Compiler: clang 11.0.1
Ubuntu 18.04
Kernel: 4.18.0-240.10.1.el8_3.x86_64
Compiler: gcc 7.5.0-3ubuntu1~18.04
openSUSE Leap 15
Kernel: 4.18.0-240.10.1.el8_3.x86_64
Compiler: gcc 7.5.0
CentOS 8
Kernel: 4.18.0-240.10.1.el8_3.x86_64
Compiler: gcc 8.3.1 20191121 (Red Hat 8.3.1-5)
FreeBSD 11.2
Kernel: 11.2
Compiler: gcc 8.3
CentOS Stream 8
Kernel: 4.18.0-240.10.1.el8_3.x86_64
Compiler: gcc 8.4.1 20200928
Fedora 31
Kernel: 4.18.0-240.10.1.el8_3.x86_64
Compiler: gcc 9.3.1
Ubuntu 20.04
Kernel: 4.18.0-240.10.1.el8_3.x86_64
Compiler: gcc 9.3.0-17ubuntu1~20.04
Fedora 32
Kernel: 4.18.0-240.10.1.el8_3.x86_64
Compiler: gcc 10.2.1
Arch Linux
Kernel: 5.4.0-73-generic
Compiler: gcc 11.1.0
Alpine
Kernel: 5.4.0-73-generic
Compiler: gcc (Alpine 10.3.1_git20210424) 10.3.1 20210424
RHEL8
Kernel: 4.18.0-240.10.1.el8_3.x86_64
Compiler: gcc 8.3.1 20191121 (Red Hat 8.3.1-5)
Ubuntu 20.04 ARM cross-compilation
Kernel: 5.4.0-72-generic
Compiler: aarch64-linux-gnu-gcc (Ubuntu 9.3.0-17ubuntu1~20.04) 9.3.0
Fedora 34 clang
Kernel: 5.4.0-72-generic
Compiler: clang 12.0.0 (Fedora 12.0.0-0.3.rc1.fc34)
Fedora 34
Kernel: 5.4.0-72-generic
Compiler: gcc 11.1.1 20210428 (Red Hat 11.1.1-1)
Fedora 33
Kernel: 5.4.0-72-generic
Compiler: gcc 10.3.1 20210422 (Red Hat 10.3.1-1)
RHEL 7
Kernel: 4.18.0-240.10.1.el8_3.x86_64
Compiler: gcc 4.8.5 20150623 (Red Hat 4.8.5-44)
To view detailed results, visit:
https://lab.dpdk.org/results/dashboard/patchsets/17884/
UNH-IOL DPDK Community Lab
To manage your email subscriptions, visit:
https://lab.dpdk.org/results/dashboard/preferences/subscriptions/
^ permalink raw reply [flat|nested] 3+ messages in thread
* [dpdk-test-report] |FAILURE| pw96045-96049 [PATCH] [v6, 5/5] doc: update doc for inflight packets clear API in vhost lib
@ 2021-07-19 10:21 dpdklab
0 siblings, 0 replies; 3+ messages in thread
From: dpdklab @ 2021-07-19 10:21 UTC (permalink / raw)
To: Georgii Tkachuk, Qian Xu, Lijuan Tu, Test Report, Ferruh Yigit
Cc: dpdk-test-reports
[-- Attachment #1: Type: text/plain, Size: 2980 bytes --]
Test-Label: iol-intel-Performance
Test-Status: FAILURE
http://dpdk.org/patch/96049
_Performance Testing issues_
Submitter: Cheng Jiang <Cheng1.jiang@intel.com>
Date: Monday, July 19 2021 08:10:22
DPDK git baseline: Repo:dpdk
Branch: master
CommitID:761a321acf9111132f7789ac374e08a7ea7ea0f7
96045-96049 --> performance testing fail
Test environment and result as below:
Ubuntu 20.04
Kernel: 4.15.0-generic
Compiler: gcc 7.4
NIC: Intel Corporation Ethernet Converged Network Adapter XL710-QDA2 40000 Mbps
Target: x86_64-native-linuxapp-gcc
Fail/Total: 0/4
Detail performance results:
+------------+---------+----------+-------------+------------------------------+
| frame_size | txd/rxd | num_cpus | num_threads | throughput difference from |
| | | | | expected |
+============+=========+==========+=============+==============================+
| 64 | 512 | 1 | 1 | 7.6% |
+------------+---------+----------+-------------+------------------------------+
| 64 | 2048 | 1 | 1 | -2.0% |
+------------+---------+----------+-------------+------------------------------+
| 1 | 2 | 512 | 64 | -3.3% |
+------------+---------+----------+-------------+------------------------------+
| 1 | 2 | 2048 | 64 | -2.9% |
+------------+---------+----------+-------------+------------------------------+
Ubuntu 20.04
Kernel: 4.15.0-generic
Compiler: gcc 7.4
NIC: Intel Corporation Ethernet Converged Network Adapter 82599ES 10000 Mbps
Target: x86_64-native-linuxapp-gcc
Fail/Total: 2/4
Detail performance results:
+------------+---------+----------+-------------+------------------------------+
| frame_size | txd/rxd | num_cpus | num_threads | throughput difference from |
| | | | | expected |
+============+=========+==========+=============+==============================+
| 64 | 512 | 1 | 1 | -5.3% |
+------------+---------+----------+-------------+------------------------------+
| 64 | 2048 | 1 | 1 | -18.9% |
+------------+---------+----------+-------------+------------------------------+
| 1 | 2 | 512 | 64 | 0.1% |
+------------+---------+----------+-------------+------------------------------+
| 1 | 2 | 2048 | 64 | -0.2% |
+------------+---------+----------+-------------+------------------------------+
To view detailed results, visit:
https://lab.dpdk.org/results/dashboard/patchsets/17884/
UNH-IOL DPDK Community Lab
To manage your email subscriptions, visit:
https://lab.dpdk.org/results/dashboard/preferences/subscriptions/
^ permalink raw reply [flat|nested] 3+ messages in thread
end of thread, other threads:[~2021-07-19 13:49 UTC | newest]
Thread overview: 3+ messages (download: mbox.gz / follow: Atom feed)
-- links below jump to the message on this page --
2021-07-19 12:46 [dpdk-test-report] |FAILURE| pw96045-96049 [PATCH] [v6, 5/5] doc: update doc for inflight packets clear API in vhost lib dpdklab
-- strict thread matches above, loose matches on Subject: below --
2021-07-19 13:49 dpdklab
2021-07-19 10:21 dpdklab
This is a public inbox, see mirroring instructions
for how to clone and mirror all data and code used for this inbox;
as well as URLs for NNTP newsgroup(s).