* [dpdk-test-report] |WARNING| pw96193 [PATCH] net/iavf: fix tx thresh check issue
@ 2021-07-22 11:35 dpdklab
0 siblings, 0 replies; only message in thread
From: dpdklab @ 2021-07-22 11:35 UTC (permalink / raw)
To: Test Report; +Cc: dpdklab
[-- Attachment #1: Type: text/plain, Size: 4501 bytes --]
Test-Label: iol-abi-testing
Test-Status: WARNING
http://dpdk.org/patch/96193
_Testing issues_
Submitter: Xiaoyun Li <xiaoyun.li@intel.com>
Date: Thursday, July 22 2021 07:56:20
DPDK git baseline: Repo:dpdk
Branch: master
CommitID:4e8169eb0d2d34067f56b368633f816ce927650a
96193 --> testing fail
Test environment and result as below:
+------------------------------------+----------+
| Environment | abi_test |
+====================================+==========+
| Ubuntu 20.04 ARM | PASS |
+------------------------------------+----------+
| Ubuntu 18.04 | PASS |
+------------------------------------+----------+
| CentOS 8 | PASS |
+------------------------------------+----------+
| Arch Linux | PASS |
+------------------------------------+----------+
| RHEL 7 | PASS |
+------------------------------------+----------+
| RHEL8 | PASS |
+------------------------------------+----------+
| Ubuntu 20.04 | FAIL |
+------------------------------------+----------+
| Fedora 33 | FAIL |
+------------------------------------+----------+
| Ubuntu 20.04 ARM cross-compilation | FAIL |
+------------------------------------+----------+
| Fedora 32 | PASS |
+------------------------------------+----------+
| openSUSE Leap 15 | PASS |
+------------------------------------+----------+
| Fedora 31 | PASS |
+------------------------------------+----------+
| CentOS Stream 8 | PASS |
+------------------------------------+----------+
| Fedora 34 | PASS |
+------------------------------------+----------+
| Fedora 34 clang | PASS |
+------------------------------------+----------+
==== 20 line log output for Ubuntu 20.04 (abi_test): ====
collect2: error: ld returned 1 exit status
[3016/3081] Linking target app/dpdk-test-flow-perf
[3017/3081] Linking target app/dpdk-test-fib
[3018/3081] Linking target app/dpdk-test-regex
[3019/3081] Linking target examples/dpdk-l2fwd-crypto
[3020/3081] Linking target app/dpdk-test-compress-perf
[3021/3081] Linking target app/dpdk-test-pipeline
[3022/3081] Linking target app/dpdk-testpmd
[3023/3081] Linking target app/dpdk-pdump
[3024/3081] Linking target app/dpdk-test-acl
[3025/3081] Linking target app/dpdk-test-eventdev
[3026/3081] Linking target app/dpdk-test-cmdline
[3027/3081] Linking target app/dpdk-test-crypto-perf
[3028/3081] Linking target examples/dpdk-cmdline
[3029/3081] Linking target app/dpdk-test-bbdev
[3030/3081] Linking target app/dpdk-test-sad
[3031/3081] Linking target app/test/dpdk-test
ninja: build stopped: subcommand failed.
==== Creating reference DPDK ABI
==== Checking ABI
==== End log output ====
Ubuntu 20.04 ARM
Kernel: 5.4.0-53-generic
Compiler: gcc 9.3
Ubuntu 18.04
Kernel: 4.18.0-240.10.1.el8_3.x86_64
Compiler: gcc 7.5.0-3ubuntu1~18.04
CentOS 8
Kernel: 4.18.0-240.10.1.el8_3.x86_64
Compiler: gcc 8.3.1 20191121 (Red Hat 8.3.1-5)
Arch Linux
Kernel: 5.4.0-73-generic
Compiler: gcc 11.1.0
RHEL 7
Kernel: 4.18.0-240.10.1.el8_3.x86_64
Compiler: gcc 4.8.5 20150623 (Red Hat 4.8.5-44)
RHEL8
Kernel: 4.18.0-240.10.1.el8_3.x86_64
Compiler: gcc 8.3.1 20191121 (Red Hat 8.3.1-5)
Ubuntu 20.04
Kernel: 4.18.0-240.10.1.el8_3.x86_64
Compiler: gcc 9.3.0-17ubuntu1~20.04
Fedora 33
Kernel: 5.4.0-72-generic
Compiler: gcc 10.3.1 20210422 (Red Hat 10.3.1-1)
Ubuntu 20.04 ARM cross-compilation
Kernel: 5.4.0-72-generic
Compiler: aarch64-linux-gnu-gcc (Ubuntu 9.3.0-17ubuntu1~20.04) 9.3.0
Fedora 32
Kernel: 4.18.0-240.10.1.el8_3.x86_64
Compiler: gcc 10.2.1
openSUSE Leap 15
Kernel: 4.18.0-240.10.1.el8_3.x86_64
Compiler: gcc 7.5.0
Fedora 31
Kernel: 4.18.0-240.10.1.el8_3.x86_64
Compiler: gcc 9.3.1
CentOS Stream 8
Kernel: 4.18.0-240.10.1.el8_3.x86_64
Compiler: gcc 8.4.1 20200928
Fedora 34
Kernel: 5.4.0-72-generic
Compiler: gcc 11.1.1 20210428 (Red Hat 11.1.1-1)
Fedora 34 clang
Kernel: 5.4.0-72-generic
Compiler: clang 12.0.0 (Fedora 12.0.0-0.3.rc1.fc34)
To view detailed results, visit:
https://lab.dpdk.org/results/dashboard/patchsets/17939/
UNH-IOL DPDK Community Lab
To manage your email subscriptions, visit:
https://lab.dpdk.org/results/dashboard/preferences/subscriptions/
^ permalink raw reply [flat|nested] only message in thread
only message in thread, other threads:[~2021-07-22 11:35 UTC | newest]
Thread overview: (only message) (download: mbox.gz / follow: Atom feed)
-- links below jump to the message on this page --
2021-07-22 11:35 [dpdk-test-report] |WARNING| pw96193 [PATCH] net/iavf: fix tx thresh check issue dpdklab
This is a public inbox, see mirroring instructions
for how to clone and mirror all data and code used for this inbox;
as well as URLs for NNTP newsgroup(s).