* [dpdk-test-report] |FAILURE| pw96897-96906 [PATCH] [v3, 10/10] ipsec: add ol_flags support
@ 2021-08-13 12:28 dpdklab
0 siblings, 0 replies; 2+ messages in thread
From: dpdklab @ 2021-08-13 12:28 UTC (permalink / raw)
To: Test Report; +Cc: dpdk-test-reports, Nicolau, Radu
[-- Attachment #1: Type: text/plain, Size: 2013 bytes --]
Test-Label: iol-aarch64-unit-testing
Test-Status: FAILURE
http://dpdk.org/patch/96906
_Testing issues_
Submitter: Nicolau, Radu <radu.nicolau@intel.com>
Date: Friday, August 13 2021 09:30:19
DPDK git baseline: Repo:dpdk
Branch: master
CommitID:4ac3f3d76e9507a93bcf48d165ffd3a1faba08bb
96897-96906 --> testing fail
Test environment and result as below:
+------------------+----------------+
| Environment | dpdk_unit_test |
+==================+================+
| Ubuntu 20.04 ARM | FAIL |
+------------------+----------------+
==== 20 line log output for Ubuntu 20.04 ARM (dpdk_unit_test): ====
85/94 DPDK:fast-tests / thash_autotest OK 0.30s
86/94 DPDK:fast-tests / trace_autotest OK 0.42s
87/94 DPDK:fast-tests / telemetry_json_autotest OK 0.40s
88/94 DPDK:fast-tests / telemetry_data_autotest OK 0.46s
89/94 DPDK:fast-tests / ring_pmd_autotest OK 0.33s
90/94 DPDK:fast-tests / event_eth_tx_adapter_autotest OK 1.37s
91/94 DPDK:fast-tests / bitratestats_autotest OK 0.29s
92/94 DPDK:fast-tests / latencystats_autotest OK 0.30s
93/94 DPDK:fast-tests / pdump_autotest OK 5.40s
94/94 DPDK:fast-tests / compressdev_autotest SKIP 0.44s exit status 77
Ok: 89
Expected Fail: 0
Fail: 1
Unexpected Pass: 0
Skipped: 4
Timeout: 0
Full log written to /home-local/jenkins-local/jenkins-agent/workspace/Arm-gigabyte-Unit-Test-DPDK/dpdk/build/meson-logs/testlog.txt
==== End log output ====
Ubuntu 20.04 ARM
Kernel: 5.4.0-53-generic
Compiler: gcc 9.3
To view detailed results, visit:
https://lab.dpdk.org/results/dashboard/patchsets/18200/
UNH-IOL DPDK Community Lab
To manage your email subscriptions, visit:
https://lab.dpdk.org/results/dashboard/preferences/subscriptions/
^ permalink raw reply [flat|nested] 2+ messages in thread
* [dpdk-test-report] |FAILURE| pw96897-96906 [PATCH] [v3, 10/10] ipsec: add ol_flags support
@ 2021-08-13 13:16 dpdklab
0 siblings, 0 replies; 2+ messages in thread
From: dpdklab @ 2021-08-13 13:16 UTC (permalink / raw)
To: Test Report; +Cc: dpdk-test-reports, Nicolau, Radu
[-- Attachment #1: Type: text/plain, Size: 2013 bytes --]
Test-Label: iol-aarch64-unit-testing
Test-Status: FAILURE
http://dpdk.org/patch/96906
_Testing issues_
Submitter: Nicolau, Radu <radu.nicolau@intel.com>
Date: Friday, August 13 2021 09:30:19
DPDK git baseline: Repo:dpdk
Branch: master
CommitID:4ac3f3d76e9507a93bcf48d165ffd3a1faba08bb
96897-96906 --> testing fail
Test environment and result as below:
+------------------+----------------+
| Environment | dpdk_unit_test |
+==================+================+
| Ubuntu 20.04 ARM | FAIL |
+------------------+----------------+
==== 20 line log output for Ubuntu 20.04 ARM (dpdk_unit_test): ====
85/94 DPDK:fast-tests / thash_autotest OK 0.32s
86/94 DPDK:fast-tests / trace_autotest OK 0.43s
87/94 DPDK:fast-tests / telemetry_json_autotest OK 0.42s
88/94 DPDK:fast-tests / telemetry_data_autotest OK 0.44s
89/94 DPDK:fast-tests / ring_pmd_autotest OK 0.34s
90/94 DPDK:fast-tests / event_eth_tx_adapter_autotest OK 1.26s
91/94 DPDK:fast-tests / bitratestats_autotest OK 0.33s
92/94 DPDK:fast-tests / latencystats_autotest OK 0.35s
93/94 DPDK:fast-tests / pdump_autotest OK 5.41s
94/94 DPDK:fast-tests / compressdev_autotest SKIP 0.41s exit status 77
Ok: 89
Expected Fail: 0
Fail: 1
Unexpected Pass: 0
Skipped: 4
Timeout: 0
Full log written to /home-local/jenkins-local/jenkins-agent/workspace/Arm-gigabyte-Unit-Test-DPDK/dpdk/build/meson-logs/testlog.txt
==== End log output ====
Ubuntu 20.04 ARM
Kernel: 5.4.0-53-generic
Compiler: gcc 9.3
To view detailed results, visit:
https://lab.dpdk.org/results/dashboard/patchsets/18200/
UNH-IOL DPDK Community Lab
To manage your email subscriptions, visit:
https://lab.dpdk.org/results/dashboard/preferences/subscriptions/
^ permalink raw reply [flat|nested] 2+ messages in thread
end of thread, other threads:[~2021-08-13 13:16 UTC | newest]
Thread overview: 2+ messages (download: mbox.gz / follow: Atom feed)
-- links below jump to the message on this page --
2021-08-13 12:28 [dpdk-test-report] |FAILURE| pw96897-96906 [PATCH] [v3, 10/10] ipsec: add ol_flags support dpdklab
2021-08-13 13:16 dpdklab
This is a public inbox, see mirroring instructions
for how to clone and mirror all data and code used for this inbox;
as well as URLs for NNTP newsgroup(s).