* [dpdk-test-report] |WARNING| pw96897-96906 [PATCH] [v3, 10/10] ipsec: add ol_flags support
@ 2021-08-13 15:33 dpdklab
0 siblings, 0 replies; 2+ messages in thread
From: dpdklab @ 2021-08-13 15:33 UTC (permalink / raw)
To: Test Report; +Cc: dpdklab, Nicolau, Radu
[-- Attachment #1: Type: text/plain, Size: 4889 bytes --]
Test-Label: iol-abi-testing
Test-Status: WARNING
http://dpdk.org/patch/96906
_Testing issues_
Submitter: Nicolau, Radu <radu.nicolau@intel.com>
Date: Friday, August 13 2021 09:30:19
DPDK git baseline: Repo:dpdk
Branch: master
CommitID:4ac3f3d76e9507a93bcf48d165ffd3a1faba08bb
96897-96906 --> testing fail
Test environment and result as below:
+------------------------------------+----------+
| Environment | abi_test |
+====================================+==========+
| Ubuntu 20.04 ARM | FAIL |
+------------------------------------+----------+
| FreeBSD 13 | PASS |
+------------------------------------+----------+
| RHEL 7 | FAIL |
+------------------------------------+----------+
| Ubuntu 18.04 | FAIL |
+------------------------------------+----------+
| CentOS Stream 8 | FAIL |
+------------------------------------+----------+
| RHEL8 | FAIL |
+------------------------------------+----------+
| Arch Linux | FAIL |
+------------------------------------+----------+
| CentOS 8 | FAIL |
+------------------------------------+----------+
| Ubuntu 20.04 | FAIL |
+------------------------------------+----------+
| Fedora 32 | FAIL |
+------------------------------------+----------+
| Fedora 31 | FAIL |
+------------------------------------+----------+
| openSUSE Leap 15 | FAIL |
+------------------------------------+----------+
| Fedora 34 clang | FAIL |
+------------------------------------+----------+
| Ubuntu 20.04 ARM cross-compilation | FAIL |
+------------------------------------+----------+
| Fedora 34 | FAIL |
+------------------------------------+----------+
| Fedora 33 | FAIL |
+------------------------------------+----------+
==== 20 line log output for Fedora 33 (abi_test): ====
type size changed from 896 to 1024 (in bits)
3 data member changes:
type of 'anonymous data member union {rte_security_ipsec_xform ipsec; rte_security_macsec_xform macsec; rte_security_pdcp_xform pdcp; rte_security_docsis_xform docsis;}' changed:
type size changed from 704 to 832 (in bits)
1 data member change:
type of 'rte_security_ipsec_xform ipsec' changed:
type size changed from 704 to 832 (in bits)
3 data member insertions:
'rte_security_ipsec_udp_param udp', at offset 576 (in bits) at rte_security.h:233:1
'uint32_t mss', at offset 736 (in bits) at rte_security.h:241:1
'union {uint64_t value; struct {uint32_t low; uint32_t hi;};} esn', at offset 768 (in bits) at rte_security.h:249:1
3 data member changes:
'rte_security_ipsec_sa_options options' has *some* difference - please report as a bug
'uint64_t esn_soft_limit' offset changed from 576 to 640 (in bits) (by +64 bits)
'uint32_t replay_win_sz' offset changed from 640 to 704 (in bits) (by +64 bits)
'rte_crypto_sym_xform* crypto_xform' offset changed from 768 to 896 (in bits) (by +128 bits)
'void* userdata' offset changed from 832 to 960 (in bits) (by +128 bits)
==== End log output ====
Ubuntu 20.04 ARM
Kernel: 5.4.0-53-generic
Compiler: gcc 9.3
FreeBSD 13
Kernel: 13.0
Compiler: clang 11.0.1
RHEL 7
Kernel: 4.18.0-240.10.1.el8_3.x86_64
Compiler: gcc 4.8.5 20150623 (Red Hat 4.8.5-44)
Ubuntu 18.04
Kernel: 4.18.0-240.10.1.el8_3.x86_64
Compiler: gcc 7.5.0-3ubuntu1~18.04
CentOS Stream 8
Kernel: 4.18.0-240.10.1.el8_3.x86_64
Compiler: gcc 8.4.1 20200928
RHEL8
Kernel: 4.18.0-240.10.1.el8_3.x86_64
Compiler: gcc 8.3.1 20191121 (Red Hat 8.3.1-5)
Arch Linux
Kernel: 5.4.0-73-generic
Compiler: gcc 11.1.0
CentOS 8
Kernel: 4.18.0-240.10.1.el8_3.x86_64
Compiler: gcc 8.3.1 20191121 (Red Hat 8.3.1-5)
Ubuntu 20.04
Kernel: 4.18.0-240.10.1.el8_3.x86_64
Compiler: gcc 9.3.0-17ubuntu1~20.04
Fedora 32
Kernel: 4.18.0-240.10.1.el8_3.x86_64
Compiler: gcc 10.2.1
Fedora 31
Kernel: 4.18.0-240.10.1.el8_3.x86_64
Compiler: gcc 9.3.1
openSUSE Leap 15
Kernel: 4.18.0-240.10.1.el8_3.x86_64
Compiler: gcc 7.5.0
Fedora 34 clang
Kernel: 5.4.0-72-generic
Compiler: clang 12.0.0 (Fedora 12.0.0-0.3.rc1.fc34)
Ubuntu 20.04 ARM cross-compilation
Kernel: 5.4.0-72-generic
Compiler: aarch64-linux-gnu-gcc (Ubuntu 9.3.0-17ubuntu1~20.04) 9.3.0
Fedora 34
Kernel: 5.4.0-72-generic
Compiler: gcc 11.1.1 20210428 (Red Hat 11.1.1-1)
Fedora 33
Kernel: 5.4.0-72-generic
Compiler: gcc 10.3.1 20210422 (Red Hat 10.3.1-1)
To view detailed results, visit:
https://lab.dpdk.org/results/dashboard/patchsets/18200/
UNH-IOL DPDK Community Lab
To manage your email subscriptions, visit:
https://lab.dpdk.org/results/dashboard/preferences/subscriptions/
^ permalink raw reply [flat|nested] 2+ messages in thread
* [dpdk-test-report] |WARNING| pw96897-96906 [PATCH] [v3, 10/10] ipsec: add ol_flags support
@ 2021-08-13 14:11 dpdklab
0 siblings, 0 replies; 2+ messages in thread
From: dpdklab @ 2021-08-13 14:11 UTC (permalink / raw)
To: Test Report; +Cc: dpdklab, Nicolau, Radu
[-- Attachment #1: Type: text/plain, Size: 4914 bytes --]
Test-Label: iol-abi-testing
Test-Status: WARNING
http://dpdk.org/patch/96906
_Testing issues_
Submitter: Nicolau, Radu <radu.nicolau@intel.com>
Date: Friday, August 13 2021 09:30:19
DPDK git baseline: Repo:dpdk
Branch: master
CommitID:4ac3f3d76e9507a93bcf48d165ffd3a1faba08bb
96897-96906 --> testing fail
Test environment and result as below:
+------------------------------------+----------+
| Environment | abi_test |
+====================================+==========+
| Ubuntu 20.04 ARM | FAIL |
+------------------------------------+----------+
| FreeBSD 13 | PASS |
+------------------------------------+----------+
| Ubuntu 18.04 | FAIL |
+------------------------------------+----------+
| RHEL 7 | FAIL |
+------------------------------------+----------+
| RHEL8 | FAIL |
+------------------------------------+----------+
| Ubuntu 20.04 | FAIL |
+------------------------------------+----------+
| CentOS 8 | FAIL |
+------------------------------------+----------+
| CentOS Stream 8 | FAIL |
+------------------------------------+----------+
| Fedora 31 | FAIL |
+------------------------------------+----------+
| openSUSE Leap 15 | FAIL |
+------------------------------------+----------+
| Arch Linux | FAIL |
+------------------------------------+----------+
| Fedora 32 | FAIL |
+------------------------------------+----------+
| Fedora 34 clang | FAIL |
+------------------------------------+----------+
| Fedora 34 | FAIL |
+------------------------------------+----------+
| Fedora 33 | FAIL |
+------------------------------------+----------+
| Ubuntu 20.04 ARM cross-compilation | FAIL |
+------------------------------------+----------+
==== 20 line log output for Ubuntu 20.04 ARM cross-compilation (abi_test): ====
type size changed from 896 to 1024 (in bits)
3 data member changes:
type of 'anonymous data member union {rte_security_ipsec_xform ipsec; rte_security_macsec_xform macsec; rte_security_pdcp_xform pdcp; rte_security_docsis_xform docsis;}' changed:
type size changed from 704 to 832 (in bits)
1 data member change:
type of 'rte_security_ipsec_xform ipsec' changed:
type size changed from 704 to 832 (in bits)
3 data member insertions:
'rte_security_ipsec_udp_param udp', at offset 576 (in bits) at rte_security.h:233:1
'uint32_t mss', at offset 736 (in bits) at rte_security.h:241:1
'union {uint64_t value; struct {uint32_t low; uint32_t hi;};} esn', at offset 768 (in bits) at rte_security.h:249:1
3 data member changes:
'rte_security_ipsec_sa_options options' has *some* difference - please report as a bug
'uint64_t esn_soft_limit' offset changed from 576 to 640 (in bits) (by +64 bits)
'uint32_t replay_win_sz' offset changed from 640 to 704 (in bits) (by +64 bits)
'rte_crypto_sym_xform* crypto_xform' offset changed from 768 to 896 (in bits) (by +128 bits)
'void* userdata' offset changed from 832 to 960 (in bits) (by +128 bits)
==== End log output ====
Ubuntu 20.04 ARM
Kernel: 5.4.0-53-generic
Compiler: gcc 9.3
FreeBSD 13
Kernel: 13.0
Compiler: clang 11.0.1
Ubuntu 18.04
Kernel: 4.18.0-240.10.1.el8_3.x86_64
Compiler: gcc 7.5.0-3ubuntu1~18.04
RHEL 7
Kernel: 4.18.0-240.10.1.el8_3.x86_64
Compiler: gcc 4.8.5 20150623 (Red Hat 4.8.5-44)
RHEL8
Kernel: 4.18.0-240.10.1.el8_3.x86_64
Compiler: gcc 8.3.1 20191121 (Red Hat 8.3.1-5)
Ubuntu 20.04
Kernel: 4.18.0-240.10.1.el8_3.x86_64
Compiler: gcc 9.3.0-17ubuntu1~20.04
CentOS 8
Kernel: 4.18.0-240.10.1.el8_3.x86_64
Compiler: gcc 8.3.1 20191121 (Red Hat 8.3.1-5)
CentOS Stream 8
Kernel: 4.18.0-240.10.1.el8_3.x86_64
Compiler: gcc 8.4.1 20200928
Fedora 31
Kernel: 4.18.0-240.10.1.el8_3.x86_64
Compiler: gcc 9.3.1
openSUSE Leap 15
Kernel: 4.18.0-240.10.1.el8_3.x86_64
Compiler: gcc 7.5.0
Arch Linux
Kernel: 5.4.0-73-generic
Compiler: gcc 11.1.0
Fedora 32
Kernel: 4.18.0-240.10.1.el8_3.x86_64
Compiler: gcc 10.2.1
Fedora 34 clang
Kernel: 5.4.0-72-generic
Compiler: clang 12.0.0 (Fedora 12.0.0-0.3.rc1.fc34)
Fedora 34
Kernel: 5.4.0-72-generic
Compiler: gcc 11.1.1 20210428 (Red Hat 11.1.1-1)
Fedora 33
Kernel: 5.4.0-72-generic
Compiler: gcc 10.3.1 20210422 (Red Hat 10.3.1-1)
Ubuntu 20.04 ARM cross-compilation
Kernel: 5.4.0-72-generic
Compiler: aarch64-linux-gnu-gcc (Ubuntu 9.3.0-17ubuntu1~20.04) 9.3.0
To view detailed results, visit:
https://lab.dpdk.org/results/dashboard/patchsets/18200/
UNH-IOL DPDK Community Lab
To manage your email subscriptions, visit:
https://lab.dpdk.org/results/dashboard/preferences/subscriptions/
^ permalink raw reply [flat|nested] 2+ messages in thread
end of thread, other threads:[~2021-08-13 15:33 UTC | newest]
Thread overview: 2+ messages (download: mbox.gz / follow: Atom feed)
-- links below jump to the message on this page --
2021-08-13 15:33 [dpdk-test-report] |WARNING| pw96897-96906 [PATCH] [v3, 10/10] ipsec: add ol_flags support dpdklab
-- strict thread matches above, loose matches on Subject: below --
2021-08-13 14:11 dpdklab
This is a public inbox, see mirroring instructions
for how to clone and mirror all data and code used for this inbox;
as well as URLs for NNTP newsgroup(s).