* [dpdk-test-report] |FAILURE| pw97532 [PATCH] examples/service_cores: fix lcore count check
@ 2021-08-30 18:29 dpdklab
0 siblings, 0 replies; 4+ messages in thread
From: dpdklab @ 2021-08-30 18:29 UTC (permalink / raw)
To: Test Report; +Cc: dpdklab, Ruifeng Wang
[-- Attachment #1: Type: text/plain, Size: 2314 bytes --]
Test-Label: iol-aarch64-unit-testing
Test-Status: FAILURE
http://dpdk.org/patch/97532
_Testing issues_
Submitter: Ruifeng Wang <ruifeng.wang@arm.com>
Date: Monday, August 30 2021 08:04:12
DPDK git baseline: Repo:dpdk
Branch: master
CommitID:bfd3c352eb9729f97da6e1b5e958e121542d8a8d
97532 --> testing fail
Test environment and result as below:
+----------------------+----------------+--------------+
| Environment | dpdk_unit_test | lpm_autotest |
+======================+================+==============+
| Ubuntu 20.04 ARM | FAIL | SKIPPED |
+----------------------+----------------+--------------+
| Ubuntu 20.04 ARM SVE | SKIPPED | PASS |
+----------------------+----------------+--------------+
==== 20 line log output for Ubuntu 20.04 ARM (dpdk_unit_test): ====
85/94 DPDK:fast-tests / thash_autotest OK 1.13s
86/94 DPDK:fast-tests / trace_autotest OK 1.97s
87/94 DPDK:fast-tests / telemetry_json_autotest OK 1.44s
88/94 DPDK:fast-tests / telemetry_data_autotest OK 1.70s
89/94 DPDK:fast-tests / ring_pmd_autotest OK 1.14s
90/94 DPDK:fast-tests / event_eth_tx_adapter_autotest OK 3.64s
91/94 DPDK:fast-tests / bitratestats_autotest OK 1.10s
92/94 DPDK:fast-tests / latencystats_autotest OK 0.93s
93/94 DPDK:fast-tests / pdump_autotest OK 6.17s
94/94 DPDK:fast-tests / compressdev_autotest SKIP 2.30s exit status 77
Ok: 89
Expected Fail: 0
Fail: 1
Unexpected Pass: 0
Skipped: 4
Timeout: 0
Full log written to /home-local/jenkins-local/jenkins-agent/workspace/Arm-gigabyte-Unit-Test-DPDK/dpdk/build/meson-logs/testlog.txt
==== End log output ====
Ubuntu 20.04 ARM
Kernel: 5.4.0-53-generic
Compiler: gcc 9.3
Ubuntu 20.04 ARM SVE
Kernel: 5.4.0-80-generic
Compiler: gcc 10.3.0 (Ubuntu 10.3.0-1ubuntu1~20.04)
To view detailed results, visit:
https://lab.dpdk.org/results/dashboard/patchsets/18407/
UNH-IOL DPDK Community Lab
To manage your email subscriptions, visit:
https://lab.dpdk.org/results/dashboard/preferences/subscriptions/
^ permalink raw reply [flat|nested] 4+ messages in thread
* [dpdk-test-report] |FAILURE| pw97532 [PATCH] examples/service_cores: fix lcore count check
@ 2021-08-30 13:47 dpdklab
0 siblings, 0 replies; 4+ messages in thread
From: dpdklab @ 2021-08-30 13:47 UTC (permalink / raw)
To: Ali Alnubani, Thomas Monjalon, Test Report
Cc: dpdk-test-reports, Ruifeng Wang
[-- Attachment #1: Type: text/plain, Size: 4530 bytes --]
Test-Label: iol-mellanox-Performance
Test-Status: FAILURE
http://dpdk.org/patch/97532
_Performance Testing issues_
Submitter: Ruifeng Wang <ruifeng.wang@arm.com>
Date: Monday, August 30 2021 08:04:12
DPDK git baseline: Repo:dpdk
Branch: master
CommitID:bfd3c352eb9729f97da6e1b5e958e121542d8a8d
97532 --> performance testing fail
Test environment and result as below:
Ubuntu 20.04
Kernel: 4.15.0-generic
Compiler: gcc 7.4
NIC: Mellanox ConnectX-4 Lx 25000 Mbps
Target: x86_64-native-linuxapp-gcc
Fail/Total: 0/5
Detail performance results:
+------------+---------+----------+-------------+------------------------------+
| frame_size | txd/rxd | num_cpus | num_threads | throughput difference from |
| | | | | expected |
+============+=========+==========+=============+==============================+
| 64 | 256 | 1 | 1 | 1.3% |
+------------+---------+----------+-------------+------------------------------+
| 128 | 256 | 1 | 1 | -0.1% |
+------------+---------+----------+-------------+------------------------------+
| 256 | 256 | 1 | 1 | 0.7% |
+------------+---------+----------+-------------+------------------------------+
| 1518 | 256 | 1 | 1 | -0.2% |
+------------+---------+----------+-------------+------------------------------+
| 1024 | 256 | 1 | 1 | 0.1% |
+------------+---------+----------+-------------+------------------------------+
Ubuntu 20.04
Kernel: 4.15.0-generic
Compiler: gcc 7.4
NIC: Mellanox ConnectX-4 Lx 40000 Mbps
Target: x86_64-native-linuxapp-gcc
Fail/Total: 1/5
Detail performance results:
+------------+---------+----------+-------------+------------------------------+
| frame_size | txd/rxd | num_cpus | num_threads | throughput difference from |
| | | | | expected |
+============+=========+==========+=============+==============================+
| 64 | 256 | 1 | 1 | -0.4% |
+------------+---------+----------+-------------+------------------------------+
| 128 | 256 | 1 | 1 | -1.1% |
+------------+---------+----------+-------------+------------------------------+
| 256 | 256 | 1 | 1 | 0.2% |
+------------+---------+----------+-------------+------------------------------+
| 1518 | 256 | 1 | 1 | -0.1% |
+------------+---------+----------+-------------+------------------------------+
| 1024 | 256 | 1 | 1 | 0.1% |
+------------+---------+----------+-------------+------------------------------+
Ubuntu 20.04
Kernel: 4.15.0-generic
Compiler: gcc 7.4
NIC: Mellanox ConnectX-5 100000 Mbps
Target: x86_64-native-linuxapp-gcc
Fail/Total: 0/5
Detail performance results:
+------------+---------+----------+-------------+------------------------------+
| frame_size | txd/rxd | num_cpus | num_threads | throughput difference from |
| | | | | expected |
+============+=========+==========+=============+==============================+
| 64 | 256 | 1 | 1 | 0.0% |
+------------+---------+----------+-------------+------------------------------+
| 128 | 256 | 1 | 1 | 0.2% |
+------------+---------+----------+-------------+------------------------------+
| 256 | 256 | 1 | 1 | -0.1% |
+------------+---------+----------+-------------+------------------------------+
| 1518 | 256 | 1 | 1 | -0.0% |
+------------+---------+----------+-------------+------------------------------+
| 1024 | 256 | 1 | 1 | 0.0% |
+------------+---------+----------+-------------+------------------------------+
To view detailed results, visit:
https://lab.dpdk.org/results/dashboard/patchsets/18407/
UNH-IOL DPDK Community Lab
To manage your email subscriptions, visit:
https://lab.dpdk.org/results/dashboard/preferences/subscriptions/
^ permalink raw reply [flat|nested] 4+ messages in thread
* [dpdk-test-report] |FAILURE| pw97532 [PATCH] examples/service_cores: fix lcore count check
@ 2021-08-30 13:29 dpdklab
0 siblings, 0 replies; 4+ messages in thread
From: dpdklab @ 2021-08-30 13:29 UTC (permalink / raw)
To: Ali Alnubani, Thomas Monjalon, Test Report
Cc: dpdk-test-reports, Ruifeng Wang
[-- Attachment #1: Type: text/plain, Size: 3223 bytes --]
Test-Label: iol-mellanox-Performance
Test-Status: FAILURE
http://dpdk.org/patch/97532
_Performance Testing issues_
Submitter: Ruifeng Wang <ruifeng.wang@arm.com>
Date: Monday, August 30 2021 08:04:12
DPDK git baseline: Repo:dpdk
Branch: master
CommitID:bfd3c352eb9729f97da6e1b5e958e121542d8a8d
97532 --> performance testing fail
Test environment and result as below:
Ubuntu 20.04
Kernel: 4.15.0-generic
Compiler: gcc 7.4
NIC: Mellanox ConnectX-4 Lx 25000 Mbps
Target: x86_64-native-linuxapp-gcc
Fail/Total: 0/5
Detail performance results:
+------------+---------+----------+-------------+------------------------------+
| frame_size | txd/rxd | num_cpus | num_threads | throughput difference from |
| | | | | expected |
+============+=========+==========+=============+==============================+
| 64 | 256 | 1 | 1 | 1.3% |
+------------+---------+----------+-------------+------------------------------+
| 128 | 256 | 1 | 1 | -0.1% |
+------------+---------+----------+-------------+------------------------------+
| 256 | 256 | 1 | 1 | 0.7% |
+------------+---------+----------+-------------+------------------------------+
| 1518 | 256 | 1 | 1 | -0.2% |
+------------+---------+----------+-------------+------------------------------+
| 1024 | 256 | 1 | 1 | 0.1% |
+------------+---------+----------+-------------+------------------------------+
Ubuntu 20.04
Kernel: 4.15.0-generic
Compiler: gcc 7.4
NIC: Mellanox ConnectX-4 Lx 40000 Mbps
Target: x86_64-native-linuxapp-gcc
Fail/Total: 1/5
Detail performance results:
+------------+---------+----------+-------------+------------------------------+
| frame_size | txd/rxd | num_cpus | num_threads | throughput difference from |
| | | | | expected |
+============+=========+==========+=============+==============================+
| 64 | 256 | 1 | 1 | -0.4% |
+------------+---------+----------+-------------+------------------------------+
| 128 | 256 | 1 | 1 | -1.1% |
+------------+---------+----------+-------------+------------------------------+
| 256 | 256 | 1 | 1 | 0.2% |
+------------+---------+----------+-------------+------------------------------+
| 1518 | 256 | 1 | 1 | -0.1% |
+------------+---------+----------+-------------+------------------------------+
| 1024 | 256 | 1 | 1 | 0.1% |
+------------+---------+----------+-------------+------------------------------+
To view detailed results, visit:
https://lab.dpdk.org/results/dashboard/patchsets/18407/
UNH-IOL DPDK Community Lab
To manage your email subscriptions, visit:
https://lab.dpdk.org/results/dashboard/preferences/subscriptions/
^ permalink raw reply [flat|nested] 4+ messages in thread
* [dpdk-test-report] |FAILURE| pw97532 [PATCH] examples/service_cores: fix lcore count check
@ 2021-08-30 9:32 dpdklab
0 siblings, 0 replies; 4+ messages in thread
From: dpdklab @ 2021-08-30 9:32 UTC (permalink / raw)
To: Ajit Khaparde, Test Report; +Cc: dpdk-test-reports, Ruifeng Wang
[-- Attachment #1: Type: text/plain, Size: 818 bytes --]
Test-Label: iol-broadcom-Functional
Test-Status: FAILURE
http://dpdk.org/patch/97532
_Functional Testing issues_
Submitter: Ruifeng Wang <ruifeng.wang@arm.com>
Date: Monday, August 30 2021 08:04:12
DPDK git baseline: Repo:dpdk
Branch: master
CommitID:bfd3c352eb9729f97da6e1b5e958e121542d8a8d
97532 --> functional testing fail
Test environment and result as below:
Ubuntu 20.04
Kernel: 4.15.0-65-generic
Compiler: gcc gcc (Ubuntu 7.4.0-1ubuntu1~18.04.1) 7.4.0
NIC: Broadcom Inc. brcm_57414 25000 Mbps
Target: x86_64-native-linuxapp-gcc
Fail/Total: 1/3
Failed Tests:
- scatter
To view detailed results, visit:
https://lab.dpdk.org/results/dashboard/patchsets/18407/
UNH-IOL DPDK Community Lab
To manage your email subscriptions, visit:
https://lab.dpdk.org/results/dashboard/preferences/subscriptions/
^ permalink raw reply [flat|nested] 4+ messages in thread
end of thread, other threads:[~2021-08-30 18:29 UTC | newest]
Thread overview: 4+ messages (download: mbox.gz / follow: Atom feed)
-- links below jump to the message on this page --
2021-08-30 18:29 [dpdk-test-report] |FAILURE| pw97532 [PATCH] examples/service_cores: fix lcore count check dpdklab
-- strict thread matches above, loose matches on Subject: below --
2021-08-30 13:47 dpdklab
2021-08-30 13:29 dpdklab
2021-08-30 9:32 dpdklab
This is a public inbox, see mirroring instructions
for how to clone and mirror all data and code used for this inbox;
as well as URLs for NNTP newsgroup(s).