* [dpdk-test-report] |FAILURE| pw97577 [PATCH] bus/vmbus: map to the correct ring buffer addresses for the secondary process
@ 2021-08-31 9:14 dpdklab
0 siblings, 0 replies; only message in thread
From: dpdklab @ 2021-08-31 9:14 UTC (permalink / raw)
To: Test Report; +Cc: dpdk-test-reports, Long Li
[-- Attachment #1: Type: text/plain, Size: 3110 bytes --]
Test-Label: iol-aarch64-compile-testing
Test-Status: FAILURE
http://dpdk.org/patch/97577
_Testing issues_
Submitter: Long Li <longli@linuxonhyperv.com>
Date: Tuesday, August 31 2021 05:56:44
DPDK git baseline: Repo:dpdk
Branch: master
CommitID:eeedef704c11bd74c367d62838700bdb8e5b573f
97577 --> testing fail
Test environment and result as below:
+------------------------------------+--------------------+
| Environment | dpdk_meson_compile |
+====================================+====================+
| Ubuntu 20.04 ARM cross-compilation | FAIL |
+------------------------------------+--------------------+
| Ubuntu 20.04 ARM | FAIL |
+------------------------------------+--------------------+
==== 20 line log output for Ubuntu 20.04 ARM (dpdk_meson_compile): ====
[608/3070] Generating regexdev.sym_chk with a custom command (wrapped by meson to capture output)
[609/3070] Generating fib.sym_chk with a custom command (wrapped by meson to capture output)
[610/3070] Generating port.sym_chk with a custom command (wrapped by meson to capture output)
[611/3070] Generating mempool.sym_chk with a custom command (wrapped by meson to capture output)
[612/3070] Generating bbdev.sym_chk with a custom command (wrapped by meson to capture output)
[613/3070] Generating compressdev.sym_chk with a custom command (wrapped by meson to capture output)
[614/3070] Generating table.sym_chk with a custom command (wrapped by meson to capture output)
[615/3070] Generating flow_classify.sym_chk with a custom command (wrapped by meson to capture output)
[616/3070] Generating cmdline.sym_chk with a custom command (wrapped by meson to capture output)
[617/3070] Generating rte_common_cpt.sym_chk with a custom command (wrapped by meson to capture output)
[618/3070] Generating rib.sym_chk with a custom command (wrapped by meson to capture output)
[619/3070] Generating graph.sym_chk with a custom command (wrapped by meson to capture output)
[620/3070] Generating cryptodev.sym_chk with a custom command (wrapped by meson to capture output)
[621/3070] Generating vhost.sym_chk with a custom command (wrapped by meson to capture output)
[622/3070] Generating eventdev.sym_chk with a custom command (wrapped by meson to capture output)
[623/3070] Generating pipeline.sym_chk with a custom command (wrapped by meson to capture output)
[624/3070] Generating ethdev.sym_chk with a custom command (wrapped by meson to capture output)
[625/3070] Generating eal.sym_chk with a custom command (wrapped by meson to capture output)
ninja: build stopped: subcommand failed.
[1] Error running command.
==== End log output ====
Ubuntu 20.04 ARM cross-compilation
Kernel: 5.4.0-72-generic
Compiler: aarch64-linux-gnu-gcc (Ubuntu 9.3.0-17ubuntu1~20.04) 9.3.0
Ubuntu 20.04 ARM
Kernel: 5.4.0-53-generic
Compiler: gcc 9.3
To view detailed results, visit:
https://lab.dpdk.org/results/dashboard/patchsets/18434/
UNH-IOL DPDK Community Lab
To manage your email subscriptions, visit:
https://lab.dpdk.org/results/dashboard/preferences/subscriptions/
^ permalink raw reply [flat|nested] only message in thread
only message in thread, other threads:[~2021-08-31 9:14 UTC | newest]
Thread overview: (only message) (download: mbox.gz / follow: Atom feed)
-- links below jump to the message on this page --
2021-08-31 9:14 [dpdk-test-report] |FAILURE| pw97577 [PATCH] bus/vmbus: map to the correct ring buffer addresses for the secondary process dpdklab
This is a public inbox, see mirroring instructions
for how to clone and mirror all data and code used for this inbox;
as well as URLs for NNTP newsgroup(s).