* [dpdk-test-report] |FAILURE| pw99378-99379 [PATCH] [v4, 2/2] app/testpmd: fix txonly forwording
@ 2021-09-23 16:01 dpdklab
0 siblings, 0 replies; 4+ messages in thread
From: dpdklab @ 2021-09-23 16:01 UTC (permalink / raw)
To: Ali Alnubani, Test Report; +Cc: dpdk-test-reports, Alvin Zhang
[-- Attachment #1: Type: text/plain, Size: 815 bytes --]
Test-Label: iol-mellanox-Functional
Test-Status: FAILURE
http://dpdk.org/patch/99379
_Functional Testing issues_
Submitter: Alvin Zhang <alvinx.zhang@intel.com>
Date: Wednesday, September 22 2021 02:49:52
DPDK git baseline: Repo:dpdk
Branch: master
CommitID:ccf69617ce96e1b708c7644289ee8df4586f7556
99378-99379 --> functional testing fail
Test environment and result as below:
Ubuntu 20.04 ARM
Kernel: 4.15.0-132-generic
Compiler: gcc 7.5
NIC: Arm Mellanox ConnectX-5 10000 Mbps
Target: x86_64-native-linuxapp-gcc
Fail/Total: 2/3
Failed Tests:
- mac_filter
- mtu_update
To view detailed results, visit:
https://lab.dpdk.org/results/dashboard/patchsets/18880/
UNH-IOL DPDK Community Lab
To manage your email subscriptions, visit:
https://lab.dpdk.org/results/dashboard/preferences/subscriptions/
^ permalink raw reply [flat|nested] 4+ messages in thread
* [dpdk-test-report] |FAILURE| pw99378-99379 [PATCH] [v4, 2/2] app/testpmd: fix txonly forwording
@ 2021-09-24 4:51 dpdklab
0 siblings, 0 replies; 4+ messages in thread
From: dpdklab @ 2021-09-24 4:51 UTC (permalink / raw)
To: Test Report; +Cc: dpdk-test-reports, Alvin Zhang
[-- Attachment #1: Type: text/plain, Size: 8557 bytes --]
Test-Label: iol-x86_64-compile-testing
Test-Status: FAILURE
http://dpdk.org/patch/99379
_Testing issues_
Submitter: Alvin Zhang <alvinx.zhang@intel.com>
Date: Wednesday, September 22 2021 02:49:52
DPDK git baseline: Repo:dpdk
Branch: master
CommitID:ccf69617ce96e1b708c7644289ee8df4586f7556
99378-99379 --> testing fail
Test environment and result as below:
+---------------------+--------------------+----------------------+-------------------+
| Environment | dpdk_meson_compile | dpdk_mingw64_compile | dpdk_compile_spdk |
+=====================+====================+======================+===================+
| Windows Server 2019 | FAIL | FAIL | SKIPPED |
+---------------------+--------------------+----------------------+-------------------+
| Fedora 31 | PASS | SKIPPED | SKIPPED |
+---------------------+--------------------+----------------------+-------------------+
| FreeBSD 13 | FAIL | SKIPPED | SKIPPED |
+---------------------+--------------------+----------------------+-------------------+
| Ubuntu 18.04 | PASS | SKIPPED | PASS |
+---------------------+--------------------+----------------------+-------------------+
| Fedora 32 | PASS | SKIPPED | SKIPPED |
+---------------------+--------------------+----------------------+-------------------+
| Ubuntu 20.04 | PASS | SKIPPED | SKIPPED |
+---------------------+--------------------+----------------------+-------------------+
| openSUSE Leap 15 | PASS | SKIPPED | SKIPPED |
+---------------------+--------------------+----------------------+-------------------+
| CentOS Stream 8 | PASS | SKIPPED | SKIPPED |
+---------------------+--------------------+----------------------+-------------------+
| CentOS 8 | PASS | SKIPPED | SKIPPED |
+---------------------+--------------------+----------------------+-------------------+
| Arch Linux | PASS | SKIPPED | SKIPPED |
+---------------------+--------------------+----------------------+-------------------+
| RHEL8 | PASS | SKIPPED | SKIPPED |
+---------------------+--------------------+----------------------+-------------------+
| Fedora 34 | PASS | SKIPPED | SKIPPED |
+---------------------+--------------------+----------------------+-------------------+
| Fedora 33 | PASS | SKIPPED | SKIPPED |
+---------------------+--------------------+----------------------+-------------------+
| Alpine | PASS | SKIPPED | SKIPPED |
+---------------------+--------------------+----------------------+-------------------+
| RHEL 7 | PASS | SKIPPED | SKIPPED |
+---------------------+--------------------+----------------------+-------------------+
| Fedora 34 clang | PASS | SKIPPED | SKIPPED |
+---------------------+--------------------+----------------------+-------------------+
==== 20 line log output for FreeBSD 13 (dpdk_meson_compile): ====
[1846/2012] Compiling C object app/dpdk-testpmd.p/test-pmd_ieee1588fwd.c.o
[1847/2012] Compiling C object app/dpdk-testpmd.p/test-pmd_macswap.c.o
[1848/2012] Compiling C object app/dpdk-testpmd.p/test-pmd_macfwd.c.o
[1849/2012] Compiling C object app/dpdk-testpmd.p/test-pmd_parameters.c.o
[1850/2012] Compiling C object app/dpdk-testpmd.p/test-pmd_txonly.c.o
FAILED: app/dpdk-testpmd.p/test-pmd_txonly.c.o
ccache cc -Iapp/dpdk-testpmd.p -Iapp -I../app -Ilib/ethdev -I../lib/ethdev -I. -I.. -Iconfig -I../config -Ilib/eal/include -I../lib/eal/include -Ilib/eal/freebsd/include -I../lib/eal/freebsd/include -Ilib/eal/x86/include -I../lib/eal/x86/include -Ilib/eal/common -I../lib/eal/common -Ilib/eal -I../lib/eal -Ilib/kvargs -I../lib/kvargs -Ilib/metrics -I../lib/metrics -Ilib/telemetry -I../lib/telemetry -Ilib/net -I../lib/net -Ilib/mbuf -I../lib/mbuf -Ilib/mempool -I../lib/mempool -Ilib/ring -I../lib/ring -Ilib/meter -I../lib/meter -Ilib/gro -I../lib/gro -Ilib/gso -I../lib/gso -Ilib/cmdline -I../lib/cmdline -Idrivers/bus/pci -I../drivers/bus/pci -I../drivers/bus/pci/bsd -Ilib/pci -I../lib/pci -Ilib/bitratestats -I../lib/bitratestats -Ilib/pdump -I../lib/pdump -Ilib/latencystats -I../lib/latencystats -Idrivers/crypto/scheduler -I../drivers/crypto/scheduler -Ilib/cryptodev -I../lib/cryptodev -Ilib/rcu -I../lib/rcu -Idrivers/bus/vdev -I../drivers/bus/vdev -Ilib/reorder -I../lib/reorder -Idrivers/net/bonding -I../drivers/net/bonding -Ilib/sched -I../lib/sched -Ilib/ip_frag -I../lib/ip_frag -Ilib/hash -I../lib/hash -Idrivers/net/bnxt -I../drivers/net/bnxt -Idrivers/net/bnxt/tf_ulp -I../drivers/net/bnxt/tf_ulp -Idrivers/net/bnxt/tf_ulp/generic_templates -I../drivers/net/bnxt/tf_ulp/generic_templates -Idrivers/net/bnxt/tf_core -I../drivers/net/bnxt/tf_core -Idrivers/net/bnxt/hcapi/cfa -I../drivers/net/bnxt/hcapi/cfa -Idrivers/net/i40e -I../drivers/net/i40e -Idrivers/net/i40e/base -I../drivers/net/i40e/base -Idrivers/net/ixgbe -I../drivers/net/ixgbe -Idrivers/net/ixgbe/base -I../drivers/net/ixgbe/base -Ilib/security -I../lib/security -Ilib/bpf -I../lib/bpf -I/usr/local/include -fcolor-diagnostics -D_FILE_OFFSET_BITS=64 -Wall -Winvalid-pch -Werror -O3 -include rte_config.h -Wextra -Wcast-qual -Wdeprecated -Wformat -Wformat-nonliteral -Wformat-security -Wmissing-declarations -Wmissing-prototypes -Wnested-externs -Wold-style-definition -Wpointer-arith -Wsign-compare -Wstrict-prototypes -Wundef -Wwrite-strings -Wno-address-of-packed-member -Wno-missing-field-initializers -D_GNU_SOURCE -D__BSD_VISIBLE -march=native -DALLOW_EXPERIMENTAL_API -Wno-deprecated-declarations -MD -MQ app/dpdk-testpmd.p/test-pmd_txonly.c.o -MF app/dpdk-testpmd.p/test-pmd_txonly.c.o.d -o app/dpdk-testpmd.p/test-pmd_txonly.c.o -c ../app/test-pmd/txonly.c
../app/test-pmd/txonly.c:480:18: error: invalid application of 'sizeof' to an incomplete type 'struct timestamp'
pkt_hdr_len += sizeof(struct timestamp);
^ ~~~~~~~~~~~~~~~~~~
../app/test-pmd/txonly.c:480:32: note: forward declaration of 'struct timestamp'
pkt_hdr_len += sizeof(struct timestamp);
^
1 error generated.
[1851/2012] Compiling C object app/dpdk-testpmd.p/test-pmd_rxonly.c.o
[1852/2012] Compiling C object app/dpdk-testpmd.p/test-pmd_bpf_cmd.c.o
[1853/2012] Compiling C object app/dpdk-testpmd.p/test-pmd_util.c.o
[1854/2012] Compiling C object app/dpdk-testpmd.p/test-pmd_testpmd.c.o
[1855/2012] Compiling C object app/dpdk-testpmd.p/test-pmd_noisy_vnf.c.o
ninja: build stopped: subcommand failed.
==== End log output ====
Windows Server 2019
Kernel: 10.0
Compiler: clang 9.0 and gcc 8.1.0 (MinGW)
Fedora 31
Kernel: 4.18.0-240.10.1.el8_3.x86_64
Compiler: gcc 9.3.1
FreeBSD 13
Kernel: 13.0
Compiler: clang 11.0.1
Ubuntu 18.04
Kernel: 4.18.0-240.10.1.el8_3.x86_64
Compiler: gcc 7.5.0-3ubuntu1~18.04
Fedora 32
Kernel: 4.18.0-240.10.1.el8_3.x86_64
Compiler: gcc 10.2.1
Ubuntu 20.04
Kernel: 4.18.0-240.10.1.el8_3.x86_64
Compiler: gcc 9.3.0-17ubuntu1~20.04
openSUSE Leap 15
Kernel: 4.18.0-240.10.1.el8_3.x86_64
Compiler: gcc 7.5.0
CentOS Stream 8
Kernel: 4.18.0-240.10.1.el8_3.x86_64
Compiler: gcc 8.4.1 20200928
CentOS 8
Kernel: 4.18.0-240.10.1.el8_3.x86_64
Compiler: gcc 8.3.1 20191121 (Red Hat 8.3.1-5)
Arch Linux
Kernel: 5.4.0-73-generic
Compiler: gcc 11.1.0
RHEL8
Kernel: 4.18.0-240.10.1.el8_3.x86_64
Compiler: gcc 8.3.1 20191121 (Red Hat 8.3.1-5)
Fedora 34
Kernel: 5.4.0-72-generic
Compiler: gcc 11.1.1 20210428 (Red Hat 11.1.1-1)
Fedora 33
Kernel: 5.4.0-72-generic
Compiler: gcc 10.3.1 20210422 (Red Hat 10.3.1-1)
Alpine
Kernel: 5.4.0-73-generic
Compiler: gcc (Alpine 10.3.1_git20210424) 10.3.1 20210424
RHEL 7
Kernel: 4.18.0-240.10.1.el8_3.x86_64
Compiler: gcc 4.8.5 20150623 (Red Hat 4.8.5-44)
Fedora 34 clang
Kernel: 5.4.0-72-generic
Compiler: clang 12.0.0 (Fedora 12.0.0-0.3.rc1.fc34)
To view detailed results, visit:
https://lab.dpdk.org/results/dashboard/patchsets/18880/
UNH-IOL DPDK Community Lab
To manage your email subscriptions, visit:
https://lab.dpdk.org/results/dashboard/preferences/subscriptions/
^ permalink raw reply [flat|nested] 4+ messages in thread
* [dpdk-test-report] |FAILURE| pw99378-99379 [PATCH] [v4, 2/2] app/testpmd: fix txonly forwording
@ 2021-09-23 13:58 dpdklab
0 siblings, 0 replies; 4+ messages in thread
From: dpdklab @ 2021-09-23 13:58 UTC (permalink / raw)
To: Ajit Khaparde, Test Report; +Cc: dpdk-test-reports, Alvin Zhang
[-- Attachment #1: Type: text/plain, Size: 1009 bytes --]
Test-Label: iol-broadcom-Functional
Test-Status: FAILURE
http://dpdk.org/patch/99379
_Functional Testing issues_
Submitter: Alvin Zhang <alvinx.zhang@intel.com>
Date: Wednesday, September 22 2021 02:49:52
DPDK git baseline: Repo:dpdk
Branch: master
CommitID:ccf69617ce96e1b708c7644289ee8df4586f7556
99378-99379 --> functional testing fail
Test environment and result as below:
Ubuntu 20.04
Kernel: 4.15.0-65-generic
Compiler: gcc gcc (Ubuntu 7.4.0-1ubuntu1~18.04.1) 7.4.0
NIC: Broadcom Inc. brcm_57414 25000 Mbps
Target: x86_64-native-linuxapp-gcc
Fail/Total: 0/3
Ubuntu 20.04 ARM
Kernel: 4.15.0-132-generic
Compiler: gcc 7.5
NIC: Arm Broadcom Inc. brcm_57414 25000 Mbps
Target: x86_64-native-linuxapp-gcc
Fail/Total: 2/3
Failed Tests:
- mtu_update
- mac_filter
To view detailed results, visit:
https://lab.dpdk.org/results/dashboard/patchsets/18880/
UNH-IOL DPDK Community Lab
To manage your email subscriptions, visit:
https://lab.dpdk.org/results/dashboard/preferences/subscriptions/
^ permalink raw reply [flat|nested] 4+ messages in thread
* [dpdk-test-report] |FAILURE| pw99378-99379 [PATCH] [v4, 2/2] app/testpmd: fix txonly forwording
@ 2021-09-23 0:23 dpdklab
0 siblings, 0 replies; 4+ messages in thread
From: dpdklab @ 2021-09-23 0:23 UTC (permalink / raw)
To: Ali Alnubani, Test Report, Thomas Monjalon; +Cc: dpdk-test-reports, Alvin Zhang
[-- Attachment #1: Type: text/plain, Size: 4543 bytes --]
Test-Label: iol-mellanox-Performance
Test-Status: FAILURE
http://dpdk.org/patch/99379
_Performance Testing issues_
Submitter: Alvin Zhang <alvinx.zhang@intel.com>
Date: Wednesday, September 22 2021 02:49:52
DPDK git baseline: Repo:dpdk
Branch: master
CommitID:ccf69617ce96e1b708c7644289ee8df4586f7556
99378-99379 --> performance testing fail
Test environment and result as below:
Ubuntu 20.04
Kernel: 4.15.0-generic
Compiler: gcc 7.4
NIC: Mellanox ConnectX-5 100000 Mbps
Target: x86_64-native-linuxapp-gcc
Fail/Total: 0/5
Detail performance results:
+------------+---------+----------+-------------+------------------------------+
| frame_size | txd/rxd | num_cpus | num_threads | throughput difference from |
| | | | | expected |
+============+=========+==========+=============+==============================+
| 64 | 256 | 1 | 1 | 0.1% |
+------------+---------+----------+-------------+------------------------------+
| 128 | 256 | 1 | 1 | 0.1% |
+------------+---------+----------+-------------+------------------------------+
| 1024 | 256 | 1 | 1 | -0.0% |
+------------+---------+----------+-------------+------------------------------+
| 256 | 256 | 1 | 1 | -0.1% |
+------------+---------+----------+-------------+------------------------------+
| 1518 | 256 | 1 | 1 | 0.3% |
+------------+---------+----------+-------------+------------------------------+
Ubuntu 20.04
Kernel: 4.15.0-generic
Compiler: gcc 7.4
NIC: Mellanox ConnectX-4 Lx 25000 Mbps
Target: x86_64-native-linuxapp-gcc
Fail/Total: 0/5
Detail performance results:
+------------+---------+----------+-------------+------------------------------+
| frame_size | txd/rxd | num_cpus | num_threads | throughput difference from |
| | | | | expected |
+============+=========+==========+=============+==============================+
| 64 | 256 | 1 | 1 | 0.6% |
+------------+---------+----------+-------------+------------------------------+
| 128 | 256 | 1 | 1 | -0.1% |
+------------+---------+----------+-------------+------------------------------+
| 1024 | 256 | 1 | 1 | 0.1% |
+------------+---------+----------+-------------+------------------------------+
| 256 | 256 | 1 | 1 | -0.3% |
+------------+---------+----------+-------------+------------------------------+
| 1518 | 256 | 1 | 1 | -0.1% |
+------------+---------+----------+-------------+------------------------------+
Ubuntu 20.04
Kernel: 4.15.0-generic
Compiler: gcc 7.4
NIC: Mellanox ConnectX-4 Lx 40000 Mbps
Target: x86_64-native-linuxapp-gcc
Fail/Total: 1/5
Detail performance results:
+------------+---------+----------+-------------+------------------------------+
| frame_size | txd/rxd | num_cpus | num_threads | throughput difference from |
| | | | | expected |
+============+=========+==========+=============+==============================+
| 64 | 256 | 1 | 1 | 0.4% |
+------------+---------+----------+-------------+------------------------------+
| 128 | 256 | 1 | 1 | -1.5% |
+------------+---------+----------+-------------+------------------------------+
| 1024 | 256 | 1 | 1 | -0.3% |
+------------+---------+----------+-------------+------------------------------+
| 256 | 256 | 1 | 1 | 0.1% |
+------------+---------+----------+-------------+------------------------------+
| 1518 | 256 | 1 | 1 | -0.2% |
+------------+---------+----------+-------------+------------------------------+
To view detailed results, visit:
https://lab.dpdk.org/results/dashboard/patchsets/18880/
UNH-IOL DPDK Community Lab
To manage your email subscriptions, visit:
https://lab.dpdk.org/results/dashboard/preferences/subscriptions/
^ permalink raw reply [flat|nested] 4+ messages in thread
end of thread, other threads:[~2021-09-24 4:51 UTC | newest]
Thread overview: 4+ messages (download: mbox.gz / follow: Atom feed)
-- links below jump to the message on this page --
2021-09-23 16:01 [dpdk-test-report] |FAILURE| pw99378-99379 [PATCH] [v4, 2/2] app/testpmd: fix txonly forwording dpdklab
-- strict thread matches above, loose matches on Subject: below --
2021-09-24 4:51 dpdklab
2021-09-23 13:58 dpdklab
2021-09-23 0:23 dpdklab
This is a public inbox, see mirroring instructions
for how to clone and mirror all data and code used for this inbox;
as well as URLs for NNTP newsgroup(s).