* [dpdk-test-report] |FAILURE| pw100847-100852 [PATCH] [v15, 9/9] Add unit tests for thread API
@ 2021-10-09 3:29 dpdklab
0 siblings, 0 replies; 4+ messages in thread
From: dpdklab @ 2021-10-09 3:29 UTC (permalink / raw)
To: Georgii Tkachuk, Qian Xu, Lijuan Tu, Test Report, Ferruh Yigit
Cc: dpdk-test-reports, Narcisa Ana Maria Vasile
[-- Attachment #1: Type: text/plain, Size: 1027 bytes --]
Test-Label: iol-intel-Functional
Test-Status: FAILURE
http://dpdk.org/patch/100852
_Functional Testing issues_
Submitter: Narcisa Ana Maria Vasile <navasile@linux.microsoft.com>
Date: Friday, October 08 2021 22:40:41
DPDK git baseline: Repo:dpdk
Branch: master
CommitID:515d20195b17444262a5732831c0615146c7189c
100847-100852 --> functional testing fail
Test environment and result as below:
Ubuntu 20.04
Kernel: 4.15.0-generic
Compiler: gcc 7.4
NIC: Intel Corporation Ethernet Converged Network Adapter XL710-QDA2 40000 Mbps
Target: x86_64-native-linuxapp-gcc
Fail/Total: 1/2
Failed Tests:
- scatter
Ubuntu 20.04
Kernel: 4.15.0-generic
Compiler: gcc 7.4
NIC: Intel Corporation Ethernet Converged Network Adapter 82599ES 10000 Mbps
Target: x86_64-native-linuxapp-gcc
Fail/Total: 0/2
To view detailed results, visit:
https://lab.dpdk.org/results/dashboard/patchsets/19256/
UNH-IOL DPDK Community Lab
To manage your email subscriptions, visit:
https://lab.dpdk.org/results/dashboard/preferences/subscriptions/
^ permalink raw reply [flat|nested] 4+ messages in thread
* [dpdk-test-report] |FAILURE| pw100847-100852 [PATCH] [v15, 9/9] Add unit tests for thread API
@ 2021-10-09 4:26 dpdklab
0 siblings, 0 replies; 4+ messages in thread
From: dpdklab @ 2021-10-09 4:26 UTC (permalink / raw)
To: Test Report; +Cc: dpdk-test-reports, Narcisa Ana Maria Vasile
[-- Attachment #1: Type: text/plain, Size: 6739 bytes --]
Test-Label: iol-x86_64-compile-testing
Test-Status: FAILURE
http://dpdk.org/patch/100852
_Testing issues_
Submitter: Narcisa Ana Maria Vasile <navasile@linux.microsoft.com>
Date: Friday, October 08 2021 22:40:41
DPDK git baseline: Repo:dpdk
Branch: master
CommitID:515d20195b17444262a5732831c0615146c7189c
100847-100852 --> testing fail
Test environment and result as below:
+---------------------+--------------------+----------------------+-------------------+
| Environment | dpdk_meson_compile | dpdk_mingw64_compile | dpdk_compile_spdk |
+=====================+====================+======================+===================+
| Windows Server 2019 | PASS | PASS | SKIPPED |
+---------------------+--------------------+----------------------+-------------------+
| FreeBSD 13 | FAIL | SKIPPED | SKIPPED |
+---------------------+--------------------+----------------------+-------------------+
| Fedora 31 | PASS | SKIPPED | SKIPPED |
+---------------------+--------------------+----------------------+-------------------+
| Ubuntu 18.04 | PASS | SKIPPED | PASS |
+---------------------+--------------------+----------------------+-------------------+
| openSUSE Leap 15 | PASS | SKIPPED | SKIPPED |
+---------------------+--------------------+----------------------+-------------------+
| CentOS Stream 8 | PASS | SKIPPED | SKIPPED |
+---------------------+--------------------+----------------------+-------------------+
| CentOS 8 | PASS | SKIPPED | SKIPPED |
+---------------------+--------------------+----------------------+-------------------+
| Fedora 32 | PASS | SKIPPED | SKIPPED |
+---------------------+--------------------+----------------------+-------------------+
| RHEL 7 | PASS | SKIPPED | SKIPPED |
+---------------------+--------------------+----------------------+-------------------+
| Ubuntu 20.04 | PASS | SKIPPED | SKIPPED |
+---------------------+--------------------+----------------------+-------------------+
| RHEL8 | PASS | SKIPPED | SKIPPED |
+---------------------+--------------------+----------------------+-------------------+
| Arch Linux | PASS | SKIPPED | SKIPPED |
+---------------------+--------------------+----------------------+-------------------+
| Fedora 34 | PASS | SKIPPED | SKIPPED |
+---------------------+--------------------+----------------------+-------------------+
| Fedora 33 | PASS | SKIPPED | SKIPPED |
+---------------------+--------------------+----------------------+-------------------+
| Alpine | FAIL | SKIPPED | SKIPPED |
+---------------------+--------------------+----------------------+-------------------+
| Fedora 34 clang | PASS | SKIPPED | SKIPPED |
+---------------------+--------------------+----------------------+-------------------+
==== 20 line log output for Alpine (dpdk_meson_compile): ====
| ^~~~~~~~~
cc1: all warnings being treated as errors
[2430/2740] Compiling C object lib/librte_eal.a.p/eal_unix_eal_unix_memory.c.o
[2431/2740] Compiling C object lib/librte_eal.a.p/eal_linux_eal_memalloc.c.o
[2432/2740] Generating ring.sym_chk with a custom command (wrapped by meson to capture output)
[2433/2740] Compiling C object lib/librte_eal.a.p/eal_unix_eal_file.c.o
[2434/2740] Generating rcu.sym_chk with a custom command (wrapped by meson to capture output)
[2435/2740] Compiling C object lib/librte_eal.a.p/eal_linux_eal.c.o
[2436/2740] Compiling C object lib/librte_eal.a.p/eal_common_rte_malloc.c.o
[2437/2740] Generating hash.sym_chk with a custom command (wrapped by meson to capture output)
[2438/2740] Generating mbuf.sym_chk with a custom command (wrapped by meson to capture output)
[2439/2740] Generating mempool.sym_chk with a custom command (wrapped by meson to capture output)
[2440/2740] Generating cryptodev.sym_chk with a custom command (wrapped by meson to capture output)
[2441/2740] Compiling C object lib/librte_pipeline.a.p/pipeline_rte_table_action.c.o
[2442/2740] Generating eventdev.sym_chk with a custom command (wrapped by meson to capture output)
[2443/2740] Compiling C object lib/librte_vhost.a.p/vhost_vhost_crypto.c.o
[2444/2740] Generating rte_common_cnxk.sym_chk with a custom command (wrapped by meson to capture output)
[2445/2740] Generating ethdev.sym_chk with a custom command (wrapped by meson to capture output)
[2446/2740] Generating rte_common_sfc_efx.sym_chk with a custom command (wrapped by meson to capture output)
ninja: build stopped: subcommand failed.
==== End log output ====
Windows Server 2019
Kernel: 10.0
Compiler: clang 9.0 and gcc 8.1.0 (MinGW)
FreeBSD 13
Kernel: 13.0
Compiler: clang 11.0.1
Fedora 31
Kernel: 4.18.0-240.10.1.el8_3.x86_64
Compiler: gcc 9.3.1
Ubuntu 18.04
Kernel: 4.18.0-240.10.1.el8_3.x86_64
Compiler: gcc 7.5.0-3ubuntu1~18.04
openSUSE Leap 15
Kernel: 4.18.0-240.10.1.el8_3.x86_64
Compiler: gcc 7.5.0
CentOS Stream 8
Kernel: 4.18.0-240.10.1.el8_3.x86_64
Compiler: gcc 8.4.1 20200928
CentOS 8
Kernel: 4.18.0-240.10.1.el8_3.x86_64
Compiler: gcc 8.3.1 20191121 (Red Hat 8.3.1-5)
Fedora 32
Kernel: 4.18.0-240.10.1.el8_3.x86_64
Compiler: gcc 10.2.1
RHEL 7
Kernel: 4.18.0-240.10.1.el8_3.x86_64
Compiler: gcc 4.8.5 20150623 (Red Hat 4.8.5-44)
Ubuntu 20.04
Kernel: 4.18.0-240.10.1.el8_3.x86_64
Compiler: gcc 9.3.0-17ubuntu1~20.04
RHEL8
Kernel: 4.18.0-240.10.1.el8_3.x86_64
Compiler: gcc 8.3.1 20191121 (Red Hat 8.3.1-5)
Arch Linux
Kernel: 5.4.0-73-generic
Compiler: gcc 11.1.0
Fedora 34
Kernel: 5.4.0-72-generic
Compiler: gcc 11.1.1 20210428 (Red Hat 11.1.1-1)
Fedora 33
Kernel: 5.4.0-72-generic
Compiler: gcc 10.3.1 20210422 (Red Hat 10.3.1-1)
Alpine
Kernel: 5.4.0-73-generic
Compiler: gcc (Alpine 10.3.1_git20210424) 10.3.1 20210424
Fedora 34 clang
Kernel: 5.4.0-72-generic
Compiler: clang 12.0.0 (Fedora 12.0.0-0.3.rc1.fc34)
To view detailed results, visit:
https://lab.dpdk.org/results/dashboard/patchsets/19256/
UNH-IOL DPDK Community Lab
To manage your email subscriptions, visit:
https://lab.dpdk.org/results/dashboard/preferences/subscriptions/
^ permalink raw reply [flat|nested] 4+ messages in thread
* [dpdk-test-report] |FAILURE| pw100847-100852 [PATCH] [v15, 9/9] Add unit tests for thread API
@ 2021-10-09 4:20 dpdklab
0 siblings, 0 replies; 4+ messages in thread
From: dpdklab @ 2021-10-09 4:20 UTC (permalink / raw)
To: Test Report; +Cc: dpdklab, Narcisa Ana Maria Vasile
[-- Attachment #1: Type: text/plain, Size: 3892 bytes --]
Test-Label: iol-x86_64-unit-testing
Test-Status: FAILURE
http://dpdk.org/patch/100852
_Testing issues_
Submitter: Narcisa Ana Maria Vasile <navasile@linux.microsoft.com>
Date: Friday, October 08 2021 22:40:41
DPDK git baseline: Repo:dpdk
Branch: master
CommitID:515d20195b17444262a5732831c0615146c7189c
100847-100852 --> testing fail
Test environment and result as below:
+------------------+----------------+
| Environment | dpdk_unit_test |
+==================+================+
| Arch Linux | FAIL |
+------------------+----------------+
| Ubuntu 18.04 | FAIL |
+------------------+----------------+
| Fedora 31 | FAIL |
+------------------+----------------+
| CentOS 8 | FAIL |
+------------------+----------------+
| CentOS Stream 8 | FAIL |
+------------------+----------------+
| Fedora 32 | FAIL |
+------------------+----------------+
| openSUSE Leap 15 | FAIL |
+------------------+----------------+
| RHEL 7 | FAIL |
+------------------+----------------+
| RHEL8 | FAIL |
+------------------+----------------+
| Fedora 34 | FAIL |
+------------------+----------------+
| Ubuntu 20.04 | FAIL |
+------------------+----------------+
| Fedora 33 | FAIL |
+------------------+----------------+
| Fedora 34 clang | FAIL |
+------------------+----------------+
==== 20 line log output for Fedora 34 clang (dpdk_unit_test): ====
87/95 DPDK:fast-tests / trace_autotest OK 0.16s
88/95 DPDK:fast-tests / telemetry_json_autotest OK 0.15s
89/95 DPDK:fast-tests / telemetry_data_autotest OK 0.17s
90/95 DPDK:fast-tests / ring_pmd_autotest OK 0.16s
91/95 DPDK:fast-tests / event_eth_tx_adapter_autotest OK 0.49s
92/95 DPDK:fast-tests / bitratestats_autotest OK 0.16s
93/95 DPDK:fast-tests / latencystats_autotest OK 0.17s
94/95 DPDK:fast-tests / pdump_autotest OK 5.24s
95/95 DPDK:fast-tests / compressdev_autotest SKIP 0.29s exit status 77
Ok: 89
Expected Fail: 0
Fail: 1
Unexpected Pass: 0
Skipped: 5
Timeout: 0
Full log written to /home-local/jenkins-local/jenkins-agent/workspace/Generic-Unit-Test-DPDK/dpdk/build/meson-logs/testlog.txt
==== End log output ====
Arch Linux
Kernel: 5.4.0-73-generic
Compiler: gcc 11.1.0
Ubuntu 18.04
Kernel: 4.18.0-240.10.1.el8_3.x86_64
Compiler: gcc 7.5.0-3ubuntu1~18.04
Fedora 31
Kernel: 4.18.0-240.10.1.el8_3.x86_64
Compiler: gcc 9.3.1
CentOS 8
Kernel: 4.18.0-240.10.1.el8_3.x86_64
Compiler: gcc 8.3.1 20191121 (Red Hat 8.3.1-5)
CentOS Stream 8
Kernel: 4.18.0-240.10.1.el8_3.x86_64
Compiler: gcc 8.4.1 20200928
Fedora 32
Kernel: 4.18.0-240.10.1.el8_3.x86_64
Compiler: gcc 10.2.1
openSUSE Leap 15
Kernel: 4.18.0-240.10.1.el8_3.x86_64
Compiler: gcc 7.5.0
RHEL 7
Kernel: 4.18.0-240.10.1.el8_3.x86_64
Compiler: gcc 4.8.5 20150623 (Red Hat 4.8.5-44)
RHEL8
Kernel: 4.18.0-240.10.1.el8_3.x86_64
Compiler: gcc 8.3.1 20191121 (Red Hat 8.3.1-5)
Fedora 34
Kernel: 5.4.0-72-generic
Compiler: gcc 11.1.1 20210428 (Red Hat 11.1.1-1)
Ubuntu 20.04
Kernel: 4.18.0-240.10.1.el8_3.x86_64
Compiler: gcc 9.3.0-17ubuntu1~20.04
Fedora 33
Kernel: 5.4.0-72-generic
Compiler: gcc 10.3.1 20210422 (Red Hat 10.3.1-1)
Fedora 34 clang
Kernel: 5.4.0-72-generic
Compiler: clang 12.0.0 (Fedora 12.0.0-0.3.rc1.fc34)
To view detailed results, visit:
https://lab.dpdk.org/results/dashboard/patchsets/19256/
UNH-IOL DPDK Community Lab
To manage your email subscriptions, visit:
https://lab.dpdk.org/results/dashboard/preferences/subscriptions/
^ permalink raw reply [flat|nested] 4+ messages in thread
* [dpdk-test-report] |FAILURE| pw100847-100852 [PATCH] [v15, 9/9] Add unit tests for thread API
@ 2021-10-09 3:24 dpdklab
0 siblings, 0 replies; 4+ messages in thread
From: dpdklab @ 2021-10-09 3:24 UTC (permalink / raw)
To: Georgii Tkachuk, Qian Xu, Lijuan Tu, Test Report, Ferruh Yigit
Cc: dpdk-test-reports, Narcisa Ana Maria Vasile
[-- Attachment #1: Type: text/plain, Size: 843 bytes --]
Test-Label: iol-intel-Functional
Test-Status: FAILURE
http://dpdk.org/patch/100852
_Functional Testing issues_
Submitter: Narcisa Ana Maria Vasile <navasile@linux.microsoft.com>
Date: Friday, October 08 2021 22:40:41
DPDK git baseline: Repo:dpdk
Branch: master
CommitID:515d20195b17444262a5732831c0615146c7189c
100847-100852 --> functional testing fail
Test environment and result as below:
Ubuntu 20.04
Kernel: 4.15.0-generic
Compiler: gcc 7.4
NIC: Intel Corporation Ethernet Converged Network Adapter XL710-QDA2 40000 Mbps
Target: x86_64-native-linuxapp-gcc
Fail/Total: 1/2
Failed Tests:
- scatter
To view detailed results, visit:
https://lab.dpdk.org/results/dashboard/patchsets/19256/
UNH-IOL DPDK Community Lab
To manage your email subscriptions, visit:
https://lab.dpdk.org/results/dashboard/preferences/subscriptions/
^ permalink raw reply [flat|nested] 4+ messages in thread
end of thread, other threads:[~2021-10-09 4:26 UTC | newest]
Thread overview: 4+ messages (download: mbox.gz / follow: Atom feed)
-- links below jump to the message on this page --
2021-10-09 3:29 [dpdk-test-report] |FAILURE| pw100847-100852 [PATCH] [v15, 9/9] Add unit tests for thread API dpdklab
-- strict thread matches above, loose matches on Subject: below --
2021-10-09 4:26 dpdklab
2021-10-09 4:20 dpdklab
2021-10-09 3:24 dpdklab
This is a public inbox, see mirroring instructions
for how to clone and mirror all data and code used for this inbox;
as well as URLs for NNTP newsgroup(s).