From: dpdklab@iol.unh.edu
To: Test Report <test-report@dpdk.org>
Cc: dpdk-test-reports@iol.unh.edu, Slava Ovsiienko <viacheslavo@nvidia.com>
Subject: [dpdk-test-report] |FAILURE| pw101267-101269 [PATCH] [v5, 5/5] net/mlx5: update modify field action
Date: Wed, 13 Oct 2021 12:43:56 -0400 (EDT) [thread overview]
Message-ID: <20211013164357.0178660524@noxus.dpdklab.iol.unh.edu> (raw)
[-- Attachment #1: Type: text/plain, Size: 7741 bytes --]
Test-Label: iol-testing
Test-Status: FAILURE
http://dpdk.org/patch/101269
_Testing issues_
Submitter: Slava Ovsiienko <viacheslavo@nvidia.com>
Date: Tuesday, October 12 2021 20:25:57
DPDK git baseline: Repo:dpdk
Branch: master
CommitID:e0ae3db0c043cbdc4cc22bb60206f21ec4a82a02
101267-101269 --> testing fail
Test environment and result as below:
+---------------------+--------------------+----------------------+-------------------+----------------+
| Environment | dpdk_meson_compile | dpdk_mingw64_compile | dpdk_compile_spdk | dpdk_unit_test |
+=====================+====================+======================+===================+================+
| Windows Server 2019 | PASS | PASS | SKIPPED | SKIPPED |
+---------------------+--------------------+----------------------+-------------------+----------------+
| FreeBSD 11.2 | PASS | SKIPPED | SKIPPED | SKIPPED |
+---------------------+--------------------+----------------------+-------------------+----------------+
| FreeBSD 13 | PASS | SKIPPED | SKIPPED | SKIPPED |
+---------------------+--------------------+----------------------+-------------------+----------------+
| Fedora 31 | PASS | SKIPPED | SKIPPED | PASS |
+---------------------+--------------------+----------------------+-------------------+----------------+
| Ubuntu 18.04 | PASS | SKIPPED | PASS | PASS |
+---------------------+--------------------+----------------------+-------------------+----------------+
| Fedora 32 | PASS | SKIPPED | SKIPPED | PASS |
+---------------------+--------------------+----------------------+-------------------+----------------+
| RHEL 7 | FAIL | SKIPPED | SKIPPED | FAIL |
+---------------------+--------------------+----------------------+-------------------+----------------+
| CentOS Stream 8 | PASS | SKIPPED | SKIPPED | PASS |
+---------------------+--------------------+----------------------+-------------------+----------------+
| openSUSE Leap 15 | PASS | SKIPPED | SKIPPED | PASS |
+---------------------+--------------------+----------------------+-------------------+----------------+
| CentOS 8 | PASS | SKIPPED | SKIPPED | PASS |
+---------------------+--------------------+----------------------+-------------------+----------------+
| RHEL8 | PASS | SKIPPED | SKIPPED | PASS |
+---------------------+--------------------+----------------------+-------------------+----------------+
| Arch Linux | PASS | SKIPPED | SKIPPED | PASS |
+---------------------+--------------------+----------------------+-------------------+----------------+
| Ubuntu 20.04 | PASS | SKIPPED | SKIPPED | PASS |
+---------------------+--------------------+----------------------+-------------------+----------------+
| Fedora 34 | PASS | SKIPPED | SKIPPED | PASS |
+---------------------+--------------------+----------------------+-------------------+----------------+
| Alpine | PASS | SKIPPED | SKIPPED | SKIPPED |
+---------------------+--------------------+----------------------+-------------------+----------------+
| Fedora 33 | PASS | SKIPPED | SKIPPED | PASS |
+---------------------+--------------------+----------------------+-------------------+----------------+
| Fedora 34 clang | PASS | SKIPPED | SKIPPED | PASS |
+---------------------+--------------------+----------------------+-------------------+----------------+
| Ubuntu 20.04 ARM | SKIPPED | SKIPPED | SKIPPED | PASS |
+---------------------+--------------------+----------------------+-------------------+----------------+
==== 20 line log output for RHEL 7 (dpdk_unit_test): ====
^
cc1: all warnings being treated as errors
[1594/2912] Compiling C object drivers/net/ngbe/base/libngbe_base.a.p/ngbe_mng.c.o
[1595/2912] Compiling C object drivers/net/ngbe/base/libngbe_base.a.p/ngbe_hw.c.o
[1596/2912] Compiling C object drivers/libtmp_rte_net_nfp.a.p/net_nfp_nfpcore_nfp_hwinfo.c.o
[1597/2912] Compiling C object drivers/libtmp_rte_net_netvsc.a.p/net_netvsc_hn_rxtx.c.o
[1598/2912] Compiling C object drivers/libtmp_rte_net_nfp.a.p/net_nfp_nfpcore_nfp_mutex.c.o
[1599/2912] Compiling C object drivers/libtmp_rte_net_nfp.a.p/net_nfp_nfpcore_nfp_nsp_eth.c.o
[1600/2912] Compiling C object drivers/libtmp_rte_net_nfp.a.p/net_nfp_nfp_cpp_bridge.c.o
[1601/2912] Compiling C object drivers/libtmp_rte_net_nfp.a.p/net_nfp_nfp_ethdev_vf.c.o
[1602/2912] Compiling C object drivers/libtmp_rte_net_nfp.a.p/net_nfp_nfp_common.c.o
[1603/2912] Compiling C object drivers/libtmp_rte_net_nfp.a.p/net_nfp_nfp_ethdev.c.o
[1604/2912] Compiling C object drivers/libtmp_rte_net_nfp.a.p/net_nfp_nfp_rxtx.c.o
[1605/2912] Generating eal.sym_chk with a meson_exe.py custom command
[1606/2912] Generating rte_common_sfc_efx.sym_chk with a meson_exe.py custom command
[1607/2912] Generating rte_common_cnxk.sym_chk with a meson_exe.py custom command
[1608/2912] Compiling C object drivers/libtmp_rte_net_mlx5.a.p/net_mlx5_mlx5_tx_nompw.c.o
[1609/2912] Compiling C object drivers/libtmp_rte_net_mlx5.a.p/net_mlx5_mlx5_tx_empw.c.o
[1610/2912] Compiling C object drivers/libtmp_rte_net_mlx5.a.p/net_mlx5_mlx5_tx_txpp.c.o
ninja: build stopped: subcommand failed.
==== End log output ====
Windows Server 2019
Kernel: 10.0
Compiler: clang 9.0 and gcc 8.1.0 (MinGW)
FreeBSD 11.2
Kernel: 11.2
Compiler: gcc 8.3
FreeBSD 13
Kernel: 13.0
Compiler: clang 11.0.1
Fedora 31
Kernel: 4.18.0-240.10.1.el8_3.x86_64
Compiler: gcc 9.3.1
Ubuntu 18.04
Kernel: 4.18.0-240.10.1.el8_3.x86_64
Compiler: gcc 7.5.0-3ubuntu1~18.04
Fedora 32
Kernel: 4.18.0-240.10.1.el8_3.x86_64
Compiler: gcc 10.2.1
RHEL 7
Kernel: 4.18.0-240.10.1.el8_3.x86_64
Compiler: gcc 4.8.5 20150623 (Red Hat 4.8.5-44)
CentOS Stream 8
Kernel: 4.18.0-240.10.1.el8_3.x86_64
Compiler: gcc 8.4.1 20200928
openSUSE Leap 15
Kernel: 4.18.0-240.10.1.el8_3.x86_64
Compiler: gcc 7.5.0
CentOS 8
Kernel: 4.18.0-240.10.1.el8_3.x86_64
Compiler: gcc 8.3.1 20191121 (Red Hat 8.3.1-5)
RHEL8
Kernel: 4.18.0-240.10.1.el8_3.x86_64
Compiler: gcc 8.3.1 20191121 (Red Hat 8.3.1-5)
Arch Linux
Kernel: 5.4.0-73-generic
Compiler: gcc 11.1.0
Ubuntu 20.04
Kernel: 4.18.0-240.10.1.el8_3.x86_64
Compiler: gcc 9.3.0-17ubuntu1~20.04
Fedora 34
Kernel: 5.4.0-72-generic
Compiler: gcc 11.1.1 20210428 (Red Hat 11.1.1-1)
Alpine
Kernel: 5.4.0-73-generic
Compiler: gcc (Alpine 10.3.1_git20210424) 10.3.1 20210424
Fedora 33
Kernel: 5.4.0-72-generic
Compiler: gcc 10.3.1 20210422 (Red Hat 10.3.1-1)
Fedora 34 clang
Kernel: 5.4.0-72-generic
Compiler: clang 12.0.0 (Fedora 12.0.0-0.3.rc1.fc34)
Ubuntu 20.04 ARM
Kernel: 5.4.0-53-generic
Compiler: gcc 9.3
To view detailed results, visit:
https://lab.dpdk.org/results/dashboard/patchsets/19350/
UNH-IOL DPDK Community Lab
To manage your email subscriptions, visit:
https://lab.dpdk.org/results/dashboard/preferences/subscriptions/
next reply other threads:[~2021-10-13 16:43 UTC|newest]
Thread overview: 7+ messages / expand[flat|nested] mbox.gz Atom feed top
2021-10-13 16:43 dpdklab [this message]
-- strict thread matches above, loose matches on Subject: below --
2021-10-19 17:13 dpdklab
2021-10-14 8:44 dpdklab
2021-10-12 23:49 dpdklab
2021-10-12 23:06 dpdklab
2021-10-12 22:21 dpdklab
2021-10-12 22:20 dpdklab
Reply instructions:
You may reply publicly to this message via plain-text email
using any one of the following methods:
* Save the following mbox file, import it into your mail client,
and reply-to-all from there: mbox
Avoid top-posting and favor interleaved quoting:
https://en.wikipedia.org/wiki/Posting_style#Interleaved_style
* Reply using the --to, --cc, and --in-reply-to
switches of git-send-email(1):
git send-email \
--in-reply-to=20211013164357.0178660524@noxus.dpdklab.iol.unh.edu \
--to=dpdklab@iol.unh.edu \
--cc=dpdk-test-reports@iol.unh.edu \
--cc=test-report@dpdk.org \
--cc=viacheslavo@nvidia.com \
/path/to/YOUR_REPLY
https://kernel.org/pub/software/scm/git/docs/git-send-email.html
* If your mail client supports setting the In-Reply-To header
via mailto: links, try the mailto: link
Be sure your reply has a Subject: header at the top and a blank line
before the message body.
This is a public inbox, see mirroring instructions
for how to clone and mirror all data and code used for this inbox;
as well as URLs for NNTP newsgroup(s).