automatic DPDK test reports
 help / color / mirror / Atom feed
* [dpdk-test-report] |FAILURE| pw101477-101484 [PATCH] [v3, 8/8] examples: remove unnecessary include of atomic
@ 2021-10-13 22:45 dpdklab
  0 siblings, 0 replies; 2+ messages in thread
From: dpdklab @ 2021-10-13 22:45 UTC (permalink / raw)
  To: Ali Alnubani, Thomas Monjalon, Test Report
  Cc: dpdk-test-reports, Dharmik Thakkar

[-- Attachment #1: Type: text/plain, Size: 4549 bytes --]

Test-Label: iol-mellanox-Performance
Test-Status: FAILURE
http://dpdk.org/patch/101484

_Performance Testing issues_

Submitter: Dharmik Thakkar <dharmik.thakkar@arm.com>
Date: Wednesday, October 13 2021 18:54:07 
DPDK git baseline: Repo:dpdk
  Branch: master
  CommitID:2f3758751b157760ebb6fc51cd92841073bb115c

101477-101484 --> performance testing fail

Test environment and result as below:

Ubuntu 20.04
Kernel: 4.15.0-generic
Compiler: gcc 7.4
NIC: Mellanox ConnectX-4 Lx 25000 Mbps
Target: x86_64-native-linuxapp-gcc
Fail/Total: 0/5

Detail performance results: 
+------------+---------+----------+-------------+------------------------------+
| frame_size | txd/rxd | num_cpus | num_threads |  throughput difference from  |
|            |         |          |             |           expected           |
+============+=========+==========+=============+==============================+
| 64         | 256     | 1        | 1           | 0.1%                         |
+------------+---------+----------+-------------+------------------------------+
| 128        | 256     | 1        | 1           | -0.0%                        |
+------------+---------+----------+-------------+------------------------------+
| 1024       | 256     | 1        | 1           | -0.0%                        |
+------------+---------+----------+-------------+------------------------------+
| 256        | 256     | 1        | 1           | -0.1%                        |
+------------+---------+----------+-------------+------------------------------+
| 1518       | 256     | 1        | 1           | -0.1%                        |
+------------+---------+----------+-------------+------------------------------+

Ubuntu 20.04
Kernel: 4.15.0-generic
Compiler: gcc 7.4
NIC: Mellanox ConnectX-5 100000 Mbps
Target: x86_64-native-linuxapp-gcc
Fail/Total: 0/5

Detail performance results: 
+------------+---------+----------+-------------+------------------------------+
| frame_size | txd/rxd | num_cpus | num_threads |  throughput difference from  |
|            |         |          |             |           expected           |
+============+=========+==========+=============+==============================+
| 64         | 256     | 1        | 1           | -0.2%                        |
+------------+---------+----------+-------------+------------------------------+
| 128        | 256     | 1        | 1           | -0.1%                        |
+------------+---------+----------+-------------+------------------------------+
| 1024       | 256     | 1        | 1           | -0.1%                        |
+------------+---------+----------+-------------+------------------------------+
| 256        | 256     | 1        | 1           | -0.2%                        |
+------------+---------+----------+-------------+------------------------------+
| 1518       | 256     | 1        | 1           | -0.0%                        |
+------------+---------+----------+-------------+------------------------------+

Ubuntu 20.04
Kernel: 4.15.0-generic
Compiler: gcc 7.4
NIC: Mellanox ConnectX-4 Lx 40000 Mbps
Target: x86_64-native-linuxapp-gcc
Fail/Total: 1/5

Detail performance results: 
+------------+---------+----------+-------------+------------------------------+
| frame_size | txd/rxd | num_cpus | num_threads |  throughput difference from  |
|            |         |          |             |           expected           |
+============+=========+==========+=============+==============================+
| 64         | 256     | 1        | 1           | -0.5%                        |
+------------+---------+----------+-------------+------------------------------+
| 128        | 256     | 1        | 1           | -1.3%                        |
+------------+---------+----------+-------------+------------------------------+
| 1024       | 256     | 1        | 1           | 0.2%                         |
+------------+---------+----------+-------------+------------------------------+
| 256        | 256     | 1        | 1           | -0.2%                        |
+------------+---------+----------+-------------+------------------------------+
| 1518       | 256     | 1        | 1           | 0.2%                         |
+------------+---------+----------+-------------+------------------------------+

To view detailed results, visit:
https://lab.dpdk.org/results/dashboard/patchsets/19389/

UNH-IOL DPDK Community Lab

To manage your email subscriptions, visit: 
https://lab.dpdk.org/results/dashboard/preferences/subscriptions/

^ permalink raw reply	[flat|nested] 2+ messages in thread

* [dpdk-test-report] |FAILURE| pw101477-101484 [PATCH] [v3, 8/8] examples: remove unnecessary include of atomic
@ 2021-10-13 19:52 dpdklab
  0 siblings, 0 replies; 2+ messages in thread
From: dpdklab @ 2021-10-13 19:52 UTC (permalink / raw)
  To: Test Report; +Cc: dpdklab, Dharmik Thakkar

[-- Attachment #1: Type: text/plain, Size: 3978 bytes --]

Test-Label: iol-x86_64-unit-testing
Test-Status: FAILURE
http://dpdk.org/patch/101484

_Testing issues_

Submitter: Dharmik Thakkar <dharmik.thakkar@arm.com>
Date: Wednesday, October 13 2021 18:54:07 
DPDK git baseline: Repo:dpdk
  Branch: master
  CommitID:2f3758751b157760ebb6fc51cd92841073bb115c

101477-101484 --> testing fail

Test environment and result as below:

+------------------+----------------+
|   Environment    | dpdk_unit_test |
+==================+================+
| Ubuntu 18.04     | PASS           |
+------------------+----------------+
| CentOS 8         | PASS           |
+------------------+----------------+
| Arch Linux       | PASS           |
+------------------+----------------+
| CentOS Stream 8  | PASS           |
+------------------+----------------+
| Fedora 32        | PASS           |
+------------------+----------------+
| Fedora 31        | PASS           |
+------------------+----------------+
| RHEL 7           | FAIL           |
+------------------+----------------+
| Ubuntu 20.04     | PASS           |
+------------------+----------------+
| RHEL8            | PASS           |
+------------------+----------------+
| Fedora 34        | PASS           |
+------------------+----------------+
| Fedora 33        | PASS           |
+------------------+----------------+
| openSUSE Leap 15 | PASS           |
+------------------+----------------+
| Fedora 34 clang  | PASS           |
+------------------+----------------+

==== 20 line log output for RHEL 7 (dpdk_unit_test): ====
84/94 DPDK:fast-tests / service_autotest               OK             3.68s
85/94 DPDK:fast-tests / thash_autotest                 OK             0.17s
86/94 DPDK:fast-tests / trace_autotest                 OK             0.17s
87/94 DPDK:fast-tests / telemetry_json_autotest        OK             0.17s
88/94 DPDK:fast-tests / telemetry_data_autotest        OK             0.17s
89/94 DPDK:fast-tests / ring_pmd_autotest              OK             0.17s
90/94 DPDK:fast-tests / event_eth_tx_adapter_autotest  OK             0.47s
91/94 DPDK:fast-tests / bitratestats_autotest          OK             0.22s
92/94 DPDK:fast-tests / latencystats_autotest          OK             0.17s
93/94 DPDK:fast-tests / pdump_autotest                 OK             5.25s
94/94 DPDK:fast-tests / compressdev_autotest           SKIP           0.22s

Ok:                 88
Expected Fail:      0
Fail:               1
Unexpected Pass:    0
Skipped:            5
Timeout:            0

Full log written to /home-local/jenkins-local/jenkins-agent/workspace/Generic-Unit-Test-DPDK/dpdk/build/meson-logs/testlog.txt
==== End log output ====

Ubuntu 18.04
	Kernel: 4.18.0-240.10.1.el8_3.x86_64
	Compiler: gcc 7.5.0-3ubuntu1~18.04

CentOS 8
	Kernel: 4.18.0-240.10.1.el8_3.x86_64
	Compiler: gcc 8.3.1 20191121 (Red Hat 8.3.1-5)

Arch Linux
	Kernel: 5.4.0-73-generic
	Compiler: gcc 11.1.0

CentOS Stream 8
	Kernel: 4.18.0-240.10.1.el8_3.x86_64
	Compiler: gcc 8.4.1 20200928

Fedora 32
	Kernel: 4.18.0-240.10.1.el8_3.x86_64
	Compiler: gcc 10.2.1

Fedora 31
	Kernel: 4.18.0-240.10.1.el8_3.x86_64
	Compiler: gcc 9.3.1

RHEL 7
	Kernel: 4.18.0-240.10.1.el8_3.x86_64
	Compiler: gcc 4.8.5 20150623 (Red Hat 4.8.5-44)

Ubuntu 20.04
	Kernel: 4.18.0-240.10.1.el8_3.x86_64
	Compiler: gcc 9.3.0-17ubuntu1~20.04

RHEL8
	Kernel: 4.18.0-240.10.1.el8_3.x86_64
	Compiler: gcc 8.3.1 20191121 (Red Hat 8.3.1-5)

Fedora 34
	Kernel: 5.4.0-72-generic
	Compiler: gcc 11.1.1 20210428 (Red Hat 11.1.1-1)

Fedora 33
	Kernel: 5.4.0-72-generic
	Compiler: gcc 10.3.1 20210422 (Red Hat 10.3.1-1)

openSUSE Leap 15
	Kernel: 4.18.0-240.10.1.el8_3.x86_64
	Compiler: gcc 7.5.0

Fedora 34 clang
	Kernel: 5.4.0-72-generic
	Compiler: clang 12.0.0 (Fedora 12.0.0-0.3.rc1.fc34)

To view detailed results, visit:
https://lab.dpdk.org/results/dashboard/patchsets/19389/

UNH-IOL DPDK Community Lab

To manage your email subscriptions, visit: 
https://lab.dpdk.org/results/dashboard/preferences/subscriptions/

^ permalink raw reply	[flat|nested] 2+ messages in thread

end of thread, other threads:[~2021-10-13 22:45 UTC | newest]

Thread overview: 2+ messages (download: mbox.gz / follow: Atom feed)
-- links below jump to the message on this page --
2021-10-13 22:45 [dpdk-test-report] |FAILURE| pw101477-101484 [PATCH] [v3, 8/8] examples: remove unnecessary include of atomic dpdklab
  -- strict thread matches above, loose matches on Subject: below --
2021-10-13 19:52 dpdklab

automatic DPDK test reports

This inbox may be cloned and mirrored by anyone:

	git clone --mirror http://inbox.dpdk.org/test-report/0 test-report/git/0.git

	# If you have public-inbox 1.1+ installed, you may
	# initialize and index your mirror using the following commands:
	public-inbox-init -V2 test-report test-report/ http://inbox.dpdk.org/test-report \
		test-report@dpdk.org
	public-inbox-index test-report

Example config snippet for mirrors.
Newsgroup available over NNTP:
	nntp://inbox.dpdk.org/inbox.dpdk.test-report


AGPL code for this site: git clone https://public-inbox.org/public-inbox.git