* [dpdk-test-report] |WARNING| pw101537-101547 [PATCH] [v5, 12/12] app/test: enable subset of unit tests on Windows
@ 2021-10-14 5:45 dpdklab
0 siblings, 0 replies; only message in thread
From: dpdklab @ 2021-10-14 5:45 UTC (permalink / raw)
To: Test Report; +Cc: dpdk-test-reports, Jie Zhou
[-- Attachment #1: Type: text/plain, Size: 8347 bytes --]
Test-Label: iol-x86_64-compile-testing
Test-Status: WARNING
http://dpdk.org/patch/101547
_Testing issues_
Submitter: Jie Zhou <jizh@linux.microsoft.com>
Date: Thursday, October 14 2021 04:52:50
DPDK git baseline: Repo:dpdk
Branch: master
CommitID:d75eed0fbe4b942bc6df2e2908a8b5c2c30c99aa
101537-101547 --> testing fail
Test environment and result as below:
+---------------------+--------------------+-------------------+----------------------+
| Environment | dpdk_meson_compile | dpdk_compile_spdk | dpdk_mingw64_compile |
+=====================+====================+===================+======================+
| Windows Server 2019 | PASS | SKIPPED | FAIL |
+---------------------+--------------------+-------------------+----------------------+
| Fedora 31 | PASS | SKIPPED | SKIPPED |
+---------------------+--------------------+-------------------+----------------------+
| FreeBSD 13 | PASS | SKIPPED | SKIPPED |
+---------------------+--------------------+-------------------+----------------------+
| CentOS 8 | PASS | SKIPPED | SKIPPED |
+---------------------+--------------------+-------------------+----------------------+
| openSUSE Leap 15 | PASS | SKIPPED | SKIPPED |
+---------------------+--------------------+-------------------+----------------------+
| Ubuntu 18.04 | PASS | PASS | SKIPPED |
+---------------------+--------------------+-------------------+----------------------+
| Ubuntu 20.04 | PASS | SKIPPED | SKIPPED |
+---------------------+--------------------+-------------------+----------------------+
| CentOS Stream 8 | PASS | SKIPPED | SKIPPED |
+---------------------+--------------------+-------------------+----------------------+
| Fedora 32 | PASS | SKIPPED | SKIPPED |
+---------------------+--------------------+-------------------+----------------------+
| RHEL 7 | PASS | SKIPPED | SKIPPED |
+---------------------+--------------------+-------------------+----------------------+
| RHEL8 | PASS | SKIPPED | SKIPPED |
+---------------------+--------------------+-------------------+----------------------+
| Fedora 33 | PASS | SKIPPED | SKIPPED |
+---------------------+--------------------+-------------------+----------------------+
| Fedora 34 | PASS | SKIPPED | SKIPPED |
+---------------------+--------------------+-------------------+----------------------+
| Arch Linux | PASS | SKIPPED | SKIPPED |
+---------------------+--------------------+-------------------+----------------------+
| Alpine | PASS | SKIPPED | SKIPPED |
+---------------------+--------------------+-------------------+----------------------+
| Fedora 34 clang | PASS | SKIPPED | SKIPPED |
+---------------------+--------------------+-------------------+----------------------+
==== 20 line log output for Windows Server 2019 (dpdk_mingw64_compile): ====
[554/614] Compiling C object app/test/dpdk-test.exe.p/test_memcpy.c.obj
[555/614] Compiling C object app/test/dpdk-test.exe.p/test_lpm6.c.obj
[556/614] Compiling C object app/test/dpdk-test.exe.p/test_mbuf.c.obj
[557/614] Compiling C object app/test/dpdk-test.exe.p/test_lpm_perf.c.obj
[558/614] Compiling C object app/test/dpdk-test.exe.p/test_mp_secondary.c.obj
FAILED: app/test/dpdk-test.exe.p/test_mp_secondary.c.obj
"gcc" "-Iapp\test\dpdk-test.exe.p" "-Iapp\test" "-I..\app\test" "-Idrivers\bus\pci" "-I..\drivers\bus\pci" "-I..\drivers\bus\pci\windows" "-I." "-I.." "-Iconfig" "-I..\config" "-Ilib\eal\include" "-I..\lib\eal\include" "-Ilib\eal\windows\include" "-I..\lib\eal\windows\include" "-Ilib\eal\x86\include" "-I..\lib\eal\x86\include" "-Ilib\eal\common" "-I..\lib\eal\common" "-Ilib\eal" "-I..\lib\eal" "-Ilib\kvargs" "-I..\lib\kvargs" "-Ilib\pci" "-I..\lib\pci" "-Idrivers\bus\vdev" "-I..\drivers\bus\vdev" "-Ilib\bitratestats" "-I..\lib\bitratestats" "-Ilib\ethdev" "-I..\lib\ethdev" "-Ilib\net" "-I..\lib\net" "-Ilib\mbuf" "-I..\lib\mbuf" "-Ilib\mempool" "-I..\lib\mempool" "-Ilib\ring" "-I..\lib\ring" "-Ilib\meter" "-I..\lib\meter" "-Ilib\metrics" "-I..\lib\metrics" "-Ilib\telemetry" "-I..\lib\telemetry" "-Ilib\cfgfile" "-I..\lib\cfgfile" "-Ilib\cmdline" "-I..\lib\cmdline" "-Ilib\efd" "-I..\lib\efd" "-Ilib\hash" "-I..\lib\hash" "-Ilib\rcu" "-I..\lib\rcu" "-Ilib\latencystats" "-I..\lib\latencystats" "-Ilib\lpm" "-I..\lib\lpm" "-Ilib\stack" "-I..\lib\stack" "-Ilib\timer" "-I..\lib\timer" "-Idrivers\mempool\ring" "-I..\drivers\mempool\ring" "-Idrivers\mempool\stack" "-I..\drivers\mempool\stack" "-Ilib\pdump" "-I..\lib\pdump" "-fdiagnostics-color=always" "-pipe" "-D_FILE_OFFSET_BITS=64" "-Wall" "-Winvalid-pch" "-Werror" "-O3" "-include" "rte_config.h" "-Wextra" "-Wcast-qual" "-Wdeprecated" "-Wformat" "-Wformat-nonliteral" "-Wformat-security" "-Wmissing-declarations" "-Wmissing-prototypes" "-Wnested-externs" "-Wold-style-definition" "-Wpointer-arith" "-Wsign-compare" "-Wstrict-prototypes" "-Wundef" "-Wwrite-strings" "-Wno-packed-not-aligned" "-Wno-missing-field-initializers" "-D_GNU_SOURCE" "-D_WIN32_WINNT=0x0A00" "-D__USE_MINGW_ANSI_STDIO" "-march=native" "-DALLOW_EXPERIMENTAL_API" "-Wno-format-truncation" "-fno-strict-aliasing" "-DALLOW_INTERNAL_API" -MD -MQ app/test/dpdk-test.exe.p/test_mp_secondary.c.obj -MF "app\test\dpdk-test.exe.p\test_mp_secondary.c.obj.d" -o app/test/dpdk-test.exe.p/test_mp_secondary.c.obj "-c" ../app/test/test_mp_secondary.c
../app/test/test_mp_secondary.c:20:1: error: static declaration of 'test_mp_secondary' follows non-static declaration
test_mp_secondary(void)
^~~~~~~~~~~~~~~~~
In file included from ../app/test/test_mp_secondary.c:7:
../app/test/test.h:174:5: note: previous declaration of 'test_mp_secondary' was here
int test_mp_secondary(void);
^~~~~~~~~~~~~~~~~
[559/614] Compiling C object app/test/dpdk-test.exe.p/test_member.c.obj
[560/614] Compiling C object app/test/dpdk-test.exe.p/test_member_perf.c.obj
[561/614] Compiling C object app/test/dpdk-test.exe.p/test_mcslock.c.obj
[562/614] Compiling C object app/test/dpdk-test.exe.p/test_per_lcore.c.obj
[563/614] Compiling C object app/test/dpdk-test.exe.p/test_mempool.c.obj
ninja: build stopped: subcommand failed.
==== End log output ====
Windows Server 2019
Kernel: 10.0
Compiler: clang 9.0 and gcc 8.1.0 (MinGW)
Fedora 31
Kernel: 4.18.0-240.10.1.el8_3.x86_64
Compiler: gcc 9.3.1
FreeBSD 13
Kernel: 13.0
Compiler: clang 11.0.1
CentOS 8
Kernel: 4.18.0-240.10.1.el8_3.x86_64
Compiler: gcc 8.3.1 20191121 (Red Hat 8.3.1-5)
openSUSE Leap 15
Kernel: 4.18.0-240.10.1.el8_3.x86_64
Compiler: gcc 7.5.0
Ubuntu 18.04
Kernel: 4.18.0-240.10.1.el8_3.x86_64
Compiler: gcc 7.5.0-3ubuntu1~18.04
Ubuntu 20.04
Kernel: 4.18.0-240.10.1.el8_3.x86_64
Compiler: gcc 9.3.0-17ubuntu1~20.04
CentOS Stream 8
Kernel: 4.18.0-240.10.1.el8_3.x86_64
Compiler: gcc 8.4.1 20200928
Fedora 32
Kernel: 4.18.0-240.10.1.el8_3.x86_64
Compiler: gcc 10.2.1
RHEL 7
Kernel: 4.18.0-240.10.1.el8_3.x86_64
Compiler: gcc 4.8.5 20150623 (Red Hat 4.8.5-44)
RHEL8
Kernel: 4.18.0-240.10.1.el8_3.x86_64
Compiler: gcc 8.3.1 20191121 (Red Hat 8.3.1-5)
Fedora 33
Kernel: 5.4.0-72-generic
Compiler: gcc 10.3.1 20210422 (Red Hat 10.3.1-1)
Fedora 34
Kernel: 5.4.0-72-generic
Compiler: gcc 11.1.1 20210428 (Red Hat 11.1.1-1)
Arch Linux
Kernel: 5.4.0-73-generic
Compiler: gcc 11.1.0
Alpine
Kernel: 5.4.0-73-generic
Compiler: gcc (Alpine 10.3.1_git20210424) 10.3.1 20210424
Fedora 34 clang
Kernel: 5.4.0-72-generic
Compiler: clang 12.0.0 (Fedora 12.0.0-0.3.rc1.fc34)
To view detailed results, visit:
https://lab.dpdk.org/results/dashboard/patchsets/19402/
UNH-IOL DPDK Community Lab
To manage your email subscriptions, visit:
https://lab.dpdk.org/results/dashboard/preferences/subscriptions/
^ permalink raw reply [flat|nested] only message in thread
only message in thread, other threads:[~2021-10-14 5:45 UTC | newest]
Thread overview: (only message) (download: mbox.gz / follow: Atom feed)
-- links below jump to the message on this page --
2021-10-14 5:45 [dpdk-test-report] |WARNING| pw101537-101547 [PATCH] [v5, 12/12] app/test: enable subset of unit tests on Windows dpdklab
This is a public inbox, see mirroring instructions
for how to clone and mirror all data and code used for this inbox;
as well as URLs for NNTP newsgroup(s).