From: dpdklab@iol.unh.edu
To: Test Report <test-report@dpdk.org>
Cc: dpdklab@iol.unh.edu, Fan Zhang <roy.fan.zhang@intel.com>
Subject: [dpdk-test-report] |FAILURE| pw101648-101657 [PATCH] [v3, 10/10] common/qat: unify naming conventions in qat functions
Date: Thu, 14 Oct 2021 13:33:55 -0400 (EDT) [thread overview]
Message-ID: <20211014173355.279F560524@noxus.dpdklab.iol.unh.edu> (raw)
[-- Attachment #1: Type: text/plain, Size: 4583 bytes --]
Test-Label: iol-x86_64-unit-testing
Test-Status: FAILURE
http://dpdk.org/patch/101657
_Testing issues_
Submitter: Fan Zhang <roy.fan.zhang@intel.com>
Date: Thursday, October 14 2021 16:11:37
DPDK git baseline: Repo:dpdk
Branch: master
CommitID:d75eed0fbe4b942bc6df2e2908a8b5c2c30c99aa
101648-101657 --> testing fail
Test environment and result as below:
+------------------+----------------+
| Environment | dpdk_unit_test |
+==================+================+
| Ubuntu 18.04 | FAIL |
+------------------+----------------+
| Arch Linux | FAIL |
+------------------+----------------+
| CentOS 8 | FAIL |
+------------------+----------------+
| CentOS Stream 8 | FAIL |
+------------------+----------------+
| Fedora 31 | FAIL |
+------------------+----------------+
| Fedora 32 | FAIL |
+------------------+----------------+
| openSUSE Leap 15 | FAIL |
+------------------+----------------+
| RHEL 7 | FAIL |
+------------------+----------------+
| RHEL8 | FAIL |
+------------------+----------------+
| Ubuntu 20.04 | FAIL |
+------------------+----------------+
| Fedora 34 | FAIL |
+------------------+----------------+
| Fedora 33 | FAIL |
+------------------+----------------+
| Fedora 34 clang | FAIL |
+------------------+----------------+
==== 20 line log output for Fedora 34 clang (dpdk_unit_test): ====
= NULL
1 error generated.
[812/2939] Compiling C object drivers/libtmp_rte_common_qat.a.p/compress_qat_qat_comp_pmd.c.o
[813/2939] Compiling C object drivers/libtmp_rte_common_qat.a.p/common_qat_qat_common.c.o
[814/2939] Compiling C object drivers/libtmp_rte_common_qat.a.p/common_qat_dev_qat_dev_gen2.c.o
[815/2939] Compiling C object drivers/libtmp_rte_common_qat.a.p/common_qat_dev_qat_dev_gen3.c.o
[816/2939] Compiling C object drivers/libtmp_rte_common_qat.a.p/common_qat_dev_qat_dev_gen1.c.o
[817/2939] Compiling C object drivers/libtmp_rte_common_qat.a.p/common_qat_qat_device.c.o
[818/2939] Compiling C object drivers/libtmp_rte_common_qat.a.p/common_qat_dev_qat_dev_gen4.c.o
[819/2939] Generating symbol file lib/librte_pipeline.so.22.0.p/librte_pipeline.so.22.0.symbols
[820/2939] Compiling C object drivers/libtmp_rte_common_qat.a.p/crypto_qat_qat_sym_pmd.c.o
[821/2939] Generating rte_bus_dpaa.sym_chk with a custom command (wrapped by meson to capture output)
[822/2939] Compiling C object drivers/libtmp_rte_common_qat.a.p/compress_qat_dev_qat_comp_pmd_gen1.c.o
[823/2939] Compiling C object drivers/libtmp_rte_common_qat.a.p/compress_qat_dev_qat_comp_pmd_gen2.c.o
[824/2939] Compiling C object drivers/libtmp_rte_common_mlx5.a.p/common_mlx5_mlx5_devx_cmds.c.o
[825/2939] Compiling C object drivers/libtmp_rte_common_qat.a.p/compress_qat_qat_comp.c.o
[826/2939] Compiling C object drivers/libtmp_rte_common_qat.a.p/crypto_qat_qat_sym.c.o
[827/2939] Generating rte_bus_fslmc.sym_chk with a custom command (wrapped by meson to capture output)
[828/2939] Generating rte_common_cnxk.sym_chk with a custom command (wrapped by meson to capture output)
ninja: build stopped: subcommand failed.
==== End log output ====
Ubuntu 18.04
Kernel: 4.18.0-240.10.1.el8_3.x86_64
Compiler: gcc 7.5.0-3ubuntu1~18.04
Arch Linux
Kernel: 5.4.0-73-generic
Compiler: gcc 11.1.0
CentOS 8
Kernel: 4.18.0-240.10.1.el8_3.x86_64
Compiler: gcc 8.3.1 20191121 (Red Hat 8.3.1-5)
CentOS Stream 8
Kernel: 4.18.0-240.10.1.el8_3.x86_64
Compiler: gcc 8.4.1 20200928
Fedora 31
Kernel: 4.18.0-240.10.1.el8_3.x86_64
Compiler: gcc 9.3.1
Fedora 32
Kernel: 4.18.0-240.10.1.el8_3.x86_64
Compiler: gcc 10.2.1
openSUSE Leap 15
Kernel: 4.18.0-240.10.1.el8_3.x86_64
Compiler: gcc 7.5.0
RHEL 7
Kernel: 4.18.0-240.10.1.el8_3.x86_64
Compiler: gcc 4.8.5 20150623 (Red Hat 4.8.5-44)
RHEL8
Kernel: 4.18.0-240.10.1.el8_3.x86_64
Compiler: gcc 8.3.1 20191121 (Red Hat 8.3.1-5)
Ubuntu 20.04
Kernel: 4.18.0-240.10.1.el8_3.x86_64
Compiler: gcc 9.3.0-17ubuntu1~20.04
Fedora 34
Kernel: 5.4.0-72-generic
Compiler: gcc 11.1.1 20210428 (Red Hat 11.1.1-1)
Fedora 33
Kernel: 5.4.0-72-generic
Compiler: gcc 10.3.1 20210422 (Red Hat 10.3.1-1)
Fedora 34 clang
Kernel: 5.4.0-72-generic
Compiler: clang 12.0.0 (Fedora 12.0.0-0.3.rc1.fc34)
To view detailed results, visit:
https://lab.dpdk.org/results/dashboard/patchsets/19425/
UNH-IOL DPDK Community Lab
To manage your email subscriptions, visit:
https://lab.dpdk.org/results/dashboard/preferences/subscriptions/
next reply other threads:[~2021-10-14 17:33 UTC|newest]
Thread overview: 3+ messages / expand[flat|nested] mbox.gz Atom feed top
2021-10-14 17:33 dpdklab [this message]
2021-10-14 17:39 dpdklab
2021-10-15 15:37 dpdklab
Reply instructions:
You may reply publicly to this message via plain-text email
using any one of the following methods:
* Save the following mbox file, import it into your mail client,
and reply-to-all from there: mbox
Avoid top-posting and favor interleaved quoting:
https://en.wikipedia.org/wiki/Posting_style#Interleaved_style
* Reply using the --to, --cc, and --in-reply-to
switches of git-send-email(1):
git send-email \
--in-reply-to=20211014173355.279F560524@noxus.dpdklab.iol.unh.edu \
--to=dpdklab@iol.unh.edu \
--cc=roy.fan.zhang@intel.com \
--cc=test-report@dpdk.org \
/path/to/YOUR_REPLY
https://kernel.org/pub/software/scm/git/docs/git-send-email.html
* If your mail client supports setting the In-Reply-To header
via mailto: links, try the mailto: link
Be sure your reply has a Subject: header at the top and a blank line
before the message body.
This is a public inbox, see mirroring instructions
for how to clone and mirror all data and code used for this inbox;
as well as URLs for NNTP newsgroup(s).