* [dpdk-test-report] |FAILURE| pw101731-101735 [PATCH] [v14, 5/5] app/test: add tests for PIE
@ 2021-10-15 23:25 dpdklab
0 siblings, 0 replies; 3+ messages in thread
From: dpdklab @ 2021-10-15 23:25 UTC (permalink / raw)
To: Test Report; +Cc: dpdklab, Liguzinski, WojciechX
[-- Attachment #1: Type: text/plain, Size: 4408 bytes --]
Test-Label: iol-x86_64-unit-testing
Test-Status: FAILURE
http://dpdk.org/patch/101735
_Testing issues_
Submitter: Liguzinski, WojciechX <wojciechx.liguzinski@intel.com>
Date: Friday, October 15 2021 08:16:20
DPDK git baseline: Repo:dpdk
Branch: master
CommitID:b95af1946ab4fde8489f8a91199d3b5579918997
101731-101735 --> testing fail
Test environment and result as below:
+------------------+----------------+
| Environment | dpdk_unit_test |
+==================+================+
| Ubuntu 18.04 | FAIL |
+------------------+----------------+
| Arch Linux | FAIL |
+------------------+----------------+
| CentOS 8 | FAIL |
+------------------+----------------+
| CentOS Stream 8 | FAIL |
+------------------+----------------+
| Fedora 31 | FAIL |
+------------------+----------------+
| Fedora 32 | FAIL |
+------------------+----------------+
| openSUSE Leap 15 | FAIL |
+------------------+----------------+
| RHEL 7 | FAIL |
+------------------+----------------+
| RHEL8 | FAIL |
+------------------+----------------+
| Ubuntu 20.04 | FAIL |
+------------------+----------------+
| Fedora 34 | FAIL |
+------------------+----------------+
| Fedora 33 | FAIL |
+------------------+----------------+
| Fedora 34 clang | FAIL |
+------------------+----------------+
==== 20 line log output for Fedora 34 clang (dpdk_unit_test): ====
^
4 errors generated.
[337/2927] Compiling C object lib/librte_stack.a.p/stack_rte_stack.c.o
[338/2927] Compiling C object lib/librte_rib.a.p/rib_rte_rib6.c.o
[339/2927] Compiling C object lib/librte_pdump.a.p/pdump_rte_pdump.c.o
[340/2927] Compiling C object lib/librte_stack.a.p/stack_rte_stack_lf.c.o
[341/2927] Compiling C object lib/librte_vhost.a.p/vhost_fd_man.c.o
[342/2927] Generating lpm.sym_chk with a custom command (wrapped by meson to capture output)
[343/2927] Compiling C object lib/librte_security.a.p/security_rte_security.c.o
[344/2927] Generating reorder.sym_chk with a custom command (wrapped by meson to capture output)
[345/2927] Generating rawdev.sym_chk with a custom command (wrapped by meson to capture output)
[346/2927] Generating power.sym_chk with a custom command (wrapped by meson to capture output)
[347/2927] Compiling C object lib/librte_vhost.a.p/vhost_iotlb.c.o
[348/2927] Generating cryptodev.sym_chk with a custom command (wrapped by meson to capture output)
[349/2927] Generating regexdev.sym_chk with a custom command (wrapped by meson to capture output)
[350/2927] Generating eventdev.sym_chk with a custom command (wrapped by meson to capture output)
[351/2927] Generating ethdev.sym_chk with a custom command (wrapped by meson to capture output)
[352/2927] Generating eal.sym_chk with a custom command (wrapped by meson to capture output)
[353/2927] Compiling C object lib/librte_pipeline.a.p/pipeline_rte_table_action.c.o
ninja: build stopped: subcommand failed.
==== End log output ====
Ubuntu 18.04
Kernel: 4.18.0-240.10.1.el8_3.x86_64
Compiler: gcc 7.5.0-3ubuntu1~18.04
Arch Linux
Kernel: 5.4.0-73-generic
Compiler: gcc 11.1.0
CentOS 8
Kernel: 4.18.0-240.10.1.el8_3.x86_64
Compiler: gcc 8.3.1 20191121 (Red Hat 8.3.1-5)
CentOS Stream 8
Kernel: 4.18.0-240.10.1.el8_3.x86_64
Compiler: gcc 8.4.1 20200928
Fedora 31
Kernel: 4.18.0-240.10.1.el8_3.x86_64
Compiler: gcc 9.3.1
Fedora 32
Kernel: 4.18.0-240.10.1.el8_3.x86_64
Compiler: gcc 10.2.1
openSUSE Leap 15
Kernel: 4.18.0-240.10.1.el8_3.x86_64
Compiler: gcc 7.5.0
RHEL 7
Kernel: 4.18.0-240.10.1.el8_3.x86_64
Compiler: gcc 4.8.5 20150623 (Red Hat 4.8.5-44)
RHEL8
Kernel: 4.18.0-240.10.1.el8_3.x86_64
Compiler: gcc 8.3.1 20191121 (Red Hat 8.3.1-5)
Ubuntu 20.04
Kernel: 4.18.0-240.10.1.el8_3.x86_64
Compiler: gcc 9.3.0-17ubuntu1~20.04
Fedora 34
Kernel: 5.4.0-72-generic
Compiler: gcc 11.1.1 20210428 (Red Hat 11.1.1-1)
Fedora 33
Kernel: 5.4.0-72-generic
Compiler: gcc 10.3.1 20210422 (Red Hat 10.3.1-1)
Fedora 34 clang
Kernel: 5.4.0-72-generic
Compiler: clang 12.0.0 (Fedora 12.0.0-0.3.rc1.fc34)
To view detailed results, visit:
https://lab.dpdk.org/results/dashboard/patchsets/19444/
UNH-IOL DPDK Community Lab
To manage your email subscriptions, visit:
https://lab.dpdk.org/results/dashboard/preferences/subscriptions/
^ permalink raw reply [flat|nested] 3+ messages in thread
* [dpdk-test-report] |FAILURE| pw101731-101735 [PATCH] [v14, 5/5] app/test: add tests for PIE
@ 2021-10-18 13:04 dpdklab
0 siblings, 0 replies; 3+ messages in thread
From: dpdklab @ 2021-10-18 13:04 UTC (permalink / raw)
To: Test Report; +Cc: dpdklab, Liguzinski, WojciechX
[-- Attachment #1: Type: text/plain, Size: 2844 bytes --]
Test-Label: iol-aarch64-compile-testing
Test-Status: FAILURE
http://dpdk.org/patch/101735
_Testing issues_
Submitter: Liguzinski, WojciechX <wojciechx.liguzinski@intel.com>
Date: Friday, October 15 2021 08:16:20
DPDK git baseline: Repo:dpdk
Branch: master
CommitID:b95af1946ab4fde8489f8a91199d3b5579918997
101731-101735 --> testing fail
Test environment and result as below:
+------------------------------------+--------------------+
| Environment | dpdk_meson_compile |
+====================================+====================+
| Ubuntu 20.04 ARM | FAIL |
+------------------------------------+--------------------+
| Ubuntu 20.04 ARM cross-compilation | FAIL |
+------------------------------------+--------------------+
==== 20 line log output for Ubuntu 20.04 ARM cross-compilation (dpdk_meson_compile): ====
| ~~~~~~~~~^~~~
cc1: all warnings being treated as errors
[362/2875] Generating regexdev.sym_chk with a custom command (wrapped by meson to capture output)
[363/2875] Compiling C object lib/librte_ipsec.a.p/ipsec_sa.c.o
[364/2875] Generating security.sym_chk with a custom command (wrapped by meson to capture output)
[365/2875] Compiling C object lib/librte_fib.a.p/fib_rte_fib.c.o
[366/2875] Compiling C object lib/librte_fib.a.p/fib_rte_fib6.c.o
[367/2875] Generating cryptodev.sym_chk with a custom command (wrapped by meson to capture output)
[368/2875] Generating rib.sym_chk with a custom command (wrapped by meson to capture output)
[369/2875] Compiling C object lib/librte_vhost.a.p/vhost_vhost.c.o
[370/2875] Compiling C object lib/librte_ipsec.a.p/ipsec_ipsec_sad.c.o
[371/2875] Compiling C object lib/librte_ipsec.a.p/ipsec_esp_outb.c.o
[372/2875] Compiling C object lib/librte_ipsec.a.p/ipsec_esp_inb.c.o
[373/2875] Compiling C object lib/librte_vhost.a.p/vhost_vhost_user.c.o
[374/2875] Generating eventdev.sym_chk with a custom command (wrapped by meson to capture output)
[375/2875] Generating ethdev.sym_chk with a custom command (wrapped by meson to capture output)
[376/2875] Generating eal.sym_chk with a custom command (wrapped by meson to capture output)
[377/2875] Compiling C object lib/librte_vhost.a.p/vhost_virtio_net.c.o
[378/2875] Compiling C object lib/librte_vhost.a.p/vhost_vhost_crypto.c.o
ninja: build stopped: subcommand failed.
==== End log output ====
Ubuntu 20.04 ARM
Kernel: 5.4.0-53-generic
Compiler: gcc 9.3
Ubuntu 20.04 ARM cross-compilation
Kernel: 5.4.0-72-generic
Compiler: aarch64-linux-gnu-gcc (Ubuntu 9.3.0-17ubuntu1~20.04) 9.3.0
To view detailed results, visit:
https://lab.dpdk.org/results/dashboard/patchsets/19444/
UNH-IOL DPDK Community Lab
To manage your email subscriptions, visit:
https://lab.dpdk.org/results/dashboard/preferences/subscriptions/
^ permalink raw reply [flat|nested] 3+ messages in thread
* [dpdk-test-report] |FAILURE| pw101731-101735 [PATCH] [v14, 5/5] app/test: add tests for PIE
@ 2021-10-16 2:32 dpdklab
0 siblings, 0 replies; 3+ messages in thread
From: dpdklab @ 2021-10-16 2:32 UTC (permalink / raw)
To: Test Report; +Cc: dpdk-test-reports, Liguzinski, WojciechX
[-- Attachment #1: Type: text/plain, Size: 2821 bytes --]
Test-Label: iol-aarch64-unit-testing
Test-Status: FAILURE
http://dpdk.org/patch/101735
_Testing issues_
Submitter: Liguzinski, WojciechX <wojciechx.liguzinski@intel.com>
Date: Friday, October 15 2021 08:16:20
DPDK git baseline: Repo:dpdk
Branch: master
CommitID:b95af1946ab4fde8489f8a91199d3b5579918997
101731-101735 --> testing fail
Test environment and result as below:
+------------------+----------------+
| Environment | dpdk_unit_test |
+==================+================+
| Ubuntu 20.04 ARM | FAIL |
+------------------+----------------+
==== 20 line log output for Ubuntu 20.04 ARM (dpdk_unit_test): ====
[506/2903] Generating mempool.sym_chk with a custom command (wrapped by meson to capture output)
[507/2903] Generating rawdev.sym_chk with a custom command (wrapped by meson to capture output)
[508/2903] Generating rib.sym_chk with a custom command (wrapped by meson to capture output)
[509/2903] Generating power.sym_chk with a custom command (wrapped by meson to capture output)
[510/2903] Generating hash.sym_chk with a custom command (wrapped by meson to capture output)
[511/2903] Generating regexdev.sym_chk with a custom command (wrapped by meson to capture output)
[512/2903] Generating cmdline.sym_chk with a custom command (wrapped by meson to capture output)
[513/2903] Generating bbdev.sym_chk with a custom command (wrapped by meson to capture output)
[514/2903] Generating compressdev.sym_chk with a custom command (wrapped by meson to capture output)
[515/2903] Generating bpf.sym_chk with a custom command (wrapped by meson to capture output)
[516/2903] Generating port.sym_chk with a custom command (wrapped by meson to capture output)
[517/2903] Generating table.sym_chk with a custom command (wrapped by meson to capture output)
[518/2903] Generating vhost.sym_chk with a custom command (wrapped by meson to capture output)
[519/2903] Generating cryptodev.sym_chk with a custom command (wrapped by meson to capture output)
[520/2903] Generating graph.sym_chk with a custom command (wrapped by meson to capture output)
[521/2903] Generating eventdev.sym_chk with a custom command (wrapped by meson to capture output)
[522/2903] Generating pipeline.sym_chk with a custom command (wrapped by meson to capture output)
[523/2903] Generating ethdev.sym_chk with a custom command (wrapped by meson to capture output)
[524/2903] Generating eal.sym_chk with a custom command (wrapped by meson to capture output)
ninja: build stopped: subcommand failed.
==== End log output ====
Ubuntu 20.04 ARM
Kernel: 5.4.0-53-generic
Compiler: gcc 9.3
To view detailed results, visit:
https://lab.dpdk.org/results/dashboard/patchsets/19444/
UNH-IOL DPDK Community Lab
To manage your email subscriptions, visit:
https://lab.dpdk.org/results/dashboard/preferences/subscriptions/
^ permalink raw reply [flat|nested] 3+ messages in thread
end of thread, other threads:[~2021-10-18 13:04 UTC | newest]
Thread overview: 3+ messages (download: mbox.gz / follow: Atom feed)
-- links below jump to the message on this page --
2021-10-15 23:25 [dpdk-test-report] |FAILURE| pw101731-101735 [PATCH] [v14, 5/5] app/test: add tests for PIE dpdklab
2021-10-16 2:32 dpdklab
2021-10-18 13:04 dpdklab
This is a public inbox, see mirroring instructions
for how to clone and mirror all data and code used for this inbox;
as well as URLs for NNTP newsgroup(s).