* [dpdk-test-report] |FAILURE| pw102291-102296 [PATCH] [v4, 7/7] eal/alarm: introduce alarm fini routine
@ 2021-10-20 13:29 dpdklab
0 siblings, 0 replies; 4+ messages in thread
From: dpdklab @ 2021-10-20 13:29 UTC (permalink / raw)
To: Test Report; +Cc: dpdk-test-reports, Harman Kalra
[-- Attachment #1: Type: text/plain, Size: 7320 bytes --]
Test-Label: iol-x86_64-compile-testing
Test-Status: FAILURE
http://dpdk.org/patch/102296
_Testing issues_
Submitter: Harman Kalra <hkalra@marvell.com>
Date: Tuesday, October 19 2021 18:35:42
DPDK git baseline: Repo:dpdk
Branch: master
CommitID:69a3c6319140b34fb714fa5bd6990cceb2ea2997
102291-102296 --> testing fail
Test environment and result as below:
+---------------------+----------------------+--------------------+-------------------+
| Environment | dpdk_mingw64_compile | dpdk_meson_compile | dpdk_compile_spdk |
+=====================+======================+====================+===================+
| Windows Server 2019 | PASS | FAIL | SKIPPED |
+---------------------+----------------------+--------------------+-------------------+
| FreeBSD 13 | SKIPPED | PASS | SKIPPED |
+---------------------+----------------------+--------------------+-------------------+
| Fedora 31 | SKIPPED | PASS | SKIPPED |
+---------------------+----------------------+--------------------+-------------------+
| CentOS 8 | SKIPPED | PASS | SKIPPED |
+---------------------+----------------------+--------------------+-------------------+
| CentOS Stream 8 | SKIPPED | PASS | SKIPPED |
+---------------------+----------------------+--------------------+-------------------+
| Ubuntu 18.04 | SKIPPED | PASS | PASS |
+---------------------+----------------------+--------------------+-------------------+
| openSUSE Leap 15 | SKIPPED | PASS | SKIPPED |
+---------------------+----------------------+--------------------+-------------------+
| Fedora 32 | SKIPPED | PASS | SKIPPED |
+---------------------+----------------------+--------------------+-------------------+
| Arch Linux | SKIPPED | PASS | SKIPPED |
+---------------------+----------------------+--------------------+-------------------+
| RHEL 7 | SKIPPED | PASS | SKIPPED |
+---------------------+----------------------+--------------------+-------------------+
| Ubuntu 20.04 | SKIPPED | PASS | SKIPPED |
+---------------------+----------------------+--------------------+-------------------+
| RHEL8 | SKIPPED | PASS | SKIPPED |
+---------------------+----------------------+--------------------+-------------------+
| Fedora 34 | SKIPPED | PASS | SKIPPED |
+---------------------+----------------------+--------------------+-------------------+
| Fedora 33 | SKIPPED | PASS | SKIPPED |
+---------------------+----------------------+--------------------+-------------------+
| Fedora 34 clang | SKIPPED | PASS | SKIPPED |
+---------------------+----------------------+--------------------+-------------------+
| Alpine | SKIPPED | PASS | SKIPPED |
+---------------------+----------------------+--------------------+-------------------+
==== 20 line log output for Windows Server 2019 (dpdk_meson_compile): ====
Creating library lib\rte_cryptodev.lib and object lib\rte_cryptodev.exp
[499/522] Generating symbol file lib/rte_net-22.dll.p/rte_net-22.dll.symbols
[500/522] Generating symbol file lib/rte_cryptodev-22.dll.p/rte_cryptodev-22.dll.symbols
[501/522] Linking target lib/rte_hash-22.dll
Creating library lib\rte_hash.lib and object lib\rte_hash.exp
[502/522] Linking target lib/rte_security-22.dll
Creating library lib\rte_security.lib and object lib\rte_security.exp
[503/522] Linking target lib/rte_cmdline-22.dll
Creating library lib\rte_cmdline.lib and object lib\rte_cmdline.exp
[504/522] Linking target lib/rte_ethdev-22.dll
FAILED: lib/rte_ethdev-22.dll
"clang" -Wl,/MACHINE:X64 -Wl,/OUT:lib/rte_ethdev-22.dll lib/librte_ethdev.a.p/ethdev_ethdev_private.c.obj lib/librte_ethdev.a.p/ethdev_ethdev_profile.c.obj lib/librte_ethdev.a.p/ethdev_ethdev_trace_points.c.obj lib/librte_ethdev.a.p/ethdev_rte_class_eth.c.obj lib/librte_ethdev.a.p/ethdev_rte_ethdev.c.obj lib/librte_ethdev.a.p/ethdev_rte_flow.c.obj lib/librte_ethdev.a.p/ethdev_rte_mtr.c.obj lib/librte_ethdev.a.p/ethdev_rte_tm.c.obj "-Wl,/nologo" "-Wl,/release" "-Wl,/nologo" "-Wl,/OPT:REF" "-Wl,/DLL" "-Wl,/IMPLIB:lib\rte_ethdev.lib" "lib\rte_eal.lib" "lib\rte_kvargs.lib" "lib\rte_net.lib" "lib\rte_mbuf.lib" "lib\rte_mempool.lib" "lib\rte_ring.lib" "lib\rte_meter.lib" "lib\rte_telemetry.lib" "-Wl,/def:C:\Users\builder\jenkins\workspace\Windows-Compile-DPDK-Meson\dpdk\build\lib\rte_ethdev_exports.def" "-ldbghelp" "-lsetupapi" "-lws2_32" "-lmincore" "-lkernel32" "-luser32" "-lgdi32" "-lwinspool" "-lshell32" "-lole32" "-loleaut32" "-luuid" "-lcomdlg32" "-ladvapi32"
Creating library lib\rte_ethdev.lib and object lib\rte_ethdev.exp
ethdev_rte_ethdev.c.obj : error LNK2019: unresolved external symbol rte_intr_efds_index_get referenced in function rte_eth_dev_rx_intr_ctl_q_get_fd
lib\rte_ethdev-22.dll : fatal error LNK1120: 1 unresolved externals
clang: error: linker command failed with exit code 1120 (use -v to see invocation)
[505/522] Generating symbol file lib/rte_security-22.dll.p/rte_security-22.dll.symbols
[506/522] Generating symbol file lib/rte_hash-22.dll.p/rte_hash-22.dll.symbols
ninja: build stopped: subcommand failed.
[1] Error running command.
==== End log output ====
Windows Server 2019
Kernel: 10.0
Compiler: clang 9.0 and gcc 8.1.0 (MinGW)
FreeBSD 13
Kernel: 13.0
Compiler: clang 11.0.1
Fedora 31
Kernel: 4.18.0-240.10.1.el8_3.x86_64
Compiler: gcc 9.3.1
CentOS 8
Kernel: 4.18.0-240.10.1.el8_3.x86_64
Compiler: gcc 8.3.1 20191121 (Red Hat 8.3.1-5)
CentOS Stream 8
Kernel: 4.18.0-240.10.1.el8_3.x86_64
Compiler: gcc 8.4.1 20200928
Ubuntu 18.04
Kernel: 4.18.0-240.10.1.el8_3.x86_64
Compiler: gcc 7.5.0-3ubuntu1~18.04
openSUSE Leap 15
Kernel: 4.18.0-240.10.1.el8_3.x86_64
Compiler: gcc 7.5.0
Fedora 32
Kernel: 4.18.0-240.10.1.el8_3.x86_64
Compiler: gcc 10.2.1
Arch Linux
Kernel: 5.4.0-73-generic
Compiler: gcc 11.1.0
RHEL 7
Kernel: 4.18.0-240.10.1.el8_3.x86_64
Compiler: gcc 4.8.5 20150623 (Red Hat 4.8.5-44)
Ubuntu 20.04
Kernel: 4.18.0-240.10.1.el8_3.x86_64
Compiler: gcc 9.3.0-17ubuntu1~20.04
RHEL8
Kernel: 4.18.0-240.10.1.el8_3.x86_64
Compiler: gcc 8.3.1 20191121 (Red Hat 8.3.1-5)
Fedora 34
Kernel: 5.4.0-72-generic
Compiler: gcc 11.1.1 20210428 (Red Hat 11.1.1-1)
Fedora 33
Kernel: 5.4.0-72-generic
Compiler: gcc 10.3.1 20210422 (Red Hat 10.3.1-1)
Fedora 34 clang
Kernel: 5.4.0-72-generic
Compiler: clang 12.0.0 (Fedora 12.0.0-0.3.rc1.fc34)
Alpine
Kernel: 5.4.0-73-generic
Compiler: gcc (Alpine 10.3.1_git20210424) 10.3.1 20210424
To view detailed results, visit:
https://lab.dpdk.org/results/dashboard/patchsets/19559/
UNH-IOL DPDK Community Lab
To manage your email subscriptions, visit:
https://lab.dpdk.org/results/dashboard/preferences/subscriptions/
^ permalink raw reply [flat|nested] 4+ messages in thread
* [dpdk-test-report] |FAILURE| pw102291-102296 [PATCH] [v4, 7/7] eal/alarm: introduce alarm fini routine
@ 2021-10-20 13:43 dpdklab
0 siblings, 0 replies; 4+ messages in thread
From: dpdklab @ 2021-10-20 13:43 UTC (permalink / raw)
To: Test Report; +Cc: dpdklab, Harman Kalra
[-- Attachment #1: Type: text/plain, Size: 3998 bytes --]
Test-Label: iol-x86_64-unit-testing
Test-Status: FAILURE
http://dpdk.org/patch/102296
_Testing issues_
Submitter: Harman Kalra <hkalra@marvell.com>
Date: Tuesday, October 19 2021 18:35:42
DPDK git baseline: Repo:dpdk
Branch: master
CommitID:69a3c6319140b34fb714fa5bd6990cceb2ea2997
102291-102296 --> testing fail
Test environment and result as below:
+------------------+----------------+
| Environment | dpdk_unit_test |
+==================+================+
| Ubuntu 18.04 | FAIL |
+------------------+----------------+
| Arch Linux | FAIL |
+------------------+----------------+
| CentOS Stream 8 | FAIL |
+------------------+----------------+
| CentOS 8 | FAIL |
+------------------+----------------+
| Fedora 31 | FAIL |
+------------------+----------------+
| Fedora 32 | FAIL |
+------------------+----------------+
| RHEL8 | FAIL |
+------------------+----------------+
| openSUSE Leap 15 | FAIL |
+------------------+----------------+
| RHEL 7 | FAIL |
+------------------+----------------+
| Ubuntu 20.04 | FAIL |
+------------------+----------------+
| Fedora 33 | FAIL |
+------------------+----------------+
| Fedora 34 clang | FAIL |
+------------------+----------------+
| Fedora 34 | FAIL |
+------------------+----------------+
==== 20 line log output for Fedora 34 (dpdk_unit_test): ====
87/94 DPDK:fast-tests / telemetry_json_autotest OK 0.15s
88/94 DPDK:fast-tests / telemetry_data_autotest OK 0.16s
89/94 DPDK:fast-tests / ring_pmd_autotest OK 0.16s
90/94 DPDK:fast-tests / event_eth_tx_adapter_autotest OK 0.46s
91/94 DPDK:fast-tests / bitratestats_autotest OK 0.16s
92/94 DPDK:fast-tests / latencystats_autotest OK 0.17s
93/94 DPDK:fast-tests / pdump_autotest TIMEOUT 600.11s killed by signal 15 SIGTERM
>>> DPDK_TEST=pdump_autotest MALLOC_PERTURB_=64 /home-local/jenkins-local/jenkins-agent/workspace/Generic-Unit-Test-DPDK/dpdk/build/app/test/dpdk-test '-l 0-15' --file-prefix=pdump_autotest
94/94 DPDK:fast-tests / compressdev_autotest SKIP 0.15s exit status 77
Ok: 87
Expected Fail: 0
Fail: 1
Unexpected Pass: 0
Skipped: 5
Timeout: 1
Full log written to /home-local/jenkins-local/jenkins-agent/workspace/Generic-Unit-Test-DPDK/dpdk/build/meson-logs/testlog.txt
==== End log output ====
Ubuntu 18.04
Kernel: 4.18.0-240.10.1.el8_3.x86_64
Compiler: gcc 7.5.0-3ubuntu1~18.04
Arch Linux
Kernel: 5.4.0-73-generic
Compiler: gcc 11.1.0
CentOS Stream 8
Kernel: 4.18.0-240.10.1.el8_3.x86_64
Compiler: gcc 8.4.1 20200928
CentOS 8
Kernel: 4.18.0-240.10.1.el8_3.x86_64
Compiler: gcc 8.3.1 20191121 (Red Hat 8.3.1-5)
Fedora 31
Kernel: 4.18.0-240.10.1.el8_3.x86_64
Compiler: gcc 9.3.1
Fedora 32
Kernel: 4.18.0-240.10.1.el8_3.x86_64
Compiler: gcc 10.2.1
RHEL8
Kernel: 4.18.0-240.10.1.el8_3.x86_64
Compiler: gcc 8.3.1 20191121 (Red Hat 8.3.1-5)
openSUSE Leap 15
Kernel: 4.18.0-240.10.1.el8_3.x86_64
Compiler: gcc 7.5.0
RHEL 7
Kernel: 4.18.0-240.10.1.el8_3.x86_64
Compiler: gcc 4.8.5 20150623 (Red Hat 4.8.5-44)
Ubuntu 20.04
Kernel: 4.18.0-240.10.1.el8_3.x86_64
Compiler: gcc 9.3.0-17ubuntu1~20.04
Fedora 33
Kernel: 5.4.0-72-generic
Compiler: gcc 10.3.1 20210422 (Red Hat 10.3.1-1)
Fedora 34 clang
Kernel: 5.4.0-72-generic
Compiler: clang 12.0.0 (Fedora 12.0.0-0.3.rc1.fc34)
Fedora 34
Kernel: 5.4.0-72-generic
Compiler: gcc 11.1.1 20210428 (Red Hat 11.1.1-1)
To view detailed results, visit:
https://lab.dpdk.org/results/dashboard/patchsets/19559/
UNH-IOL DPDK Community Lab
To manage your email subscriptions, visit:
https://lab.dpdk.org/results/dashboard/preferences/subscriptions/
^ permalink raw reply [flat|nested] 4+ messages in thread
* [dpdk-test-report] |FAILURE| pw102291-102296 [PATCH] [v4, 7/7] eal/alarm: introduce alarm fini routine
@ 2021-10-20 1:06 dpdklab
0 siblings, 0 replies; 4+ messages in thread
From: dpdklab @ 2021-10-20 1:06 UTC (permalink / raw)
To: Test Report; +Cc: dpdklab, Harman Kalra
[-- Attachment #1: Type: text/plain, Size: 4005 bytes --]
Test-Label: iol-x86_64-unit-testing
Test-Status: FAILURE
http://dpdk.org/patch/102296
_Testing issues_
Submitter: Harman Kalra <hkalra@marvell.com>
Date: Tuesday, October 19 2021 18:35:42
DPDK git baseline: Repo:dpdk
Branch: master
CommitID:821f60c7f4337d74a0c8e4add4095be524d77600
102291-102296 --> testing fail
Test environment and result as below:
+------------------+----------------+
| Environment | dpdk_unit_test |
+==================+================+
| Arch Linux | FAIL |
+------------------+----------------+
| CentOS 8 | FAIL |
+------------------+----------------+
| Ubuntu 18.04 | FAIL |
+------------------+----------------+
| Fedora 32 | FAIL |
+------------------+----------------+
| CentOS Stream 8 | FAIL |
+------------------+----------------+
| Fedora 31 | FAIL |
+------------------+----------------+
| openSUSE Leap 15 | FAIL |
+------------------+----------------+
| RHEL 7 | FAIL |
+------------------+----------------+
| RHEL8 | FAIL |
+------------------+----------------+
| Ubuntu 20.04 | FAIL |
+------------------+----------------+
| Fedora 34 | FAIL |
+------------------+----------------+
| Fedora 33 | FAIL |
+------------------+----------------+
| Fedora 34 clang | FAIL |
+------------------+----------------+
==== 20 line log output for Fedora 34 clang (dpdk_unit_test): ====
87/94 DPDK:fast-tests / telemetry_json_autotest OK 0.17s
88/94 DPDK:fast-tests / telemetry_data_autotest OK 0.14s
89/94 DPDK:fast-tests / ring_pmd_autotest OK 0.16s
90/94 DPDK:fast-tests / event_eth_tx_adapter_autotest OK 0.49s
91/94 DPDK:fast-tests / bitratestats_autotest OK 0.15s
92/94 DPDK:fast-tests / latencystats_autotest OK 0.16s
93/94 DPDK:fast-tests / pdump_autotest TIMEOUT 600.11s killed by signal 15 SIGTERM
>>> MALLOC_PERTURB_=223 DPDK_TEST=pdump_autotest /home-local/jenkins-local/jenkins-agent/workspace/Generic-Unit-Test-DPDK/dpdk/build/app/test/dpdk-test '-l 0-15' --file-prefix=pdump_autotest
94/94 DPDK:fast-tests / compressdev_autotest SKIP 0.15s exit status 77
Ok: 87
Expected Fail: 0
Fail: 1
Unexpected Pass: 0
Skipped: 5
Timeout: 1
Full log written to /home-local/jenkins-local/jenkins-agent/workspace/Generic-Unit-Test-DPDK/dpdk/build/meson-logs/testlog.txt
==== End log output ====
Arch Linux
Kernel: 5.4.0-73-generic
Compiler: gcc 11.1.0
CentOS 8
Kernel: 4.18.0-240.10.1.el8_3.x86_64
Compiler: gcc 8.3.1 20191121 (Red Hat 8.3.1-5)
Ubuntu 18.04
Kernel: 4.18.0-240.10.1.el8_3.x86_64
Compiler: gcc 7.5.0-3ubuntu1~18.04
Fedora 32
Kernel: 4.18.0-240.10.1.el8_3.x86_64
Compiler: gcc 10.2.1
CentOS Stream 8
Kernel: 4.18.0-240.10.1.el8_3.x86_64
Compiler: gcc 8.4.1 20200928
Fedora 31
Kernel: 4.18.0-240.10.1.el8_3.x86_64
Compiler: gcc 9.3.1
openSUSE Leap 15
Kernel: 4.18.0-240.10.1.el8_3.x86_64
Compiler: gcc 7.5.0
RHEL 7
Kernel: 4.18.0-240.10.1.el8_3.x86_64
Compiler: gcc 4.8.5 20150623 (Red Hat 4.8.5-44)
RHEL8
Kernel: 4.18.0-240.10.1.el8_3.x86_64
Compiler: gcc 8.3.1 20191121 (Red Hat 8.3.1-5)
Ubuntu 20.04
Kernel: 4.18.0-240.10.1.el8_3.x86_64
Compiler: gcc 9.3.0-17ubuntu1~20.04
Fedora 34
Kernel: 5.4.0-72-generic
Compiler: gcc 11.1.1 20210428 (Red Hat 11.1.1-1)
Fedora 33
Kernel: 5.4.0-72-generic
Compiler: gcc 10.3.1 20210422 (Red Hat 10.3.1-1)
Fedora 34 clang
Kernel: 5.4.0-72-generic
Compiler: clang 12.0.0 (Fedora 12.0.0-0.3.rc1.fc34)
To view detailed results, visit:
https://lab.dpdk.org/results/dashboard/patchsets/19559/
UNH-IOL DPDK Community Lab
To manage your email subscriptions, visit:
https://lab.dpdk.org/results/dashboard/preferences/subscriptions/
^ permalink raw reply [flat|nested] 4+ messages in thread
* [dpdk-test-report] |FAILURE| pw102291-102296 [PATCH] [v4, 7/7] eal/alarm: introduce alarm fini routine
@ 2021-10-20 0:29 dpdklab
0 siblings, 0 replies; 4+ messages in thread
From: dpdklab @ 2021-10-20 0:29 UTC (permalink / raw)
To: Test Report; +Cc: dpdk-test-reports, Harman Kalra
[-- Attachment #1: Type: text/plain, Size: 7320 bytes --]
Test-Label: iol-x86_64-compile-testing
Test-Status: FAILURE
http://dpdk.org/patch/102296
_Testing issues_
Submitter: Harman Kalra <hkalra@marvell.com>
Date: Tuesday, October 19 2021 18:35:42
DPDK git baseline: Repo:dpdk
Branch: master
CommitID:821f60c7f4337d74a0c8e4add4095be524d77600
102291-102296 --> testing fail
Test environment and result as below:
+---------------------+--------------------+----------------------+-------------------+
| Environment | dpdk_meson_compile | dpdk_mingw64_compile | dpdk_compile_spdk |
+=====================+====================+======================+===================+
| Windows Server 2019 | FAIL | PASS | SKIPPED |
+---------------------+--------------------+----------------------+-------------------+
| FreeBSD 13 | PASS | SKIPPED | SKIPPED |
+---------------------+--------------------+----------------------+-------------------+
| Fedora 31 | PASS | SKIPPED | SKIPPED |
+---------------------+--------------------+----------------------+-------------------+
| Ubuntu 18.04 | PASS | SKIPPED | PASS |
+---------------------+--------------------+----------------------+-------------------+
| openSUSE Leap 15 | PASS | SKIPPED | SKIPPED |
+---------------------+--------------------+----------------------+-------------------+
| CentOS 8 | PASS | SKIPPED | SKIPPED |
+---------------------+--------------------+----------------------+-------------------+
| CentOS Stream 8 | PASS | SKIPPED | SKIPPED |
+---------------------+--------------------+----------------------+-------------------+
| RHEL 7 | PASS | SKIPPED | SKIPPED |
+---------------------+--------------------+----------------------+-------------------+
| Ubuntu 20.04 | PASS | SKIPPED | SKIPPED |
+---------------------+--------------------+----------------------+-------------------+
| Fedora 32 | PASS | SKIPPED | SKIPPED |
+---------------------+--------------------+----------------------+-------------------+
| RHEL8 | PASS | SKIPPED | SKIPPED |
+---------------------+--------------------+----------------------+-------------------+
| Arch Linux | PASS | SKIPPED | SKIPPED |
+---------------------+--------------------+----------------------+-------------------+
| Fedora 34 | PASS | SKIPPED | SKIPPED |
+---------------------+--------------------+----------------------+-------------------+
| Fedora 33 | PASS | SKIPPED | SKIPPED |
+---------------------+--------------------+----------------------+-------------------+
| Fedora 34 clang | PASS | SKIPPED | SKIPPED |
+---------------------+--------------------+----------------------+-------------------+
| Alpine | PASS | SKIPPED | SKIPPED |
+---------------------+--------------------+----------------------+-------------------+
==== 20 line log output for Windows Server 2019 (dpdk_meson_compile): ====
Creating library lib\rte_cryptodev.lib and object lib\rte_cryptodev.exp
[499/522] Generating symbol file lib/rte_cryptodev-22.dll.p/rte_cryptodev-22.dll.symbols
[500/522] Generating symbol file lib/rte_net-22.dll.p/rte_net-22.dll.symbols
[501/522] Linking target lib/rte_security-22.dll
Creating library lib\rte_security.lib and object lib\rte_security.exp
[502/522] Linking target lib/rte_cmdline-22.dll
Creating library lib\rte_cmdline.lib and object lib\rte_cmdline.exp
[503/522] Linking target lib/rte_hash-22.dll
Creating library lib\rte_hash.lib and object lib\rte_hash.exp
[504/522] Linking target lib/rte_ethdev-22.dll
FAILED: lib/rte_ethdev-22.dll
"clang" -Wl,/MACHINE:X64 -Wl,/OUT:lib/rte_ethdev-22.dll lib/librte_ethdev.a.p/ethdev_ethdev_private.c.obj lib/librte_ethdev.a.p/ethdev_ethdev_profile.c.obj lib/librte_ethdev.a.p/ethdev_ethdev_trace_points.c.obj lib/librte_ethdev.a.p/ethdev_rte_class_eth.c.obj lib/librte_ethdev.a.p/ethdev_rte_ethdev.c.obj lib/librte_ethdev.a.p/ethdev_rte_flow.c.obj lib/librte_ethdev.a.p/ethdev_rte_mtr.c.obj lib/librte_ethdev.a.p/ethdev_rte_tm.c.obj "-Wl,/nologo" "-Wl,/release" "-Wl,/nologo" "-Wl,/OPT:REF" "-Wl,/DLL" "-Wl,/IMPLIB:lib\rte_ethdev.lib" "lib\rte_eal.lib" "lib\rte_kvargs.lib" "lib\rte_net.lib" "lib\rte_mbuf.lib" "lib\rte_mempool.lib" "lib\rte_ring.lib" "lib\rte_meter.lib" "lib\rte_telemetry.lib" "-Wl,/def:C:\Users\builder\jenkins\workspace\Windows-Compile-DPDK-Meson\dpdk\build\lib\rte_ethdev_exports.def" "-ldbghelp" "-lsetupapi" "-lws2_32" "-lmincore" "-lkernel32" "-luser32" "-lgdi32" "-lwinspool" "-lshell32" "-lole32" "-loleaut32" "-luuid" "-lcomdlg32" "-ladvapi32"
Creating library lib\rte_ethdev.lib and object lib\rte_ethdev.exp
ethdev_rte_ethdev.c.obj : error LNK2019: unresolved external symbol rte_intr_efds_index_get referenced in function rte_eth_dev_rx_intr_ctl_q_get_fd
lib\rte_ethdev-22.dll : fatal error LNK1120: 1 unresolved externals
clang: error: linker command failed with exit code 1120 (use -v to see invocation)
[505/522] Generating symbol file lib/rte_security-22.dll.p/rte_security-22.dll.symbols
[506/522] Generating symbol file lib/rte_hash-22.dll.p/rte_hash-22.dll.symbols
ninja: build stopped: subcommand failed.
[1] Error running command.
==== End log output ====
Windows Server 2019
Kernel: 10.0
Compiler: clang 9.0 and gcc 8.1.0 (MinGW)
FreeBSD 13
Kernel: 13.0
Compiler: clang 11.0.1
Fedora 31
Kernel: 4.18.0-240.10.1.el8_3.x86_64
Compiler: gcc 9.3.1
Ubuntu 18.04
Kernel: 4.18.0-240.10.1.el8_3.x86_64
Compiler: gcc 7.5.0-3ubuntu1~18.04
openSUSE Leap 15
Kernel: 4.18.0-240.10.1.el8_3.x86_64
Compiler: gcc 7.5.0
CentOS 8
Kernel: 4.18.0-240.10.1.el8_3.x86_64
Compiler: gcc 8.3.1 20191121 (Red Hat 8.3.1-5)
CentOS Stream 8
Kernel: 4.18.0-240.10.1.el8_3.x86_64
Compiler: gcc 8.4.1 20200928
RHEL 7
Kernel: 4.18.0-240.10.1.el8_3.x86_64
Compiler: gcc 4.8.5 20150623 (Red Hat 4.8.5-44)
Ubuntu 20.04
Kernel: 4.18.0-240.10.1.el8_3.x86_64
Compiler: gcc 9.3.0-17ubuntu1~20.04
Fedora 32
Kernel: 4.18.0-240.10.1.el8_3.x86_64
Compiler: gcc 10.2.1
RHEL8
Kernel: 4.18.0-240.10.1.el8_3.x86_64
Compiler: gcc 8.3.1 20191121 (Red Hat 8.3.1-5)
Arch Linux
Kernel: 5.4.0-73-generic
Compiler: gcc 11.1.0
Fedora 34
Kernel: 5.4.0-72-generic
Compiler: gcc 11.1.1 20210428 (Red Hat 11.1.1-1)
Fedora 33
Kernel: 5.4.0-72-generic
Compiler: gcc 10.3.1 20210422 (Red Hat 10.3.1-1)
Fedora 34 clang
Kernel: 5.4.0-72-generic
Compiler: clang 12.0.0 (Fedora 12.0.0-0.3.rc1.fc34)
Alpine
Kernel: 5.4.0-73-generic
Compiler: gcc (Alpine 10.3.1_git20210424) 10.3.1 20210424
To view detailed results, visit:
https://lab.dpdk.org/results/dashboard/patchsets/19559/
UNH-IOL DPDK Community Lab
To manage your email subscriptions, visit:
https://lab.dpdk.org/results/dashboard/preferences/subscriptions/
^ permalink raw reply [flat|nested] 4+ messages in thread
end of thread, other threads:[~2021-10-20 13:43 UTC | newest]
Thread overview: 4+ messages (download: mbox.gz / follow: Atom feed)
-- links below jump to the message on this page --
2021-10-20 13:29 [dpdk-test-report] |FAILURE| pw102291-102296 [PATCH] [v4, 7/7] eal/alarm: introduce alarm fini routine dpdklab
-- strict thread matches above, loose matches on Subject: below --
2021-10-20 13:43 dpdklab
2021-10-20 1:06 dpdklab
2021-10-20 0:29 dpdklab
This is a public inbox, see mirroring instructions
for how to clone and mirror all data and code used for this inbox;
as well as URLs for NNTP newsgroup(s).