automatic DPDK test reports
 help / color / mirror / Atom feed
From: dpdklab@iol.unh.edu
To: Test Report <test-report@dpdk.org>
Cc: dpdk-test-reports@iol.unh.edu
Subject: [dpdk-test-report] |FAILURE| [GIT MASTER] 6ad06203a587a8ce10392d9224e9fbdcb77b3d5c
Date: Fri, 22 Oct 2021 18:58:11 -0400 (EDT)	[thread overview]
Message-ID: <20211022225811.B1DE860524@noxus.dpdklab.iol.unh.edu> (raw)

[-- Attachment #1: Type: text/plain, Size: 7372 bytes --]

_Testing issues_

Branch: dpdk

6ad06203a587a8ce10392d9224e9fbdcb77b3d5c --> testing fail

Test environment and result as below:

+---------------------+--------------------+----------------------+-------------------+
|     Environment     | dpdk_meson_compile | dpdk_mingw64_compile | dpdk_compile_spdk |
+=====================+====================+======================+===================+
| Windows Server 2019 | FAIL               | PASS                 | SKIPPED           |
+---------------------+--------------------+----------------------+-------------------+
| FreeBSD 13          | PASS               | SKIPPED              | SKIPPED           |
+---------------------+--------------------+----------------------+-------------------+
| Ubuntu 18.04        | PASS               | SKIPPED              | PASS              |
+---------------------+--------------------+----------------------+-------------------+
| Fedora 31           | PASS               | SKIPPED              | SKIPPED           |
+---------------------+--------------------+----------------------+-------------------+
| openSUSE Leap 15    | PASS               | SKIPPED              | SKIPPED           |
+---------------------+--------------------+----------------------+-------------------+
| CentOS 8            | PASS               | SKIPPED              | SKIPPED           |
+---------------------+--------------------+----------------------+-------------------+
| CentOS Stream 8     | PASS               | SKIPPED              | SKIPPED           |
+---------------------+--------------------+----------------------+-------------------+
| Arch Linux          | PASS               | SKIPPED              | SKIPPED           |
+---------------------+--------------------+----------------------+-------------------+
| Fedora 32           | PASS               | SKIPPED              | SKIPPED           |
+---------------------+--------------------+----------------------+-------------------+
| RHEL 7              | PASS               | SKIPPED              | SKIPPED           |
+---------------------+--------------------+----------------------+-------------------+
| Ubuntu 20.04        | PASS               | SKIPPED              | SKIPPED           |
+---------------------+--------------------+----------------------+-------------------+
| RHEL8               | PASS               | SKIPPED              | SKIPPED           |
+---------------------+--------------------+----------------------+-------------------+
| Fedora 33           | PASS               | SKIPPED              | SKIPPED           |
+---------------------+--------------------+----------------------+-------------------+
| Fedora 34           | PASS               | SKIPPED              | SKIPPED           |
+---------------------+--------------------+----------------------+-------------------+
| Fedora 34 clang     | PASS               | SKIPPED              | SKIPPED           |
+---------------------+--------------------+----------------------+-------------------+
| Alpine              | PASS               | SKIPPED              | SKIPPED           |
+---------------------+--------------------+----------------------+-------------------+

==== 20 line log output for Windows Server 2019 (dpdk_meson_compile): ====
RTE_BUILD_BUG_ON(sizeof(struct idxd_hw_desc) != 64);
^~~~~~~~~~~~~~~~~~~~~~~~~~~~~~~~~~~~~~~~~~~~~~~~~~~
..\lib\eal\include/rte_common.h:377:56: note: expanded from macro 'RTE_BUILD_BUG_ON'
#define RTE_BUILD_BUG_ON(condition) ((void)sizeof(char[1 - 2*!!(condition)]))
^~~~~~~~~~~~~~~~~~~
2 errors generated.
[102/550] Linking static target drivers/libtmp_rte_common_mlx5.a
[103/550] Generating rte_dma_skeleton_def with a custom command
[104/550] Generating rte_mempool_stack.pmd.c with a custom command (wrapped by meson to set PATH)
[105/550] Compiling C object drivers/libtmp_rte_dma_idxd.a.p/dma_idxd_idxd_pci.c.obj
FAILED: drivers/libtmp_rte_dma_idxd.a.p/dma_idxd_idxd_pci.c.obj
"clang" "-Idrivers\libtmp_rte_dma_idxd.a.p" "-Idrivers" "-I..\drivers" "-Idrivers\dma\idxd" "-I..\drivers\dma\idxd" "-Ilib\dmadev" "-I..\lib\dmadev" "-I." "-I.." "-Iconfig" "-I..\config" "-Ilib\eal\include" "-I..\lib\eal\include" "-Ilib\eal\windows\include" "-I..\lib\eal\windows\include" "-Ilib\eal\x86\include" "-I..\lib\eal\x86\include" "-Ilib\eal\common" "-I..\lib\eal\common" "-Ilib\eal" "-I..\lib\eal" "-Ilib\kvargs" "-I..\lib\kvargs" "-Idrivers\bus\pci" "-I..\drivers\bus\pci" "-I..\drivers\bus\pci\windows" "-Ilib\pci" "-I..\lib\pci" "-Xclang" "-fcolor-diagnostics" "-pipe" "-D_FILE_OFFSET_BITS=64" "-Wall" "-Winvalid-pch" "-Werror" "-O3" "-include" "rte_config.h" "-Wextra" "-Wcast-qual" "-Wdeprecated" "-Wformat" "-Wformat-nonliteral" "-Wformat-security" "-Wmissing-declarations" "-Wmissing-prototypes" "-Wnested-externs" "-Wold-style-definition" "-Wpointer-arith" "-Wsign-compare" "-Wstrict-prototypes" "-Wundef" "-Wwrite-strings" "-Wno-address-of-packed-member" "-Wno-missing-field-initializers" "-D_GNU_SOURCE" "-D_WIN32_WINNT=0x0A00" "-D_CRT_SECURE_NO_WARNINGS" "-march=native" "-DALLOW_EXPERIMENTAL_API" "-DALLOW_INTERNAL_API" "-mavx2" "-DRTE_LOG_DEFAULT_LOGTYPE=pmd.dma.idxd" -MD -MQ drivers/libtmp_rte_dma_idxd.a.p/dma_idxd_idxd_pci.c.obj -MF "drivers\libtmp_rte_dma_idxd.a.p\dma_idxd_idxd_pci.c.obj.d" -o drivers/libtmp_rte_dma_idxd.a.p/dma_idxd_idxd_pci.c.obj "-c" ../drivers/dma/idxd/idxd_pci.c
In file included from ../drivers/dma/idxd/idxd_pci.c:10:
In file included from ..\drivers\dma\idxd/idxd_internal.h:11:
..\drivers\dma\idxd/idxd_hw_defs.h:46:21: error: expected member name or ';' after declaration specifiers
uint16_t __reserved[13];
~~~~~~~~           ^
1 error generated.
[106/550] Compiling C object drivers/libtmp_rte_dma_ioat.a.p/dma_ioat_ioat_dmadev.c.obj
ninja: build stopped: subcommand failed.
==== End log output ====

Windows Server 2019
	Kernel: 10.0
	Compiler: clang 9.0 and gcc 8.1.0 (MinGW)

FreeBSD 13
	Kernel: 13.0
	Compiler: clang 11.0.1

Ubuntu 18.04
	Kernel: 4.18.0-240.10.1.el8_3.x86_64
	Compiler: gcc 7.5.0-3ubuntu1~18.04

Fedora 31
	Kernel: 4.18.0-240.10.1.el8_3.x86_64
	Compiler: gcc 9.3.1

openSUSE Leap 15
	Kernel: 4.18.0-240.10.1.el8_3.x86_64
	Compiler: gcc 7.5.0

CentOS 8
	Kernel: 4.18.0-240.10.1.el8_3.x86_64
	Compiler: gcc 8.3.1 20191121 (Red Hat 8.3.1-5)

CentOS Stream 8
	Kernel: 4.18.0-240.10.1.el8_3.x86_64
	Compiler: gcc 8.4.1 20200928

Arch Linux
	Kernel: 5.4.0-73-generic
	Compiler: gcc 11.1.0

Fedora 32
	Kernel: 4.18.0-240.10.1.el8_3.x86_64
	Compiler: gcc 10.2.1

RHEL 7
	Kernel: 4.18.0-240.10.1.el8_3.x86_64
	Compiler: gcc 4.8.5 20150623 (Red Hat 4.8.5-44)

Ubuntu 20.04
	Kernel: 4.18.0-240.10.1.el8_3.x86_64
	Compiler: gcc 9.3.0-17ubuntu1~20.04

RHEL8
	Kernel: 4.18.0-240.10.1.el8_3.x86_64
	Compiler: gcc 8.3.1 20191121 (Red Hat 8.3.1-5)

Fedora 33
	Kernel: 5.4.0-72-generic
	Compiler: gcc 10.3.1 20210422 (Red Hat 10.3.1-1)

Fedora 34
	Kernel: 5.4.0-72-generic
	Compiler: gcc 11.1.1 20210428 (Red Hat 11.1.1-1)

Fedora 34 clang
	Kernel: 5.4.0-72-generic
	Compiler: clang 12.0.0 (Fedora 12.0.0-0.3.rc1.fc34)

Alpine
	Kernel: 5.4.0-73-generic
	Compiler: gcc (Alpine 10.3.1_git20210424) 10.3.1 20210424

To view detailed results, visit:
https://lab.dpdk.org/results/dashboard/tarballs/17375/

UNH-IOL DPDK Community Lab

To manage your email subscriptions, visit: 
https://lab.dpdk.org/results/dashboard/preferences/subscriptions/

             reply	other threads:[~2021-10-22 22:58 UTC|newest]

Thread overview: 5+ messages / expand[flat|nested]  mbox.gz  Atom feed  top
2021-10-22 22:58 dpdklab [this message]
  -- strict thread matches above, loose matches on Subject: below --
2021-10-22 23:52 dpdklab
2021-10-22 23:38 dpdklab
2021-10-22 23:25 dpdklab
2021-10-22 22:48 dpdklab

Reply instructions:

You may reply publicly to this message via plain-text email
using any one of the following methods:

* Save the following mbox file, import it into your mail client,
  and reply-to-all from there: mbox

  Avoid top-posting and favor interleaved quoting:
  https://en.wikipedia.org/wiki/Posting_style#Interleaved_style

* Reply using the --to, --cc, and --in-reply-to
  switches of git-send-email(1):

  git send-email \
    --in-reply-to=20211022225811.B1DE860524@noxus.dpdklab.iol.unh.edu \
    --to=dpdklab@iol.unh.edu \
    --cc=dpdk-test-reports@iol.unh.edu \
    --cc=test-report@dpdk.org \
    /path/to/YOUR_REPLY

  https://kernel.org/pub/software/scm/git/docs/git-send-email.html

* If your mail client supports setting the In-Reply-To header
  via mailto: links, try the mailto: link
Be sure your reply has a Subject: header at the top and a blank line before the message body.
This is a public inbox, see mirroring instructions
for how to clone and mirror all data and code used for this inbox;
as well as URLs for NNTP newsgroup(s).