* [dpdk-test-report] |FAILURE| pw102749 [PATCH] test/ipfrag: add test content to the test unit
@ 2021-10-25 20:33 dpdklab
0 siblings, 0 replies; 2+ messages in thread
From: dpdklab @ 2021-10-25 20:33 UTC (permalink / raw)
To: Test Report; +Cc: dpdklab, huichao cai
[-- Attachment #1: Type: text/plain, Size: 3928 bytes --]
Test-Label: iol-x86_64-unit-testing
Test-Status: FAILURE
http://dpdk.org/patch/102749
_Testing issues_
Submitter: huichao cai <chcchc88@163.com>
Date: Monday, October 25 2021 07:58:59
DPDK git baseline: Repo:dpdk
Branch: master
CommitID:daa02b5cddbb8e11b31d41e2bf7bb1ae64dcae2f
102749 --> testing fail
Test environment and result as below:
+------------------+----------------+
| Environment | dpdk_unit_test |
+==================+================+
| Ubuntu 18.04 | FAIL |
+------------------+----------------+
| Arch Linux | FAIL |
+------------------+----------------+
| CentOS 8 | FAIL |
+------------------+----------------+
| Fedora 31 | FAIL |
+------------------+----------------+
| CentOS Stream 8 | FAIL |
+------------------+----------------+
| Fedora 32 | FAIL |
+------------------+----------------+
| openSUSE Leap 15 | FAIL |
+------------------+----------------+
| RHEL 7 | FAIL |
+------------------+----------------+
| RHEL8 | FAIL |
+------------------+----------------+
| Fedora 34 | FAIL |
+------------------+----------------+
| Ubuntu 20.04 | FAIL |
+------------------+----------------+
| Fedora 33 | FAIL |
+------------------+----------------+
| Fedora 34 clang | FAIL |
+------------------+----------------+
==== 20 line log output for Fedora 34 clang (dpdk_unit_test): ====
88/97 DPDK:fast-tests / thash_autotest OK 0.19s
89/97 DPDK:fast-tests / trace_autotest OK 0.18s
90/97 DPDK:fast-tests / telemetry_json_autotest OK 0.18s
91/97 DPDK:fast-tests / telemetry_data_autotest OK 0.23s
92/97 DPDK:fast-tests / ring_pmd_autotest OK 0.19s
93/97 DPDK:fast-tests / event_eth_tx_adapter_autotest OK 0.62s
94/97 DPDK:fast-tests / bitratestats_autotest OK 0.30s
95/97 DPDK:fast-tests / latencystats_autotest OK 0.23s
96/97 DPDK:fast-tests / pdump_autotest OK 5.61s
97/97 DPDK:fast-tests / compressdev_autotest SKIP 0.24s exit status 77
Ok: 91
Expected Fail: 0
Fail: 1
Unexpected Pass: 0
Skipped: 5
Timeout: 0
Full log written to /home-local/jenkins-local/jenkins-agent/workspace/Generic-Unit-Test-DPDK/dpdk/build/meson-logs/testlog.txt
==== End log output ====
Ubuntu 18.04
Kernel: 4.18.0-240.10.1.el8_3.x86_64
Compiler: gcc 7.5.0-3ubuntu1~18.04
Arch Linux
Kernel: 5.4.0-73-generic
Compiler: gcc 11.1.0
CentOS 8
Kernel: 4.18.0-240.10.1.el8_3.x86_64
Compiler: gcc 8.3.1 20191121 (Red Hat 8.3.1-5)
Fedora 31
Kernel: 4.18.0-240.10.1.el8_3.x86_64
Compiler: gcc 9.3.1
CentOS Stream 8
Kernel: 4.18.0-240.10.1.el8_3.x86_64
Compiler: gcc 8.4.1 20200928
Fedora 32
Kernel: 4.18.0-240.10.1.el8_3.x86_64
Compiler: gcc 10.2.1
openSUSE Leap 15
Kernel: 4.18.0-240.10.1.el8_3.x86_64
Compiler: gcc 7.5.0
RHEL 7
Kernel: 4.18.0-240.10.1.el8_3.x86_64
Compiler: gcc 4.8.5 20150623 (Red Hat 4.8.5-44)
RHEL8
Kernel: 4.18.0-240.10.1.el8_3.x86_64
Compiler: gcc 8.3.1 20191121 (Red Hat 8.3.1-5)
Fedora 34
Kernel: 5.4.0-72-generic
Compiler: gcc 11.1.1 20210428 (Red Hat 11.1.1-1)
Ubuntu 20.04
Kernel: 4.18.0-240.10.1.el8_3.x86_64
Compiler: gcc 9.3.0-17ubuntu1~20.04
Fedora 33
Kernel: 5.4.0-72-generic
Compiler: gcc 10.3.1 20210422 (Red Hat 10.3.1-1)
Fedora 34 clang
Kernel: 5.4.0-72-generic
Compiler: clang 12.0.0 (Fedora 12.0.0-0.3.rc1.fc34)
To view detailed results, visit:
https://lab.dpdk.org/results/dashboard/patchsets/19685/
UNH-IOL DPDK Community Lab
To manage your email subscriptions, visit:
https://lab.dpdk.org/results/dashboard/preferences/subscriptions/
^ permalink raw reply [flat|nested] 2+ messages in thread
* [dpdk-test-report] |FAILURE| pw102749 [PATCH] test/ipfrag: add test content to the test unit
@ 2021-10-25 21:12 dpdklab
0 siblings, 0 replies; 2+ messages in thread
From: dpdklab @ 2021-10-25 21:12 UTC (permalink / raw)
To: Test Report; +Cc: dpdk-test-reports, huichao cai
[-- Attachment #1: Type: text/plain, Size: 1990 bytes --]
Test-Label: iol-aarch64-unit-testing
Test-Status: FAILURE
http://dpdk.org/patch/102749
_Testing issues_
Submitter: huichao cai <chcchc88@163.com>
Date: Monday, October 25 2021 07:58:59
DPDK git baseline: Repo:dpdk
Branch: master
CommitID:daa02b5cddbb8e11b31d41e2bf7bb1ae64dcae2f
102749 --> testing fail
Test environment and result as below:
+------------------+----------------+
| Environment | dpdk_unit_test |
+==================+================+
| Ubuntu 20.04 ARM | FAIL |
+------------------+----------------+
==== 20 line log output for Ubuntu 20.04 ARM (dpdk_unit_test): ====
88/97 DPDK:fast-tests / thash_autotest OK 0.24s
89/97 DPDK:fast-tests / trace_autotest OK 0.35s
90/97 DPDK:fast-tests / telemetry_json_autotest OK 0.40s
91/97 DPDK:fast-tests / telemetry_data_autotest OK 0.44s
92/97 DPDK:fast-tests / ring_pmd_autotest OK 0.28s
93/97 DPDK:fast-tests / event_eth_tx_adapter_autotest OK 1.20s
94/97 DPDK:fast-tests / bitratestats_autotest OK 0.27s
95/97 DPDK:fast-tests / latencystats_autotest OK 0.31s
96/97 DPDK:fast-tests / pdump_autotest OK 5.46s
97/97 DPDK:fast-tests / compressdev_autotest SKIP 0.39s exit status 77
Ok: 92
Expected Fail: 0
Fail: 1
Unexpected Pass: 0
Skipped: 4
Timeout: 0
Full log written to /home-local/jenkins-local/jenkins-agent/workspace/Generic-VM-Unit-Test-DPDK/dpdk/build/meson-logs/testlog.txt
==== End log output ====
Ubuntu 20.04 ARM
Kernel: 5.4.0-53-generic
Compiler: gcc 9.3
To view detailed results, visit:
https://lab.dpdk.org/results/dashboard/patchsets/19685/
UNH-IOL DPDK Community Lab
To manage your email subscriptions, visit:
https://lab.dpdk.org/results/dashboard/preferences/subscriptions/
^ permalink raw reply [flat|nested] 2+ messages in thread
end of thread, other threads:[~2021-10-25 21:12 UTC | newest]
Thread overview: 2+ messages (download: mbox.gz / follow: Atom feed)
-- links below jump to the message on this page --
2021-10-25 20:33 [dpdk-test-report] |FAILURE| pw102749 [PATCH] test/ipfrag: add test content to the test unit dpdklab
2021-10-25 21:12 dpdklab
This is a public inbox, see mirroring instructions
for how to clone and mirror all data and code used for this inbox;
as well as URLs for NNTP newsgroup(s).