* [dpdk-test-report] |WARNING| pw103073-103076 [PATCH] [v7, 4/4] test/thash: add performance tests for the Toeplitz hash
@ 2021-10-27 22:07 dpdklab
0 siblings, 0 replies; 2+ messages in thread
From: dpdklab @ 2021-10-27 22:07 UTC (permalink / raw)
To: Test Report; +Cc: dpdk-test-reports, Vladimir Medvedkin
[-- Attachment #1: Type: text/plain, Size: 7757 bytes --]
Test-Label: iol-x86_64-compile-testing
Test-Status: WARNING
http://dpdk.org/patch/103076
_Testing issues_
Submitter: Vladimir Medvedkin <vladimir.medvedkin@intel.com>
Date: Wednesday, October 27 2021 16:16:48
DPDK git baseline: Repo:dpdk
Branch: master
CommitID:b66412f24f17fcba5a248888bf4b3c1f5d6880de
103073-103076 --> testing fail
Test environment and result as below:
+---------------------+--------------------+----------------------+-------------------+
| Environment | dpdk_meson_compile | dpdk_mingw64_compile | dpdk_compile_spdk |
+=====================+====================+======================+===================+
| Windows Server 2019 | PASS | FAIL | SKIPPED |
+---------------------+--------------------+----------------------+-------------------+
| FreeBSD 13 | PASS | SKIPPED | SKIPPED |
+---------------------+--------------------+----------------------+-------------------+
| openSUSE Leap 15 | PASS | SKIPPED | SKIPPED |
+---------------------+--------------------+----------------------+-------------------+
| Fedora 31 | PASS | SKIPPED | SKIPPED |
+---------------------+--------------------+----------------------+-------------------+
| Ubuntu 18.04 | PASS | SKIPPED | PASS |
+---------------------+--------------------+----------------------+-------------------+
| Fedora 32 | PASS | SKIPPED | SKIPPED |
+---------------------+--------------------+----------------------+-------------------+
| CentOS Stream 8 | PASS | SKIPPED | SKIPPED |
+---------------------+--------------------+----------------------+-------------------+
| CentOS 8 | PASS | SKIPPED | SKIPPED |
+---------------------+--------------------+----------------------+-------------------+
| Ubuntu 20.04 | PASS | SKIPPED | SKIPPED |
+---------------------+--------------------+----------------------+-------------------+
| Arch Linux | PASS | SKIPPED | SKIPPED |
+---------------------+--------------------+----------------------+-------------------+
| Fedora 34 | PASS | SKIPPED | SKIPPED |
+---------------------+--------------------+----------------------+-------------------+
| RHEL 7 | PASS | SKIPPED | SKIPPED |
+---------------------+--------------------+----------------------+-------------------+
| Alpine | PASS | SKIPPED | SKIPPED |
+---------------------+--------------------+----------------------+-------------------+
| RHEL8 | PASS | SKIPPED | SKIPPED |
+---------------------+--------------------+----------------------+-------------------+
| Fedora 33 | PASS | SKIPPED | SKIPPED |
+---------------------+--------------------+----------------------+-------------------+
| Fedora 34 clang | PASS | SKIPPED | SKIPPED |
+---------------------+--------------------+----------------------+-------------------+
==== 20 line log output for Windows Server 2019 (dpdk_mingw64_compile): ====
[45/529] Compiling C object lib/librte_metrics.a.p/metrics_rte_metrics_telemetry.c.obj
[46/529] Compiling C object lib/librte_bitratestats.a.p/bitratestats_rte_bitrate.c.obj
[47/529] Generating rte_timer_mingw with a custom command
[48/529] Generating rte_cfgfile_mingw with a custom command
[49/529] Linking static target lib/librte_bitratestats.a
[50/529] Generating rte_metrics_def with a custom command
[51/529] Compiling C object lib/librte_cfgfile.a.p/cfgfile_rte_cfgfile.c.obj
[52/529] Compiling C object lib/librte_hash.a.p/hash_rte_thash.c.obj
FAILED: lib/librte_hash.a.p/hash_rte_thash.c.obj
"gcc" "-Ilib\librte_hash.a.p" "-Ilib" "-I..\lib" "-Ilib\hash" "-I..\lib\hash" "-I." "-I.." "-Iconfig" "-I..\config" "-Ilib\eal\include" "-I..\lib\eal\include" "-Ilib\eal\windows\include" "-I..\lib\eal\windows\include" "-Ilib\eal\x86\include" "-I..\lib\eal\x86\include" "-Ilib\eal\common" "-I..\lib\eal\common" "-Ilib\eal" "-I..\lib\eal" "-Ilib\kvargs" "-I..\lib\kvargs" "-Ilib\net" "-I..\lib\net" "-Ilib\mbuf" "-I..\lib\mbuf" "-Ilib\mempool" "-I..\lib\mempool" "-Ilib\ring" "-I..\lib\ring" "-Ilib\metrics" "-I..\lib\metrics" "-Ilib\telemetry" "-I..\lib\telemetry" "-Ilib\rcu" "-I..\lib\rcu" "-fdiagnostics-color=always" "-pipe" "-D_FILE_OFFSET_BITS=64" "-Wall" "-Winvalid-pch" "-Werror" "-O3" "-include" "rte_config.h" "-Wextra" "-Wcast-qual" "-Wdeprecated" "-Wformat" "-Wformat-nonliteral" "-Wformat-security" "-Wmissing-declarations" "-Wmissing-prototypes" "-Wnested-externs" "-Wold-style-definition" "-Wpointer-arith" "-Wsign-compare" "-Wstrict-prototypes" "-Wundef" "-Wwrite-strings" "-Wno-packed-not-aligned" "-Wno-missing-field-initializers" "-D_GNU_SOURCE" "-D_WIN32_WINNT=0x0A00" "-D__USE_MINGW_ANSI_STDIO" "-march=native" "-DALLOW_EXPERIMENTAL_API" "-DALLOW_INTERNAL_API" "-Wno-format-truncation" "-DRTE_LOG_DEFAULT_LOGTYPE=lib.hash" -MD -MQ lib/librte_hash.a.p/hash_rte_thash.c.obj -MF "lib\librte_hash.a.p\hash_rte_thash.c.obj.d" -o lib/librte_hash.a.p/hash_rte_thash.c.obj "-c" ../lib/hash/rte_thash.c
{standard input}: Assembler messages:
{standard input}:141: Error: invalid register for .seh_savexmm
{standard input}:636: Error: invalid register for .seh_savexmm
{standard input}:690: Error: invalid register for .seh_savexmm
[53/529] Compiling C object lib/librte_cryptodev.a.p/cryptodev_rte_cryptodev.c.obj
[54/529] Linking static target lib/librte_cfgfile.a
[55/529] Compiling C object lib/librte_cryptodev.a.p/cryptodev_cryptodev_pmd.c.obj
[56/529] Compiling C object lib/librte_timer.a.p/timer_rte_timer.c.obj
[57/529] Compiling C object lib/librte_hash.a.p/hash_rte_cuckoo_hash.c.obj
ninja: build stopped: subcommand failed.
==== End log output ====
Windows Server 2019
Kernel: 10.0
Compiler: clang 9.0 and gcc 8.1.0 (MinGW)
FreeBSD 13
Kernel: 13.0
Compiler: clang 11.0.1
openSUSE Leap 15
Kernel: 4.18.0-240.10.1.el8_3.x86_64
Compiler: gcc 7.5.0
Fedora 31
Kernel: 4.18.0-240.10.1.el8_3.x86_64
Compiler: gcc 9.3.1
Ubuntu 18.04
Kernel: 4.18.0-240.10.1.el8_3.x86_64
Compiler: gcc 7.5.0-3ubuntu1~18.04
Fedora 32
Kernel: 4.18.0-240.10.1.el8_3.x86_64
Compiler: gcc 10.2.1
CentOS Stream 8
Kernel: 4.18.0-240.10.1.el8_3.x86_64
Compiler: gcc 8.4.1 20200928
CentOS 8
Kernel: 4.18.0-240.10.1.el8_3.x86_64
Compiler: gcc 8.3.1 20191121 (Red Hat 8.3.1-5)
Ubuntu 20.04
Kernel: 4.18.0-240.10.1.el8_3.x86_64
Compiler: gcc 9.3.0-17ubuntu1~20.04
Arch Linux
Kernel: 5.4.0-73-generic
Compiler: gcc 11.1.0
Fedora 34
Kernel: 5.4.0-72-generic
Compiler: gcc 11.1.1 20210428 (Red Hat 11.1.1-1)
RHEL 7
Kernel: 4.18.0-240.10.1.el8_3.x86_64
Compiler: gcc 4.8.5 20150623 (Red Hat 4.8.5-44)
Alpine
Kernel: 5.4.0-73-generic
Compiler: gcc (Alpine 10.3.1_git20210424) 10.3.1 20210424
RHEL8
Kernel: 4.18.0-240.10.1.el8_3.x86_64
Compiler: gcc 8.3.1 20191121 (Red Hat 8.3.1-5)
Fedora 33
Kernel: 5.4.0-72-generic
Compiler: gcc 10.3.1 20210422 (Red Hat 10.3.1-1)
Fedora 34 clang
Kernel: 5.4.0-72-generic
Compiler: clang 12.0.0 (Fedora 12.0.0-0.3.rc1.fc34)
To view detailed results, visit:
https://lab.dpdk.org/results/dashboard/patchsets/19786/
UNH-IOL DPDK Community Lab
To manage your email subscriptions, visit:
https://lab.dpdk.org/results/dashboard/preferences/subscriptions/
^ permalink raw reply [flat|nested] 2+ messages in thread
* [dpdk-test-report] |WARNING| pw103073-103076 [PATCH] [v7, 4/4] test/thash: add performance tests for the Toeplitz hash
@ 2021-10-27 17:11 dpdklab
0 siblings, 0 replies; 2+ messages in thread
From: dpdklab @ 2021-10-27 17:11 UTC (permalink / raw)
To: Test Report; +Cc: dpdklab, Vladimir Medvedkin
[-- Attachment #1: Type: text/plain, Size: 2072 bytes --]
Test-Label: iol-spell-check-testing
Test-Status: WARNING
http://dpdk.org/patch/103076
_Testing issues_
Submitter: Vladimir Medvedkin <vladimir.medvedkin@intel.com>
Date: Wednesday, October 27 2021 16:16:48
DPDK git baseline: Repo:dpdk
Branch: master
CommitID:b66412f24f17fcba5a248888bf4b3c1f5d6880de
103073-103076 --> testing fail
Test environment and result as below:
+--------------+-------------+
| Environment | spell_check |
+==============+=============+
| Ubuntu 20.04 | FAIL |
+--------------+-------------+
==== 20 line log output for Ubuntu 20.04 (spell_check): ====
dpdk/doc/guides/testpmd_app_ug/testpmd_funcs.rst:4819 oUDP
dpdk/doc/guides/testpmd_app_ug/testpmd_funcs.rst:4827 oUDP
dpdk/doc/guides/testpmd_app_ug/testpmd_funcs.rst:4830 oUDP
dpdk/doc/guides/testpmd_app_ug/testpmd_funcs.rst:4833 oUDP
dpdk/doc/guides/testpmd_app_ug/testpmd_funcs.rst:4839 oUDP
dpdk/doc/guides/testpmd_app_ug/testpmd_funcs.rst:4845 oUDP
dpdk/doc/guides/testpmd_app_ug/testpmd_funcs.rst:4851 oUDP
dpdk/doc/guides/testpmd_app_ug/testpmd_funcs.rst:5056 oUDP
dpdk/doc/guides/testpmd_app_ug/testpmd_funcs.rst:5059 oUDP
dpdk/doc/guides/testpmd_app_ug/testpmd_funcs.rst:5061 ppp
dpdk/doc/guides/testpmd_app_ug/testpmd_funcs.rst:5063 ppp
dpdk/doc/guides/testpmd_app_ug/testpmd_funcs.rst:5065 ppp
dpdk/doc/guides/testpmd_app_ug/testpmd_funcs.rst:5067 ppp
dpdk/doc/guides/rel_notes/release_21_11.rst:165 oUDP
dpdk/doc/guides/rel_notes/release_21_11.rst:246 auth-cipher
dpdk/doc/guides/rel_notes/release_21_11.rst:248 auth-cipher
dpdk/doc/guides/rel_notes/release_21_11.rst:294 testcase
dpdk/doc/guides/rel_notes/release_21_11.rst:539 Re-arranged
dpdk/doc/guides/rel_notes/deprecation.rst:167 HW-functionality
Errors found: 67
==== End log output ====
Ubuntu 20.04
Kernel: 4.18.0-240.10.1.el8_3.x86_64
Compiler: gcc 9.3.0-17ubuntu1~20.04
To view detailed results, visit:
https://lab.dpdk.org/results/dashboard/patchsets/19786/
UNH-IOL DPDK Community Lab
To manage your email subscriptions, visit:
https://lab.dpdk.org/results/dashboard/preferences/subscriptions/
^ permalink raw reply [flat|nested] 2+ messages in thread
end of thread, other threads:[~2021-10-27 22:07 UTC | newest]
Thread overview: 2+ messages (download: mbox.gz / follow: Atom feed)
-- links below jump to the message on this page --
2021-10-27 22:07 [dpdk-test-report] |WARNING| pw103073-103076 [PATCH] [v7, 4/4] test/thash: add performance tests for the Toeplitz hash dpdklab
-- strict thread matches above, loose matches on Subject: below --
2021-10-27 17:11 dpdklab
This is a public inbox, see mirroring instructions
for how to clone and mirror all data and code used for this inbox;
as well as URLs for NNTP newsgroup(s).