* [dpdk-test-report] |FAILURE| pw103364-103366 [PATCH] [v3, 3/3] eventdev: have adapters support device maintenance
@ 2021-11-02 20:03 dpdklab
0 siblings, 0 replies; 3+ messages in thread
From: dpdklab @ 2021-11-02 20:03 UTC (permalink / raw)
To: Test Report; +Cc: dpdk-test-reports, Mattias Rönnblom
[-- Attachment #1: Type: text/plain, Size: 3984 bytes --]
Test-Label: iol-x86_64-unit-testing
Test-Status: FAILURE
http://dpdk.org/patch/103366
_Testing issues_
Submitter: Mattias Rönnblom <mattias.ronnblom@ericsson.com>
Date: Monday, November 01 2021 18:40:16
DPDK git baseline: Repo:dpdk
Branch: master
CommitID:6cc51b1293ceac4a77d4bf7ac91a8bbd59e1f78c
103364-103366 --> testing fail
Test environment and result as below:
+------------------+----------------+
| Environment | dpdk_unit_test |
+==================+================+
| Ubuntu 18.04 | PASS |
+------------------+----------------+
| CentOS 8 | PASS |
+------------------+----------------+
| Fedora 31 | PASS |
+------------------+----------------+
| Fedora 32 | PASS |
+------------------+----------------+
| CentOS Stream 8 | PASS |
+------------------+----------------+
| openSUSE Leap 15 | PASS |
+------------------+----------------+
| RHEL8 | PASS |
+------------------+----------------+
| RHEL 7 | FAIL |
+------------------+----------------+
| Fedora 34 | PASS |
+------------------+----------------+
| Fedora 33 | PASS |
+------------------+----------------+
| Fedora 34 clang | PASS |
+------------------+----------------+
| Ubuntu 20.04 | PASS |
+------------------+----------------+
| Arch Linux | PASS |
+------------------+----------------+
==== 20 line log output for RHEL 7 (dpdk_unit_test): ====
87/97 DPDK:fast-tests / service_autotest OK 3.44s
88/97 DPDK:fast-tests / thash_autotest OK 0.31s
89/97 DPDK:fast-tests / trace_autotest OK 0.19s
90/97 DPDK:fast-tests / telemetry_json_autotest OK 0.22s
91/97 DPDK:fast-tests / telemetry_data_autotest OK 0.20s
92/97 DPDK:fast-tests / ring_pmd_autotest OK 0.19s
93/97 DPDK:fast-tests / event_eth_tx_adapter_autotest OK 0.76s
94/97 DPDK:fast-tests / bitratestats_autotest OK 0.22s
95/97 DPDK:fast-tests / latencystats_autotest OK 0.19s
96/97 DPDK:fast-tests / pdump_autotest OK 5.27s
97/97 DPDK:fast-tests / compressdev_autotest SKIP 0.27s
Ok: 91
Expected Fail: 0
Fail: 1
Unexpected Pass: 0
Skipped: 5
Timeout: 0
Full log written to /home-local/jenkins-local/jenkins-agent/workspace/Generic-Unit-Test-DPDK/dpdk/build/meson-logs/testlog.txt
==== End log output ====
Ubuntu 18.04
Kernel: 4.18.0-240.10.1.el8_3.x86_64
Compiler: gcc 7.5.0-3ubuntu1~18.04
CentOS 8
Kernel: 4.18.0-240.10.1.el8_3.x86_64
Compiler: gcc 8.3.1 20191121 (Red Hat 8.3.1-5)
Fedora 31
Kernel: 4.18.0-240.10.1.el8_3.x86_64
Compiler: gcc 9.3.1
Fedora 32
Kernel: 4.18.0-240.10.1.el8_3.x86_64
Compiler: gcc 10.2.1
CentOS Stream 8
Kernel: 4.18.0-240.10.1.el8_3.x86_64
Compiler: gcc 8.4.1 20200928
openSUSE Leap 15
Kernel: 4.18.0-240.10.1.el8_3.x86_64
Compiler: gcc 7.5.0
RHEL8
Kernel: 4.18.0-240.10.1.el8_3.x86_64
Compiler: gcc 8.3.1 20191121 (Red Hat 8.3.1-5)
RHEL 7
Kernel: 4.18.0-240.10.1.el8_3.x86_64
Compiler: gcc 4.8.5 20150623 (Red Hat 4.8.5-44)
Fedora 34
Kernel: 5.4.0-72-generic
Compiler: gcc 11.1.1 20210428 (Red Hat 11.1.1-1)
Fedora 33
Kernel: 5.4.0-72-generic
Compiler: gcc 10.3.1 20210422 (Red Hat 10.3.1-1)
Fedora 34 clang
Kernel: 5.4.0-72-generic
Compiler: clang 12.0.0 (Fedora 12.0.0-0.3.rc1.fc34)
Ubuntu 20.04
Kernel: 4.18.0-240.10.1.el8_3.x86_64
Compiler: gcc 9.3.0-17ubuntu1~20.04
Arch Linux
Kernel: 5.4.0-73-generic
Compiler: gcc 11.1.0
To view detailed results, visit:
https://lab.dpdk.org/results/dashboard/patchsets/19893/
UNH-IOL DPDK Community Lab
To manage your email subscriptions, visit:
https://lab.dpdk.org/results/dashboard/preferences/subscriptions/
^ permalink raw reply [flat|nested] 3+ messages in thread
* [dpdk-test-report] |FAILURE| pw103364-103366 [PATCH] [v3, 3/3] eventdev: have adapters support device maintenance
@ 2021-11-01 21:23 dpdklab
0 siblings, 0 replies; 3+ messages in thread
From: dpdklab @ 2021-11-01 21:23 UTC (permalink / raw)
To: Test Report; +Cc: dpdklab, Mattias Rönnblom
[-- Attachment #1: Type: text/plain, Size: 4686 bytes --]
Test-Label: iol-x86_64-unit-testing
Test-Status: FAILURE
http://dpdk.org/patch/103366
_Testing issues_
Submitter: Mattias Rönnblom <mattias.ronnblom@ericsson.com>
Date: Monday, November 01 2021 18:40:16
DPDK git baseline: Repo:dpdk
Branch: master
CommitID:6cc51b1293ceac4a77d4bf7ac91a8bbd59e1f78c
103364-103366 --> testing fail
Test environment and result as below:
+------------------+----------------+
| Environment | dpdk_unit_test |
+==================+================+
| Ubuntu 18.04 | PASS |
+------------------+----------------+
| CentOS 8 | PASS |
+------------------+----------------+
| Fedora 31 | FAIL |
+------------------+----------------+
| Fedora 32 | PASS |
+------------------+----------------+
| CentOS Stream 8 | PASS |
+------------------+----------------+
| openSUSE Leap 15 | PASS |
+------------------+----------------+
| RHEL8 | PASS |
+------------------+----------------+
| RHEL 7 | PASS |
+------------------+----------------+
| Fedora 34 | PASS |
+------------------+----------------+
| Fedora 33 | PASS |
+------------------+----------------+
| Fedora 34 clang | PASS |
+------------------+----------------+
| Ubuntu 20.04 | PASS |
+------------------+----------------+
==== 20 line log output for Fedora 31 (dpdk_unit_test): ====
output=stdout, stderr=stderr)
subprocess.CalledProcessError: Command '['ar', 'x', '/home-local/jenkins-local/jenkins-agent/workspace/Generic-Unit-Test-DPDK/dpdk/build/drivers/libtmp_rte_mempool_dpaa2.a']' returned non-zero exit status 1.
[407/2967] Compiling C object lib/librte_port.a.p/port_rte_port_source_sink.c.o
[408/2967] Compiling C object lib/librte_port.a.p/port_rte_port_sym_crypto.c.o
[409/2967] Generating lib/stack.sym_chk with a custom command (wrapped by meson to capture output)
[410/2967] Generating lib/rawdev.sym_chk with a custom command (wrapped by meson to capture output)
[411/2967] Generating lib/security.sym_chk with a custom command (wrapped by meson to capture output)
[412/2967] Generating lib/dmadev.sym_chk with a custom command (wrapped by meson to capture output)
[413/2967] Generating lib/sched.sym_chk with a custom command (wrapped by meson to capture output)
[414/2967] Generating lib/power.sym_chk with a custom command (wrapped by meson to capture output)
[415/2967] Generating lib/rib.sym_chk with a custom command (wrapped by meson to capture output)
[416/2967] Generating lib/regexdev.sym_chk with a custom command (wrapped by meson to capture output)
[417/2967] Generating lib/ipsec.sym_chk with a custom command (wrapped by meson to capture output)
[418/2967] Generating lib/fib.sym_chk with a custom command (wrapped by meson to capture output)
[419/2967] Generating lib/cryptodev.sym_chk with a custom command (wrapped by meson to capture output)
[420/2967] Generating lib/vhost.sym_chk with a custom command (wrapped by meson to capture output)
[421/2967] Generating lib/eventdev.sym_chk with a custom command (wrapped by meson to capture output)
[422/2967] Generating lib/ethdev.sym_chk with a custom command (wrapped by meson to capture output)
[423/2967] Generating lib/eal.sym_chk with a custom command (wrapped by meson to capture output)
ninja: build stopped: subcommand failed.
==== End log output ====
Ubuntu 18.04
Kernel: 4.18.0-240.10.1.el8_3.x86_64
Compiler: gcc 7.5.0-3ubuntu1~18.04
CentOS 8
Kernel: 4.18.0-240.10.1.el8_3.x86_64
Compiler: gcc 8.3.1 20191121 (Red Hat 8.3.1-5)
Fedora 31
Kernel: 4.18.0-240.10.1.el8_3.x86_64
Compiler: gcc 9.3.1
Fedora 32
Kernel: 4.18.0-240.10.1.el8_3.x86_64
Compiler: gcc 10.2.1
CentOS Stream 8
Kernel: 4.18.0-240.10.1.el8_3.x86_64
Compiler: gcc 8.4.1 20200928
openSUSE Leap 15
Kernel: 4.18.0-240.10.1.el8_3.x86_64
Compiler: gcc 7.5.0
RHEL8
Kernel: 4.18.0-240.10.1.el8_3.x86_64
Compiler: gcc 8.3.1 20191121 (Red Hat 8.3.1-5)
RHEL 7
Kernel: 4.18.0-240.10.1.el8_3.x86_64
Compiler: gcc 4.8.5 20150623 (Red Hat 4.8.5-44)
Fedora 34
Kernel: 5.4.0-72-generic
Compiler: gcc 11.1.1 20210428 (Red Hat 11.1.1-1)
Fedora 33
Kernel: 5.4.0-72-generic
Compiler: gcc 10.3.1 20210422 (Red Hat 10.3.1-1)
Fedora 34 clang
Kernel: 5.4.0-72-generic
Compiler: clang 12.0.0 (Fedora 12.0.0-0.3.rc1.fc34)
Ubuntu 20.04
Kernel: 4.18.0-240.10.1.el8_3.x86_64
Compiler: gcc 9.3.0-17ubuntu1~20.04
To view detailed results, visit:
https://lab.dpdk.org/results/dashboard/patchsets/19893/
UNH-IOL DPDK Community Lab
To manage your email subscriptions, visit:
https://lab.dpdk.org/results/dashboard/preferences/subscriptions/
^ permalink raw reply [flat|nested] 3+ messages in thread
* [dpdk-test-report] |FAILURE| pw103364-103366 [PATCH] [v3, 3/3] eventdev: have adapters support device maintenance
@ 2021-11-01 21:00 dpdklab
0 siblings, 0 replies; 3+ messages in thread
From: dpdklab @ 2021-11-01 21:00 UTC (permalink / raw)
To: Test Report; +Cc: dpdk-test-reports, Mattias Rönnblom
[-- Attachment #1: Type: text/plain, Size: 6762 bytes --]
Test-Label: iol-x86_64-compile-testing
Test-Status: FAILURE
http://dpdk.org/patch/103366
_Testing issues_
Submitter: Mattias Rönnblom <mattias.ronnblom@ericsson.com>
Date: Monday, November 01 2021 18:40:16
DPDK git baseline: Repo:dpdk
Branch: master
CommitID:6cc51b1293ceac4a77d4bf7ac91a8bbd59e1f78c
103364-103366 --> testing fail
Test environment and result as below:
+---------------------+--------------------+----------------------+-------------------+
| Environment | dpdk_meson_compile | dpdk_mingw64_compile | dpdk_compile_spdk |
+=====================+====================+======================+===================+
| Windows Server 2019 | PASS | PASS | SKIPPED |
+---------------------+--------------------+----------------------+-------------------+
| FreeBSD 13 | PASS | SKIPPED | SKIPPED |
+---------------------+--------------------+----------------------+-------------------+
| Ubuntu 18.04 | PASS | SKIPPED | PASS |
+---------------------+--------------------+----------------------+-------------------+
| CentOS 8 | PASS | SKIPPED | SKIPPED |
+---------------------+--------------------+----------------------+-------------------+
| Fedora 31 | FAIL | SKIPPED | SKIPPED |
+---------------------+--------------------+----------------------+-------------------+
| openSUSE Leap 15 | PASS | SKIPPED | SKIPPED |
+---------------------+--------------------+----------------------+-------------------+
| CentOS Stream 8 | PASS | SKIPPED | SKIPPED |
+---------------------+--------------------+----------------------+-------------------+
| Ubuntu 20.04 | PASS | SKIPPED | SKIPPED |
+---------------------+--------------------+----------------------+-------------------+
| RHEL 7 | PASS | SKIPPED | SKIPPED |
+---------------------+--------------------+----------------------+-------------------+
| Fedora 32 | PASS | SKIPPED | SKIPPED |
+---------------------+--------------------+----------------------+-------------------+
| RHEL8 | PASS | SKIPPED | SKIPPED |
+---------------------+--------------------+----------------------+-------------------+
| Fedora 34 | PASS | SKIPPED | SKIPPED |
+---------------------+--------------------+----------------------+-------------------+
| Fedora 33 | PASS | SKIPPED | SKIPPED |
+---------------------+--------------------+----------------------+-------------------+
| Alpine | PASS | SKIPPED | SKIPPED |
+---------------------+--------------------+----------------------+-------------------+
| Fedora 34 clang | PASS | SKIPPED | SKIPPED |
+---------------------+--------------------+----------------------+-------------------+
==== 20 line log output for Fedora 31 (dpdk_meson_compile): ====
output=stdout, stderr=stderr)
subprocess.CalledProcessError: Command '['ar', 'x', '/home-local/jenkins-local/jenkins-agent/workspace/Generic-DPDK-Compile-Meson@2/dpdk/build/drivers/libtmp_rte_mempool_dpaa2.a']' returned non-zero exit status 1.
[445/2966] Compiling C object lib/librte_pipeline.a.p/pipeline_rte_swx_pipeline_spec.c.o
[446/2966] Compiling C object lib/librte_pipeline.a.p/pipeline_rte_pipeline.c.o
[447/2966] Compiling C object lib/librte_pipeline.a.p/pipeline_rte_swx_ctl.c.o
[448/2966] Generating lib/dmadev.sym_chk with a custom command (wrapped by meson to capture output)
[449/2966] Compiling C object lib/librte_port.a.p/port_rte_port_eventdev.c.o
[450/2966] Generating lib/power.sym_chk with a custom command (wrapped by meson to capture output)
[451/2966] Generating lib/rib.sym_chk with a custom command (wrapped by meson to capture output)
[452/2966] Generating lib/ipsec.sym_chk with a custom command (wrapped by meson to capture output)
[453/2966] Generating lib/regexdev.sym_chk with a custom command (wrapped by meson to capture output)
[454/2966] Generating lib/fib.sym_chk with a custom command (wrapped by meson to capture output)
[455/2966] Generating lib/cryptodev.sym_chk with a custom command (wrapped by meson to capture output)
[456/2966] Generating lib/pdump.sym_chk with a custom command (wrapped by meson to capture output)
[457/2966] Generating lib/table.sym_chk with a custom command (wrapped by meson to capture output)
[458/2966] Generating lib/vhost.sym_chk with a custom command (wrapped by meson to capture output)
[459/2966] Generating lib/eventdev.sym_chk with a custom command (wrapped by meson to capture output)
[460/2966] Generating lib/ethdev.sym_chk with a custom command (wrapped by meson to capture output)
[461/2966] Generating lib/eal.sym_chk with a custom command (wrapped by meson to capture output)
ninja: build stopped: subcommand failed.
==== End log output ====
Windows Server 2019
Kernel: 10.0
Compiler: clang 9.0 and gcc 8.1.0 (MinGW)
FreeBSD 13
Kernel: 13.0
Compiler: clang 11.0.1
Ubuntu 18.04
Kernel: 4.18.0-240.10.1.el8_3.x86_64
Compiler: gcc 7.5.0-3ubuntu1~18.04
CentOS 8
Kernel: 4.18.0-240.10.1.el8_3.x86_64
Compiler: gcc 8.3.1 20191121 (Red Hat 8.3.1-5)
Fedora 31
Kernel: 4.18.0-240.10.1.el8_3.x86_64
Compiler: gcc 9.3.1
openSUSE Leap 15
Kernel: 4.18.0-240.10.1.el8_3.x86_64
Compiler: gcc 7.5.0
CentOS Stream 8
Kernel: 4.18.0-240.10.1.el8_3.x86_64
Compiler: gcc 8.4.1 20200928
Ubuntu 20.04
Kernel: 4.18.0-240.10.1.el8_3.x86_64
Compiler: gcc 9.3.0-17ubuntu1~20.04
RHEL 7
Kernel: 4.18.0-240.10.1.el8_3.x86_64
Compiler: gcc 4.8.5 20150623 (Red Hat 4.8.5-44)
Fedora 32
Kernel: 4.18.0-240.10.1.el8_3.x86_64
Compiler: gcc 10.2.1
RHEL8
Kernel: 4.18.0-240.10.1.el8_3.x86_64
Compiler: gcc 8.3.1 20191121 (Red Hat 8.3.1-5)
Fedora 34
Kernel: 5.4.0-72-generic
Compiler: gcc 11.1.1 20210428 (Red Hat 11.1.1-1)
Fedora 33
Kernel: 5.4.0-72-generic
Compiler: gcc 10.3.1 20210422 (Red Hat 10.3.1-1)
Alpine
Kernel: 5.4.0-73-generic
Compiler: gcc (Alpine 10.3.1_git20210424) 10.3.1 20210424
Fedora 34 clang
Kernel: 5.4.0-72-generic
Compiler: clang 12.0.0 (Fedora 12.0.0-0.3.rc1.fc34)
To view detailed results, visit:
https://lab.dpdk.org/results/dashboard/patchsets/19893/
UNH-IOL DPDK Community Lab
To manage your email subscriptions, visit:
https://lab.dpdk.org/results/dashboard/preferences/subscriptions/
^ permalink raw reply [flat|nested] 3+ messages in thread
end of thread, other threads:[~2021-11-02 20:03 UTC | newest]
Thread overview: 3+ messages (download: mbox.gz / follow: Atom feed)
-- links below jump to the message on this page --
2021-11-02 20:03 [dpdk-test-report] |FAILURE| pw103364-103366 [PATCH] [v3, 3/3] eventdev: have adapters support device maintenance dpdklab
-- strict thread matches above, loose matches on Subject: below --
2021-11-01 21:23 dpdklab
2021-11-01 21:00 dpdklab
This is a public inbox, see mirroring instructions
for how to clone and mirror all data and code used for this inbox;
as well as URLs for NNTP newsgroup(s).