* |WARNING| pw104121 [PATCH] [v2] net/szedata2: remove driver
@ 2021-11-10 16:32 dpdklab
0 siblings, 0 replies; 2+ messages in thread
From: dpdklab @ 2021-11-10 16:32 UTC (permalink / raw)
To: Test Report; +Cc: dpdklab, Martin Spinler
[-- Attachment #1: Type: text/plain, Size: 1932 bytes --]
Test-Label: iol-spell-check-testing
Test-Status: WARNING
http://dpdk.org/patch/104121
_Testing issues_
Submitter: Martin Spinler <spinler@cesnet.cz>
Date: Wednesday, November 10 2021 15:39:24
DPDK git baseline: Repo:dpdk
Branch: master
CommitID:f4801fdb7828f45ddc4ada148b1b0a230a226570
104121 --> testing fail
Test environment and result as below:
+--------------+-------------+
| Environment | spell_check |
+==============+=============+
| Ubuntu 20.04 | FAIL |
+--------------+-------------+
==== 20 line log output for Ubuntu 20.04 (spell_check): ====
dpdk/doc/guides/tools/flow-perf.rst:103 random-priority
dpdk/doc/guides/sample_app_ug/ipsec_secgw.rst:93 vector-size
dpdk/doc/guides/sample_app_ug/ipsec_secgw.rst:94 vector-size
dpdk/doc/guides/sample_app_ug/ipsec_secgw.rst:94 vector-tmo
dpdk/doc/guides/sample_app_ug/ipsec_secgw.rst:94 vector-tmo
dpdk/doc/guides/sample_app_ug/ipsec_secgw.rst:311 vector-size
dpdk/doc/guides/sample_app_ug/ipsec_secgw.rst:312 vector-tmo
dpdk/doc/guides/sample_app_ug/ipsec_secgw.rst:333 vector-size
dpdk/doc/guides/sample_app_ug/ipsec_secgw.rst:335 vector-tmo
dpdk/doc/guides/vdpadevs/sfc.rst:22 libefx
dpdk/doc/guides/nics/mlx5.rst:619 WQEs
dpdk/doc/guides/nics/mlx5.rst:624 re-activeate
dpdk/doc/guides/nics/mlx5.rst:631 set-priv-flags
dpdk/doc/guides/nics/mlx5.rst:632 show-priv-flags
dpdk/doc/guides/rel_notes/release_21_11.rst:170 AFM
dpdk/doc/guides/rel_notes/release_21_11.rst:251 RxTx
dpdk/doc/guides/index.rst:25 gpus
dpdk/doc/guides/eventdevs/dsw.rst:48 MAINT
dpdk/doc/guides/eventdevs/dsw.rst:70 MAINT
Errors found: 97
==== End log output ====
Ubuntu 20.04
Kernel: 4.18.0-240.10.1.el8_3.x86_64
Compiler: gcc 9.3.0-17ubuntu1~20.04
To view detailed results, visit:
https://lab.dpdk.org/results/dashboard/patchsets/20138/
UNH-IOL DPDK Community Lab
To manage your email subscriptions, visit:
https://lab.dpdk.org/results/dashboard/preferences/subscriptions/
^ permalink raw reply [flat|nested] 2+ messages in thread
[parent not found: <2b1c85aa45f67ec1cce525ffdad11bfd2380f4f0.camel@cesnet.cz>]
end of thread, other threads:[~2021-11-10 16:32 UTC | newest]
Thread overview: 2+ messages (download: mbox.gz / follow: Atom feed)
-- links below jump to the message on this page --
2021-11-10 16:32 |WARNING| pw104121 [PATCH] [v2] net/szedata2: remove driver dpdklab
[not found] <2b1c85aa45f67ec1cce525ffdad11bfd2380f4f0.camel@cesnet.cz>
2021-11-10 15:39 ` |WARNING| pw104121 [PATCH v2] " checkpatch
This is a public inbox, see mirroring instructions
for how to clone and mirror all data and code used for this inbox;
as well as URLs for NNTP newsgroup(s).