automatic DPDK test reports
 help / color / mirror / Atom feed
From: dpdklab@iol.unh.edu
To: Test Report <test-report@dpdk.org>
Cc: dpdklab@iol.unh.edu, Kumara Parameshwaran <kumaraparamesh92@gmail.com>
Subject: |FAILURE| pw104698 [PATCH] net/tap: Bug fix to populate fds in secondary process
Date: Thu, 25 Nov 2021 08:00:27 -0500 (EST)
Message-ID: <20211125130027.DCBF060524@noxus.dpdklab.iol.unh.edu> (raw)

[-- Attachment #1: Type: text/plain, Size: 4245 bytes --]

Test-Label: iol-x86_64-unit-testing
Test-Status: FAILURE
http://dpdk.org/patch/104698

_Testing issues_

Submitter: Kumara Parameshwaran <kumaraparamesh92@gmail.com>
Date: Thursday, November 25 2021 12:04:20 
DPDK git baseline: Repo:dpdk
  Branch: master
  CommitID:872c6a28075ccae66a31affef7ae3c5e9811affc

104698 --> testing fail

Test environment and result as below:

+------------------+----------------+
|   Environment    | dpdk_unit_test |
+==================+================+
| Ubuntu 18.04     | PASS           |
+------------------+----------------+
| Arch Linux       | PASS           |
+------------------+----------------+
| CentOS 8         | PASS           |
+------------------+----------------+
| CentOS Stream 8  | PASS           |
+------------------+----------------+
| Fedora 32        | PASS           |
+------------------+----------------+
| Fedora 31        | PASS           |
+------------------+----------------+
| RHEL 7           | FAIL           |
+------------------+----------------+
| openSUSE Leap 15 | PASS           |
+------------------+----------------+
| RHEL8            | PASS           |
+------------------+----------------+
| Ubuntu 20.04     | PASS           |
+------------------+----------------+
| Fedora 34        | PASS           |
+------------------+----------------+
| Fedora 33        | PASS           |
+------------------+----------------+
| Fedora 34 clang  | PASS           |
+------------------+----------------+

==== 20 line log output for RHEL 7 (dpdk_unit_test): ====
for(int i=0; i < dev->data->nb_rx_queues; i++) {
^
[1971/3046] Linking static target drivers/libtmp_rte_net_vmxnet3.a
[1972/3046] Compiling C object drivers/libtmp_rte_raw_cnxk_bphy.a.p/raw_cnxk_bphy_cnxk_bphy_cgx.c.o
[1973/3046] Compiling C object drivers/libtmp_rte_raw_cnxk_bphy.a.p/raw_cnxk_bphy_cnxk_bphy.c.o
[1974/3046] Generating rte_net_vmxnet3_def with a custom command
[1975/3046] Generating rte_net_octeontx2.sym_chk with a meson_exe.py custom command
[1976/3046] Generating rte_net_thunderx.pmd.c with a custom command
[1977/3046] Generating rte_net_vdev_netvsc.pmd.c with a custom command
[1978/3046] Generating rte_net_softnic.pmd.c with a custom command
[1979/3046] Generating rte_net_ring.sym_chk with a meson_exe.py custom command
[1980/3046] Generating rte_net_vhost.pmd.c with a custom command
[1981/3046] Generating rte_net_qede.sym_chk with a meson_exe.py custom command
[1982/3046] Generating rte_net_sfc.pmd.c with a custom command
[1983/3046] Generating rte_net_txgbe.pmd.c with a custom command
[1984/3046] Generating rte_net_virtio.pmd.c with a custom command
[1985/3046] Generating eal.sym_chk with a meson_exe.py custom command
[1986/3046] Generating rte_common_sfc_efx.sym_chk with a meson_exe.py custom command
[1987/3046] Generating rte_common_cnxk.sym_chk with a meson_exe.py custom command
ninja: build stopped: subcommand failed.
==== End log output ====

Ubuntu 18.04
	Kernel: 4.18.0-240.10.1.el8_3.x86_64
	Compiler: gcc 7.5.0-3ubuntu1~18.04

Arch Linux
	Kernel: 5.4.0-73-generic
	Compiler: gcc 11.1.0

CentOS 8
	Kernel: 4.18.0-240.10.1.el8_3.x86_64
	Compiler: gcc 8.3.1 20191121 (Red Hat 8.3.1-5)

CentOS Stream 8
	Kernel: 4.18.0-240.10.1.el8_3.x86_64
	Compiler: gcc 8.4.1 20200928

Fedora 32
	Kernel: 4.18.0-240.10.1.el8_3.x86_64
	Compiler: gcc 10.2.1

Fedora 31
	Kernel: 4.18.0-240.10.1.el8_3.x86_64
	Compiler: gcc 9.3.1

RHEL 7
	Kernel: 4.18.0-240.10.1.el8_3.x86_64
	Compiler: gcc 4.8.5 20150623 (Red Hat 4.8.5-44)

openSUSE Leap 15
	Kernel: 4.18.0-240.10.1.el8_3.x86_64
	Compiler: gcc 7.5.0

RHEL8
	Kernel: 4.18.0-240.10.1.el8_3.x86_64
	Compiler: gcc 8.3.1 20191121 (Red Hat 8.3.1-5)

Ubuntu 20.04
	Kernel: 4.18.0-240.10.1.el8_3.x86_64
	Compiler: gcc 9.3.0-17ubuntu1~20.04

Fedora 34
	Kernel: 5.4.0-72-generic
	Compiler: gcc 11.1.1 20210428 (Red Hat 11.1.1-1)

Fedora 33
	Kernel: 5.4.0-72-generic
	Compiler: gcc 10.3.1 20210422 (Red Hat 10.3.1-1)

Fedora 34 clang
	Kernel: 5.4.0-72-generic
	Compiler: clang 12.0.0 (Fedora 12.0.0-0.3.rc1.fc34)

To view detailed results, visit:
https://lab.dpdk.org/results/dashboard/patchsets/20375/

UNH-IOL DPDK Community Lab

To manage your email subscriptions, visit: 
https://lab.dpdk.org/results/dashboard/preferences/subscriptions/

             reply	other threads:[~2021-11-25 13:00 UTC|newest]

Thread overview: 3+ messages / expand[flat|nested]  mbox.gz  Atom feed  top
2021-11-25 13:00 dpdklab [this message]
  -- strict thread matches above, loose matches on Subject: below --
2021-11-25 13:06 dpdklab
2021-11-25 12:51 dpdklab

Reply instructions:

You may reply publicly to this message via plain-text email
using any one of the following methods:

* Save the following mbox file, import it into your mail client,
  and reply-to-all from there: mbox

  Avoid top-posting and favor interleaved quoting:
  https://en.wikipedia.org/wiki/Posting_style#Interleaved_style

* Reply using the --to, --cc, and --in-reply-to
  switches of git-send-email(1):

  git send-email \
    --in-reply-to=20211125130027.DCBF060524@noxus.dpdklab.iol.unh.edu \
    --to=dpdklab@iol.unh.edu \
    --cc=kumaraparamesh92@gmail.com \
    --cc=test-report@dpdk.org \
    /path/to/YOUR_REPLY

  https://kernel.org/pub/software/scm/git/docs/git-send-email.html

* If your mail client supports setting the In-Reply-To header
  via mailto: links, try the mailto: link

automatic DPDK test reports

This inbox may be cloned and mirrored by anyone:

	git clone --mirror http://inbox.dpdk.org/test-report/0 test-report/git/0.git

	# If you have public-inbox 1.1+ installed, you may
	# initialize and index your mirror using the following commands:
	public-inbox-init -V2 test-report test-report/ http://inbox.dpdk.org/test-report \
		test-report@dpdk.org
	public-inbox-index test-report

Example config snippet for mirrors.
Newsgroup available over NNTP:
	nntp://inbox.dpdk.org/inbox.dpdk.test-report


AGPL code for this site: git clone https://public-inbox.org/public-inbox.git