automatic DPDK test reports
 help / color / mirror / Atom feed
* |FAILURE| pw104700 [PATCH] net/tap: Bug fix to populate fds in secondary process
@ 2021-11-25 13:27 dpdklab
  0 siblings, 0 replies; 2+ messages in thread
From: dpdklab @ 2021-11-25 13:27 UTC (permalink / raw)
  To: Test Report; +Cc: dpdklab, Kumara Parameshwaran

[-- Attachment #1: Type: text/plain, Size: 4207 bytes --]

Test-Label: iol-x86_64-unit-testing
Test-Status: FAILURE
http://dpdk.org/patch/104700

_Testing issues_

Submitter: Kumara Parameshwaran <kumaraparamesh92@gmail.com>
Date: Thursday, November 25 2021 12:25:46 
DPDK git baseline: Repo:dpdk
  Branch: master
  CommitID:872c6a28075ccae66a31affef7ae3c5e9811affc

104700 --> testing fail

Test environment and result as below:

+------------------+----------------+
|   Environment    | dpdk_unit_test |
+==================+================+
| Arch Linux       | PASS           |
+------------------+----------------+
| Ubuntu 18.04     | PASS           |
+------------------+----------------+
| CentOS 8         | PASS           |
+------------------+----------------+
| Fedora 31        | PASS           |
+------------------+----------------+
| CentOS Stream 8  | PASS           |
+------------------+----------------+
| Fedora 32        | PASS           |
+------------------+----------------+
| RHEL 7           | FAIL           |
+------------------+----------------+
| openSUSE Leap 15 | PASS           |
+------------------+----------------+
| RHEL8            | PASS           |
+------------------+----------------+
| Ubuntu 20.04     | PASS           |
+------------------+----------------+
| Fedora 34        | PASS           |
+------------------+----------------+
| Fedora 33        | PASS           |
+------------------+----------------+
| Fedora 34 clang  | PASS           |
+------------------+----------------+

==== 20 line log output for RHEL 7 (dpdk_unit_test): ====
for (int i=0; i < dev->data->nb_rx_queues; i++) {
^
[1978/3046] Linking static target drivers/libtmp_rte_raw_cnxk_bphy.a
[1979/3046] Generating rte_raw_cnxk_bphy_def with a custom command
[1980/3046] Generating rte_raw_cnxk_bphy_mingw with a custom command
[1981/3046] Generating rte_net_thunderx.pmd.c with a custom command
[1982/3046] Generating rte_net_softnic.pmd.c with a custom command
[1983/3046] Generating rte_net_vdev_netvsc.pmd.c with a custom command
[1984/3046] Generating rte_net_octeontx2.sym_chk with a meson_exe.py custom command
[1985/3046] Generating rte_net_vhost.pmd.c with a custom command
[1986/3046] Generating rte_net_ring.sym_chk with a meson_exe.py custom command
[1987/3046] Generating rte_net_qede.sym_chk with a meson_exe.py custom command
[1988/3046] Generating rte_net_sfc.pmd.c with a custom command
[1989/3046] Generating rte_net_vmxnet3.pmd.c with a custom command
[1990/3046] Generating rte_net_txgbe.pmd.c with a custom command
[1991/3046] Generating symbol file lib/librte_eal.so.22.0.p/librte_eal.so.22.0.symbols
[1992/3046] Generating rte_net_virtio.pmd.c with a custom command
[1993/3046] Generating rte_common_sfc_efx.sym_chk with a meson_exe.py custom command
[1994/3046] Generating rte_common_cnxk.sym_chk with a meson_exe.py custom command
ninja: build stopped: subcommand failed.
==== End log output ====

Arch Linux
	Kernel: 5.4.0-73-generic
	Compiler: gcc 11.1.0

Ubuntu 18.04
	Kernel: 4.18.0-240.10.1.el8_3.x86_64
	Compiler: gcc 7.5.0-3ubuntu1~18.04

CentOS 8
	Kernel: 4.18.0-240.10.1.el8_3.x86_64
	Compiler: gcc 8.3.1 20191121 (Red Hat 8.3.1-5)

Fedora 31
	Kernel: 4.18.0-240.10.1.el8_3.x86_64
	Compiler: gcc 9.3.1

CentOS Stream 8
	Kernel: 4.18.0-240.10.1.el8_3.x86_64
	Compiler: gcc 8.4.1 20200928

Fedora 32
	Kernel: 4.18.0-240.10.1.el8_3.x86_64
	Compiler: gcc 10.2.1

RHEL 7
	Kernel: 4.18.0-240.10.1.el8_3.x86_64
	Compiler: gcc 4.8.5 20150623 (Red Hat 4.8.5-44)

openSUSE Leap 15
	Kernel: 4.18.0-240.10.1.el8_3.x86_64
	Compiler: gcc 7.5.0

RHEL8
	Kernel: 4.18.0-240.10.1.el8_3.x86_64
	Compiler: gcc 8.3.1 20191121 (Red Hat 8.3.1-5)

Ubuntu 20.04
	Kernel: 4.18.0-240.10.1.el8_3.x86_64
	Compiler: gcc 9.3.0-17ubuntu1~20.04

Fedora 34
	Kernel: 5.4.0-72-generic
	Compiler: gcc 11.1.1 20210428 (Red Hat 11.1.1-1)

Fedora 33
	Kernel: 5.4.0-72-generic
	Compiler: gcc 10.3.1 20210422 (Red Hat 10.3.1-1)

Fedora 34 clang
	Kernel: 5.4.0-72-generic
	Compiler: clang 12.0.0 (Fedora 12.0.0-0.3.rc1.fc34)

To view detailed results, visit:
https://lab.dpdk.org/results/dashboard/patchsets/20377/

UNH-IOL DPDK Community Lab

To manage your email subscriptions, visit: 
https://lab.dpdk.org/results/dashboard/preferences/subscriptions/

^ permalink raw reply	[flat|nested] 2+ messages in thread

* |FAILURE| pw104700 [PATCH] net/tap: Bug fix to populate fds in secondary process
@ 2021-11-25 13:36 dpdklab
  0 siblings, 0 replies; 2+ messages in thread
From: dpdklab @ 2021-11-25 13:36 UTC (permalink / raw)
  To: Test Report; +Cc: dpdk-test-reports, Kumara Parameshwaran

[-- Attachment #1: Type: text/plain, Size: 5828 bytes --]

Test-Label: iol-x86_64-compile-testing
Test-Status: FAILURE
http://dpdk.org/patch/104700

_Testing issues_

Submitter: Kumara Parameshwaran <kumaraparamesh92@gmail.com>
Date: Thursday, November 25 2021 12:25:46 
DPDK git baseline: Repo:dpdk
  Branch: master
  CommitID:872c6a28075ccae66a31affef7ae3c5e9811affc

104700 --> testing fail

Test environment and result as below:

+---------------------+--------------------+----------------------+
|     Environment     | dpdk_meson_compile | dpdk_mingw64_compile |
+=====================+====================+======================+
| Windows Server 2019 | PASS               | PASS                 |
+---------------------+--------------------+----------------------+
| openSUSE Leap 15    | PASS               | SKIPPED              |
+---------------------+--------------------+----------------------+
| Ubuntu 18.04        | PASS               | SKIPPED              |
+---------------------+--------------------+----------------------+
| RHEL 7              | FAIL               | SKIPPED              |
+---------------------+--------------------+----------------------+
| Ubuntu 20.04        | PASS               | SKIPPED              |
+---------------------+--------------------+----------------------+
| Fedora 32           | PASS               | SKIPPED              |
+---------------------+--------------------+----------------------+
| CentOS 8            | PASS               | SKIPPED              |
+---------------------+--------------------+----------------------+
| CentOS Stream 8     | PASS               | SKIPPED              |
+---------------------+--------------------+----------------------+
| Fedora 31           | PASS               | SKIPPED              |
+---------------------+--------------------+----------------------+
| FreeBSD 13          | PASS               | SKIPPED              |
+---------------------+--------------------+----------------------+
| RHEL8               | PASS               | SKIPPED              |
+---------------------+--------------------+----------------------+
| Fedora 34           | PASS               | SKIPPED              |
+---------------------+--------------------+----------------------+
| Fedora 33           | PASS               | SKIPPED              |
+---------------------+--------------------+----------------------+
| Arch Linux          | PASS               | SKIPPED              |
+---------------------+--------------------+----------------------+
| Alpine              | PASS               | SKIPPED              |
+---------------------+--------------------+----------------------+
| Fedora 34 clang     | PASS               | SKIPPED              |
+---------------------+--------------------+----------------------+

==== 20 line log output for RHEL 7 (dpdk_meson_compile): ====
for (int i=0; i < dev->data->nb_rx_queues; i++) {
^
[1929/3073] Linking static target drivers/net/txgbe/base/libtxgbe_base.a
[1930/3073] Compiling C object drivers/libtmp_rte_net_txgbe.a.p/net_txgbe_txgbe_ipsec.c.o
[1931/3073] Compiling C object drivers/libtmp_rte_net_txgbe.a.p/net_txgbe_txgbe_ptypes.c.o
[1932/3073] Compiling C object drivers/libtmp_rte_net_txgbe.a.p/net_txgbe_txgbe_pf.c.o
[1933/3073] Generating rte_net_mlx5.sym_chk with a meson_exe.py custom command
[1934/3073] Compiling C object drivers/libtmp_rte_net_txgbe.a.p/net_txgbe_txgbe_rxtx.c.o
[1935/3073] Generating rte_net_softnic.pmd.c with a custom command
[1936/3073] Generating rte_net_octeontx2.sym_chk with a meson_exe.py custom command
[1937/3073] Generating rte_net_sfc.pmd.c with a custom command
[1938/3073] Generating rte_net_ring.sym_chk with a meson_exe.py custom command
[1939/3073] Generating rte_net_thunderx.pmd.c with a custom command
[1940/3073] Generating rte_net_ixgbe.sym_chk with a meson_exe.py custom command
[1941/3073] Generating rte_net_qede.sym_chk with a meson_exe.py custom command
[1942/3073] Generating rte_common_mlx5.sym_chk with a meson_exe.py custom command
[1943/3073] Generating eal.sym_chk with a meson_exe.py custom command
[1944/3073] Generating rte_common_sfc_efx.sym_chk with a meson_exe.py custom command
[1945/3073] Generating rte_common_cnxk.sym_chk with a meson_exe.py custom command
ninja: build stopped: subcommand failed.
==== End log output ====

Windows Server 2019
	Kernel: 10.0
	Compiler: clang 9.0 and gcc 8.1.0 (MinGW)

openSUSE Leap 15
	Kernel: 4.18.0-240.10.1.el8_3.x86_64
	Compiler: gcc 7.5.0

Ubuntu 18.04
	Kernel: 4.18.0-240.10.1.el8_3.x86_64
	Compiler: gcc 7.5.0-3ubuntu1~18.04

RHEL 7
	Kernel: 4.18.0-240.10.1.el8_3.x86_64
	Compiler: gcc 4.8.5 20150623 (Red Hat 4.8.5-44)

Ubuntu 20.04
	Kernel: 4.18.0-240.10.1.el8_3.x86_64
	Compiler: gcc 9.3.0-17ubuntu1~20.04

Fedora 32
	Kernel: 4.18.0-240.10.1.el8_3.x86_64
	Compiler: gcc 10.2.1

CentOS 8
	Kernel: 4.18.0-240.10.1.el8_3.x86_64
	Compiler: gcc 8.3.1 20191121 (Red Hat 8.3.1-5)

CentOS Stream 8
	Kernel: 4.18.0-240.10.1.el8_3.x86_64
	Compiler: gcc 8.4.1 20200928

Fedora 31
	Kernel: 4.18.0-240.10.1.el8_3.x86_64
	Compiler: gcc 9.3.1

FreeBSD 13
	Kernel: 13.0
	Compiler: clang 11.0.1

RHEL8
	Kernel: 4.18.0-240.10.1.el8_3.x86_64
	Compiler: gcc 8.3.1 20191121 (Red Hat 8.3.1-5)

Fedora 34
	Kernel: 5.4.0-72-generic
	Compiler: gcc 11.1.1 20210428 (Red Hat 11.1.1-1)

Fedora 33
	Kernel: 5.4.0-72-generic
	Compiler: gcc 10.3.1 20210422 (Red Hat 10.3.1-1)

Arch Linux
	Kernel: 5.4.0-73-generic
	Compiler: gcc 11.1.0

Alpine
	Kernel: 5.4.0-73-generic
	Compiler: gcc (Alpine 10.3.1_git20210424) 10.3.1 20210424

Fedora 34 clang
	Kernel: 5.4.0-72-generic
	Compiler: clang 12.0.0 (Fedora 12.0.0-0.3.rc1.fc34)

To view detailed results, visit:
https://lab.dpdk.org/results/dashboard/patchsets/20377/

UNH-IOL DPDK Community Lab

To manage your email subscriptions, visit: 
https://lab.dpdk.org/results/dashboard/preferences/subscriptions/

^ permalink raw reply	[flat|nested] 2+ messages in thread

end of thread, other threads:[~2021-11-25 13:36 UTC | newest]

Thread overview: 2+ messages (download: mbox.gz / follow: Atom feed)
-- links below jump to the message on this page --
2021-11-25 13:27 |FAILURE| pw104700 [PATCH] net/tap: Bug fix to populate fds in secondary process dpdklab
2021-11-25 13:36 dpdklab

automatic DPDK test reports

This inbox may be cloned and mirrored by anyone:

	git clone --mirror http://inbox.dpdk.org/test-report/0 test-report/git/0.git

	# If you have public-inbox 1.1+ installed, you may
	# initialize and index your mirror using the following commands:
	public-inbox-init -V2 test-report test-report/ http://inbox.dpdk.org/test-report \
		test-report@dpdk.org
	public-inbox-index test-report

Example config snippet for mirrors.
Newsgroup available over NNTP:
	nntp://inbox.dpdk.org/inbox.dpdk.test-report


AGPL code for this site: git clone https://public-inbox.org/public-inbox.git