* |WARNING| pw105736-105739 [PATCH] [v2, 4/4] test_dmadev: increase iterations of capacity test case
@ 2022-01-12 3:57 dpdklab
0 siblings, 0 replies; only message in thread
From: dpdklab @ 2022-01-12 3:57 UTC (permalink / raw)
To: Test Report; +Cc: dpdklab, Bruce Richardson
[-- Attachment #1: Type: text/plain, Size: 4260 bytes --]
Test-Label: iol-abi-testing
Test-Status: WARNING
http://dpdk.org/patch/105739
_Testing issues_
Submitter: Bruce Richardson <bruce.richardson@intel.com>
Date: Tuesday, January 11 2022 13:41:05
DPDK git baseline: Repo:dpdk
Branch: master
CommitID:3f993907ee9d530bc595d973a5f764674fcaf509
105736-105739 --> testing fail
Test environment and result as below:
+-----------------------------+----------+
| Environment | abi_test |
+=============================+==========+
| FreeBSD 13 | PASS |
+-----------------------------+----------+
| Ubuntu 20.04 ARM GCC Native | PASS |
+-----------------------------+----------+
| Ubuntu 20.04 | FAIL |
+-----------------------------+----------+
| Ubuntu 18.04 | PASS |
+-----------------------------+----------+
| RHEL 7 | PASS |
+-----------------------------+----------+
| Arch Linux | PASS |
+-----------------------------+----------+
| CentOS Stream 8 | PASS |
+-----------------------------+----------+
| Fedora 32 | PASS |
+-----------------------------+----------+
| CentOS 8 | PASS |
+-----------------------------+----------+
| RHEL8 | PASS |
+-----------------------------+----------+
| Fedora 31 | PASS |
+-----------------------------+----------+
| openSUSE Leap 15 | PASS |
+-----------------------------+----------+
| Fedora 34 clang | PASS |
+-----------------------------+----------+
| Fedora 34 | PASS |
+-----------------------------+----------+
| Fedora 33 | PASS |
+-----------------------------+----------+
==== 20 line log output for Ubuntu 20.04 (abi_test): ====
[3007/3073] Linking target app/dpdk-test-pipeline.
[3008/3073] Linking target examples/dpdk-cmdline.
[3009/3073] Linking target examples/dpdk-distributor.
[3010/3073] Linking target app/dpdk-test-acl.
[3011/3073] Linking target app/dpdk-pdump.
[3012/3073] Linking target app/dpdk-dumpcap.
[3013/3073] Linking target app/dpdk-test-eventdev.
[3014/3073] Linking target app/dpdk-proc-info.
[3015/3073] Linking target app/dpdk-test-crypto-perf.
[3016/3073] Linking target app/dpdk-test-gpudev.
[3017/3073] Linking target app/dpdk-test-sad.
[3018/3073] Linking target app/dpdk-test-bbdev.
[3019/3073] Linking target app/dpdk-test-fib.
[3020/3073] Linking target app/dpdk-test-flow-perf.
[3021/3073] Linking target app/dpdk-test-compress-perf.
ninja: build stopped: subcommand failed.
==== Creating reference DPDK ABI
Error: install directory 'build_install' does not exist.
==== Checking ABI
Error: directory to check 'build_install' does not exist.
==== End log output ====
FreeBSD 13
Kernel: 13.0
Compiler: clang 11.0.1
Ubuntu 20.04 ARM GCC Native
Kernel: 5.4.0-53-generic
Compiler: gcc 9.3
Ubuntu 20.04
Kernel: 4.18.0-240.10.1.el8_3.x86_64
Compiler: gcc 9.3.0-17ubuntu1~20.04
Ubuntu 18.04
Kernel: 4.18.0-240.10.1.el8_3.x86_64
Compiler: gcc 7.5.0-3ubuntu1~18.04
RHEL 7
Kernel: 4.18.0-240.10.1.el8_3.x86_64
Compiler: gcc 4.8.5 20150623 (Red Hat 4.8.5-44)
Arch Linux
Kernel: 5.4.0-73-generic
Compiler: gcc 11.1.0
CentOS Stream 8
Kernel: 4.18.0-240.10.1.el8_3.x86_64
Compiler: gcc 8.4.1 20200928
Fedora 32
Kernel: 4.18.0-240.10.1.el8_3.x86_64
Compiler: gcc 10.2.1
CentOS 8
Kernel: 4.18.0-240.10.1.el8_3.x86_64
Compiler: gcc 8.3.1 20191121 (Red Hat 8.3.1-5)
RHEL8
Kernel: 4.18.0-240.10.1.el8_3.x86_64
Compiler: gcc 8.3.1 20191121 (Red Hat 8.3.1-5)
Fedora 31
Kernel: 4.18.0-240.10.1.el8_3.x86_64
Compiler: gcc 9.3.1
openSUSE Leap 15
Kernel: 4.18.0-240.10.1.el8_3.x86_64
Compiler: gcc 7.5.0
Fedora 34 clang
Kernel: 5.4.0-72-generic
Compiler: clang 12.0.0 (Fedora 12.0.0-0.3.rc1.fc34)
Fedora 34
Kernel: 5.4.0-72-generic
Compiler: gcc 11.1.1 20210428 (Red Hat 11.1.1-1)
Fedora 33
Kernel: 5.4.0-72-generic
Compiler: gcc 10.3.1 20210422 (Red Hat 10.3.1-1)
To view detailed results, visit:
https://lab.dpdk.org/results/dashboard/patchsets/20639/
UNH-IOL DPDK Community Lab
To manage your email subscriptions, visit:
https://lab.dpdk.org/results/dashboard/preferences/subscriptions/
^ permalink raw reply [flat|nested] only message in thread
only message in thread, other threads:[~2022-01-12 3:57 UTC | newest]
Thread overview: (only message) (download: mbox.gz / follow: Atom feed)
-- links below jump to the message on this page --
2022-01-12 3:57 |WARNING| pw105736-105739 [PATCH] [v2, 4/4] test_dmadev: increase iterations of capacity test case dpdklab
This is a public inbox, see mirroring instructions
for how to clone and mirror all data and code used for this inbox;
as well as URLs for NNTP newsgroup(s).