* |WARNING| pw105747 [PATCH] [1/1] fix spelling in code
@ 2022-01-12 10:32 dpdklab
0 siblings, 0 replies; 2+ messages in thread
From: dpdklab @ 2022-01-12 10:32 UTC (permalink / raw)
To: Test Report; +Cc: dpdk-test-reports, Josh Soref
[-- Attachment #1: Type: text/plain, Size: 5126 bytes --]
Test-Label: iol-abi-testing
Test-Status: WARNING
http://dpdk.org/patch/105747
_Testing issues_
Submitter: Josh Soref <jsoref@gmail.com>
Date: Wednesday, January 12 2022 07:28:08
DPDK git baseline: Repo:dpdk
Branch: master
CommitID:3f993907ee9d530bc595d973a5f764674fcaf509
105747 --> testing fail
Test environment and result as below:
+-----------------------------+----------+
| Environment | abi_test |
+=============================+==========+
| FreeBSD 13 | PASS |
+-----------------------------+----------+
| Ubuntu 20.04 ARM GCC Native | FAIL |
+-----------------------------+----------+
| CentOS 8 | FAIL |
+-----------------------------+----------+
| Ubuntu 20.04 | FAIL |
+-----------------------------+----------+
| Fedora 34 | FAIL |
+-----------------------------+----------+
| Fedora 33 | FAIL |
+-----------------------------+----------+
| Fedora 32 | FAIL |
+-----------------------------+----------+
| openSUSE Leap 15 | FAIL |
+-----------------------------+----------+
| Fedora 34 clang | FAIL |
+-----------------------------+----------+
| Arch Linux | FAIL |
+-----------------------------+----------+
| RHEL 7 | FAIL |
+-----------------------------+----------+
| RHEL8 | FAIL |
+-----------------------------+----------+
| CentOS Stream 8 | FAIL |
+-----------------------------+----------+
| Ubuntu 18.04 | PASS |
+-----------------------------+----------+
| Fedora 31 | PASS |
+-----------------------------+----------+
==== 20 line log output for CentOS Stream 8 (abi_test): ====
[2281/3060] Compiling C object 'drivers/a715181@@tmp_rte_compress_zlib@sta/compress_zlib_zlib_pmd.c.o'.
[2282/3060] Compiling C object 'drivers/a715181@@rte_crypto_virtio@sta/meson-generated_.._rte_crypto_virtio.pmd.c.o'.
[2283/3060] Compiling C object 'drivers/a715181@@tmp_rte_regex_mlx5@sta/regex_mlx5_mlx5_regex_devx.c.o'.
[2284/3060] Generating rte_compress_mlx5.pmd.c with a custom command.
[2285/3060] Compiling C object 'drivers/a715181@@rte_crypto_scheduler@sha/meson-generated_.._rte_crypto_scheduler.pmd.c.o'.
[2286/3060] Compiling C object 'drivers/a715181@@tmp_rte_regex_mlx5@sta/regex_mlx5_mlx5_regex_control.c.o'.
[2287/3060] Compiling C object 'drivers/a715181@@tmp_rte_compress_octeontx@sta/compress_octeontx_otx_zip_pmd.c.o'.
[2288/3060] Generating rte_crypto_openssl.pmd.c with a custom command.
[2289/3060] Compiling C object 'drivers/a715181@@tmp_rte_crypto_dpaa2_sec@sta/crypto_dpaa2_sec_dpaa2_sec_dpseci.c.o'.
[2290/3060] Compiling C object 'drivers/a715181@@tmp_rte_regex_octeontx2@sta/regex_octeontx2_otx2_regexdev_mbox.c.o'.
[2291/3060] Compiling C object 'drivers/a715181@@tmp_rte_regex_octeontx2@sta/regex_octeontx2_otx2_regexdev.c.o'.
[2292/3060] Compiling C object 'drivers/a715181@@tmp_rte_crypto_cnxk@sta/crypto_cnxk_cn9k_cryptodev_ops.c.o'.
[2293/3060] Compiling C object 'drivers/a715181@@tmp_rte_crypto_cnxk@sta/crypto_cnxk_cn10k_cryptodev_ops.c.o'.
[2294/3060] Compiling C object 'drivers/a715181@@tmp_rte_crypto_octeontx2@sta/crypto_octeontx2_otx2_cryptodev_ops.c.o'.
[2295/3060] Compiling C object 'drivers/a715181@@tmp_rte_crypto_octeontx@sta/crypto_octeontx_otx_cryptodev_ops.c.o'.
ninja: build stopped: subcommand failed.
==== Creating reference DPDK ABI
Error: install directory 'build_install' does not exist.
==== Checking ABI
Error: directory to check 'build_install' does not exist.
==== End log output ====
FreeBSD 13
Kernel: 13.0
Compiler: clang 11.0.1
Ubuntu 20.04 ARM GCC Native
Kernel: 5.4.0-53-generic
Compiler: gcc 9.3
CentOS 8
Kernel: 4.18.0-240.10.1.el8_3.x86_64
Compiler: gcc 8.3.1 20191121 (Red Hat 8.3.1-5)
Ubuntu 20.04
Kernel: 4.18.0-240.10.1.el8_3.x86_64
Compiler: gcc 9.3.0-17ubuntu1~20.04
Fedora 34
Kernel: 5.4.0-72-generic
Compiler: gcc 11.1.1 20210428 (Red Hat 11.1.1-1)
Fedora 33
Kernel: 5.4.0-72-generic
Compiler: gcc 10.3.1 20210422 (Red Hat 10.3.1-1)
Fedora 32
Kernel: 4.18.0-240.10.1.el8_3.x86_64
Compiler: gcc 10.2.1
openSUSE Leap 15
Kernel: 4.18.0-240.10.1.el8_3.x86_64
Compiler: gcc 7.5.0
Fedora 34 clang
Kernel: 5.4.0-72-generic
Compiler: clang 12.0.0 (Fedora 12.0.0-0.3.rc1.fc34)
Arch Linux
Kernel: 5.4.0-73-generic
Compiler: gcc 11.1.0
RHEL 7
Kernel: 4.18.0-240.10.1.el8_3.x86_64
Compiler: gcc 4.8.5 20150623 (Red Hat 4.8.5-44)
RHEL8
Kernel: 4.18.0-240.10.1.el8_3.x86_64
Compiler: gcc 8.3.1 20191121 (Red Hat 8.3.1-5)
CentOS Stream 8
Kernel: 4.18.0-240.10.1.el8_3.x86_64
Compiler: gcc 8.4.1 20200928
Ubuntu 18.04
Kernel: 4.18.0-240.10.1.el8_3.x86_64
Compiler: gcc 7.5.0-3ubuntu1~18.04
Fedora 31
Kernel: 4.18.0-240.10.1.el8_3.x86_64
Compiler: gcc 9.3.1
To view detailed results, visit:
https://lab.dpdk.org/results/dashboard/patchsets/20643/
UNH-IOL DPDK Community Lab
To manage your email subscriptions, visit:
https://lab.dpdk.org/results/dashboard/preferences/subscriptions/
^ permalink raw reply [flat|nested] 2+ messages in thread
[parent not found: <20220112072808.59713-2-jsoref@gmail.com>]
* |WARNING| pw105747 [PATCH 1/1] fix spelling in code
[not found] <20220112072808.59713-2-jsoref@gmail.com>
@ 2022-01-12 7:29 ` checkpatch
0 siblings, 0 replies; 2+ messages in thread
From: checkpatch @ 2022-01-12 7:29 UTC (permalink / raw)
To: test-report; +Cc: Josh Soref
Test-Label: checkpatch
Test-Status: WARNING
http://dpdk.org/patch/105747
_coding style issues_
WARNING:TYPO_SPELLING: 'slave' may be misspelled - perhaps 'secondary'?
#294: FILE: app/test/test_link_bonding.c:2029:
+test_roundrobin_verify_polling_slave_link_status_change(void)
WARNING:TYPO_SPELLING: 'slave' may be misspelled - perhaps 'secondary'?
#303: FILE: app/test/test_link_bonding.c:5121:
+ TEST_CASE(test_roundrobin_verify_polling_slave_link_status_change),
WARNING:TYPO_SPELLING: 'slave' may be misspelled - perhaps 'secondary'?
#339: FILE: app/test/test_link_bonding_mode4.c:261:
+ RTE_VERIFY(slave->lacp_partner_state == 0);
WARNING:TYPO_SPELLING: 'slave' may be misspelled - perhaps 'secondary'?
#348: FILE: app/test/test_link_bonding_mode4.c:291:
+ slave->lacp_partner_state = 0;
WARNING:TYPO_SPELLING: 'slave' may be misspelled - perhaps 'secondary'?
#364: FILE: app/test/test_link_bonding_mode4.c:510:
+ slave->lacp_partner_state = lacp->actor.state;
WARNING:TYPO_SPELLING: 'slave' may be misspelled - perhaps 'secondary'?
#381: FILE: app/test/test_link_bonding_mode4.c:583:
+ return slave->lacp_partner_state == expected_state;
WARNING:TYPO_SPELLING: 'slave' may be misspelled - perhaps 'secondary'?
#390: FILE: app/test/test_link_bonding_mode4.c:1137:
+ "slave %u unexpectedly transmitted %u packets",
WARNING:TYPO_SPELLING: 'slave' may be misspelled - perhaps 'secondary'?
#408: FILE: app/test/test_link_bonding_mode4.c:1356:
+ TEST_ASSERT(slave->lacp_partner_state & STATE_EXPIRED,
WARNING:TYPO_SPELLING: 'TIM' may be misspelled - perhaps 'TIME'?
#576: FILE: drivers/common/cnxk/roc_mbox.h:1742:
+ TIM_AF_ENA_DONTFREE_NSET_PERIODIC = -816,
WARNING:TYPO_SPELLING: 'TIM' may be misspelled - perhaps 'TIME'?
#589: FILE: drivers/common/cnxk/roc_tim.c:76:
+ case TIM_AF_ENA_DONTFREE_NSET_PERIODIC:
WARNING:TYPO_SPELLING: 'TIM' may be misspelled - perhaps 'TIME'?
#782: FILE: drivers/common/octeontx2/otx2_mbox.h:1628:
+ TIM_AF_ENA_DONTFREE_NSET_PERIODIC = -816,
ERROR:CODE_INDENT: code indent should use tabs where possible
#795: FILE: drivers/common/sfc_efx/base/ef10_signed_image_layout.h:38:
+ * including the certificates and signature */$
WARNING:BLOCK_COMMENT_STYLE: Block comments use a trailing */ on a separate line
#795: FILE: drivers/common/sfc_efx/base/ef10_signed_image_layout.h:38:
+ * including the certificates and signature */
WARNING:TYPO_SPELLING: 'Acknowledgement' may be misspelled - perhaps 'Acknowledgment'?
#834: FILE: drivers/common/sfc_efx/base/efx_types.h:6:
+ * Acknowledgement to Fen Systems Ltd.
WARNING:TYPO_SPELLING: 'FLE' may be misspelled - perhaps 'FILE'?
#1047: FILE: drivers/crypto/dpaa2_sec/dpaa2_sec_dpseci.c:451:
+ * So while retrieving we can go back 1 FLE from the FD -ADDR
WARNING:TYPO_SPELLING: 'FLE' may be misspelled - perhaps 'FILE'?
#1074: FILE: drivers/crypto/dpaa2_sec/dpaa2_sec_dpseci.c:743:
+ * So while retrieving we can go back 1 FLE from the FD -ADDR
WARNING:TYPO_SPELLING: 'FLE' may be misspelled - perhaps 'FILE'?
#1083: FILE: drivers/crypto/dpaa2_sec/dpaa2_sec_dpseci.c:1012:
+ * So while retrieving we can go back 1 FLE from the FD -ADDR
WARNING:TYPO_SPELLING: 'FLE' may be misspelled - perhaps 'FILE'?
#1092: FILE: drivers/crypto/dpaa2_sec/dpaa2_sec_dpseci.c:1265:
+ * So while retrieving we can go back 1 FLE from the FD -ADDR
WARNING:TYPO_SPELLING: 'FLE' may be misspelled - perhaps 'FILE'?
#1127: FILE: drivers/crypto/dpaa2_sec/dpaa2_sec_dpseci.c:1571:
+ * So while retrieving we can go back 1 FLE from the FD -ADDR
WARNING:TYPO_SPELLING: 'TIM' may be misspelled - perhaps 'TIME'?
#1269: FILE: drivers/event/octeontx2/otx2_tim_evdev.c:148:
+ otx2_err("Unable to allocate new TIM ring.");
WARNING:TYPO_SPELLING: 'TIM' may be misspelled - perhaps 'TIME'?
#1278: FILE: drivers/event/octeontx2/otx2_tim_evdev.c:192:
+ case TIM_AF_ENA_DONTFREE_NSET_PERIODIC:
CHECK:SPACING: No space is necessary after a cast
#1356: FILE: drivers/net/bnx2x/bnx2x.c:4044:
+ (uint32_t) (attn & HW_INTERRUPT_ASSERT_SET_2));
CHECK:SPACING: No space is necessary after a cast
#1377: FILE: drivers/net/bnx2x/bnx2x.c:4074:
+ (uint32_t) (attn & HW_INTERRUPT_ASSERT_SET_1));
ERROR:COMPLEX_MACRO: Macros with complex values should be enclosed in parentheses
#1407: FILE: drivers/net/bnx2x/bnx2x.h:1712:
+#define HW_INTERRUPT_ASSERT_SET_0 \
(AEU_INPUTS_ATTN_BITS_TSDM_HW_INTERRUPT | \
AEU_INPUTS_ATTN_BITS_TCM_HW_INTERRUPT | \
AEU_INPUTS_ATTN_BITS_TSEMI_HW_INTERRUPT | \
ERROR:COMPLEX_MACRO: Macros with complex values should be enclosed in parentheses
#1416: FILE: drivers/net/bnx2x/bnx2x.h:1725:
+#define HW_INTERRUPT_ASSERT_SET_1 \
(AEU_INPUTS_ATTN_BITS_QM_HW_INTERRUPT | \
AEU_INPUTS_ATTN_BITS_TIMERS_HW_INTERRUPT | \
AEU_INPUTS_ATTN_BITS_XSDM_HW_INTERRUPT | \
ERROR:COMPLEX_MACRO: Macros with complex values should be enclosed in parentheses
#1425: FILE: drivers/net/bnx2x/bnx2x.h:1753:
+#define HW_INTERRUPT_ASSERT_SET_2 \
(AEU_INPUTS_ATTN_BITS_CSEMI_HW_INTERRUPT | \
AEU_INPUTS_ATTN_BITS_CDU_HW_INTERRUPT | \
AEU_INPUTS_ATTN_BITS_DMAE_HW_INTERRUPT | \
WARNING:LEADING_SPACE: please, no spaces at the start of a line
#1456: FILE: drivers/net/bnx2x/bnx2x_stats.c:649:
+ ADD_STAT64(stats_rx.rx_grxpf, rx_stat_xoffsetateentered);$
WARNING:LEADING_SPACE: please, no spaces at the start of a line
#1465: FILE: drivers/net/bnx2x/bnx2x_stats.c:732:
+ UPDATE_EXTEND_STAT(rx_stat_xoffsetateentered);$
WARNING:LEADING_SPACE: please, no spaces at the start of a line
#1479: FILE: drivers/net/bnx2x/bnx2x_stats.h:108:
+ uint32_t rx_stat_xoffsetateentered_hi;$
WARNING:LEADING_SPACE: please, no spaces at the start of a line
#1480: FILE: drivers/net/bnx2x/bnx2x_stats.h:109:
+ uint32_t rx_stat_xoffsetateentered_lo;$
WARNING:LONG_LINE_COMMENT: line length of 135 exceeds 100 columns
#1557: FILE: drivers/net/bnx2x/ecore_hsi.h:2757:
+ #define PF_ALLOCATION_MSIX_VECTORS_MASK 0x000000ff /* real value, as PCI config space can show only maximum of 64 vectors */
CHECK:OPEN_ENDED_LINE: Lines should not end with a '('
#2037: FILE: drivers/net/dpaa2/dpaa2_flow.c:1344:
+dpaa2_configure_flow_ip_discrimination(
WARNING:TYPO_SPELLING: 'consective' may be misspelled - perhaps 'consecutive'?
#2175: FILE: drivers/net/enic/base/vnic_devcmd.h:594:
+ * Set cq array base and size in a list of consective wqs and
WARNING:TYPO_SPELLING: 'wqs' may be misspelled - perhaps 'was'?
#2175: FILE: drivers/net/enic/base/vnic_devcmd.h:594:
+ * Set cq array base and size in a list of consective wqs and
CHECK:MACRO_ARG_PRECEDENCE: Macro argument 'dev' may be better as '(dev)' to avoid precedence issues
#3269: FILE: drivers/net/ixgbe/ixgbe_bypass_defines.h:109:
+#define IXGBE_DEV_TO_ADAPTER(dev) \
((struct ixgbe_adapter *)(dev->data->dev_private))
WARNING:TYPO_SPELLING: 'incase' may be misspelled - perhaps 'in case'?
#3974: FILE: drivers/net/qede/base/ecore_sriov.c:1037:
+ * cleanness and ease of debugging incase a VF attempts to
total: 4 errors, 28 warnings, 3724 lines checked
^ permalink raw reply [flat|nested] 2+ messages in thread
end of thread, other threads:[~2022-01-12 10:32 UTC | newest]
Thread overview: 2+ messages (download: mbox.gz / follow: Atom feed)
-- links below jump to the message on this page --
2022-01-12 10:32 |WARNING| pw105747 [PATCH] [1/1] fix spelling in code dpdklab
[not found] <20220112072808.59713-2-jsoref@gmail.com>
2022-01-12 7:29 ` |WARNING| pw105747 [PATCH 1/1] " checkpatch
This is a public inbox, see mirroring instructions
for how to clone and mirror all data and code used for this inbox;
as well as URLs for NNTP newsgroup(s).