From: dpdklab@iol.unh.edu
To: Test Report <test-report@dpdk.org>
Cc: dpdk-test-reports@iol.unh.edu
Subject: |FAILURE| [GIT MASTER] bab4318634e0d2276e8bae5ea18789cfda813c70
Date: Wed, 12 Jan 2022 19:32:07 +0000 (UTC) [thread overview]
Message-ID: <20220112193207.C3A0B602B7@dpdk-ubuntu.dpdklab.iol.unh.edu> (raw)
[-- Attachment #1: Type: text/plain, Size: 6017 bytes --]
_Testing issues_
Branch: tags/v20.11
bab4318634e0d2276e8bae5ea18789cfda813c70 --> testing fail
Test environment and result as below:
+---------------------+--------------------+----------------------+
| Environment | dpdk_meson_compile | dpdk_mingw64_compile |
+=====================+====================+======================+
| Windows Server 2019 | FAIL | FAIL |
+---------------------+--------------------+----------------------+
| FreeBSD 13 | PASS | SKIPPED |
+---------------------+--------------------+----------------------+
| RHEL 7 | PASS | SKIPPED |
+---------------------+--------------------+----------------------+
| Ubuntu 18.04 | PASS | SKIPPED |
+---------------------+--------------------+----------------------+
| openSUSE Leap 15 | PASS | SKIPPED |
+---------------------+--------------------+----------------------+
| Fedora 32 | PASS | SKIPPED |
+---------------------+--------------------+----------------------+
| Fedora 31 | PASS | SKIPPED |
+---------------------+--------------------+----------------------+
| CentOS Stream 8 | PASS | SKIPPED |
+---------------------+--------------------+----------------------+
| Ubuntu 20.04 | PASS | SKIPPED |
+---------------------+--------------------+----------------------+
| Fedora 34 | PASS | SKIPPED |
+---------------------+--------------------+----------------------+
| Fedora 33 | PASS | SKIPPED |
+---------------------+--------------------+----------------------+
| Alpine | FAIL | SKIPPED |
+---------------------+--------------------+----------------------+
| RHEL8 | PASS | SKIPPED |
+---------------------+--------------------+----------------------+
| Fedora 34 clang | PASS | SKIPPED |
+---------------------+--------------------+----------------------+
| CentOS 8 | PASS | SKIPPED |
+---------------------+--------------------+----------------------+
| Arch Linux | PASS | SKIPPED |
+---------------------+--------------------+----------------------+
==== 20 line log output for Alpine (dpdk_meson_compile): ====
|
cc1: all warnings being treated as errors
[273/2472] Compiling C object 'drivers/a715181@@tmp_rte_event_octeontx@sta/event_octeontx_ssovf_worker.c.o'.
[274/2472] Generating rte_event_octeontx2_mingw with a custom command.
[275/2472] Compiling C object 'drivers/a715181@@tmp_rte_event_dpaa2@sta/event_dpaa2_dpaa2_eventdev_selftest.c.o'.
[276/2472] Compiling C object 'drivers/a715181@@tmp_rte_event_octeontx2@sta/event_octeontx2_otx2_evdev_irq.c.o'.
[277/2472] Compiling C object 'drivers/a715181@@tmp_rte_event_dpaa2@sta/event_dpaa2_dpaa2_eventdev.c.o'.
[278/2472] Compiling C object 'drivers/a715181@@tmp_rte_event_octeontx2@sta/event_octeontx2_otx2_evdev_adptr.c.o'.
[279/2472] Compiling C object 'drivers/a715181@@tmp_rte_event_octeontx2@sta/event_octeontx2_otx2_evdev_crypto_adptr.c.o'.
[280/2472] Compiling C object 'app/a172ced@@dpdk-test-bbdev@exe/test-bbdev_test_bbdev_perf.c.o'.
[281/2472] Compiling C object 'drivers/a715181@@tmp_rte_event_dsw@sta/event_dsw_dsw_event.c.o'.
[282/2472] Compiling C object 'drivers/a715181@@tmp_rte_event_octeontx2@sta/event_octeontx2_otx2_tim_evdev.c.o'.
[283/2472] Compiling C object 'drivers/a715181@@tmp_rte_event_octeontx2@sta/event_octeontx2_otx2_tim_worker.c.o'.
[284/2472] Compiling C object 'app/test/3062f5d@@dpdk-test@exe/test_ring_perf.c.o'.
[285/2472] Compiling C object 'drivers/a715181@@tmp_rte_event_octeontx2@sta/event_octeontx2_otx2_evdev_selftest.c.o'.
[286/2472] Compiling C object 'drivers/a715181@@tmp_rte_event_octeontx2@sta/event_octeontx2_otx2_evdev.c.o'.
[287/2472] Compiling C object 'app/test/3062f5d@@dpdk-test@exe/test_ring.c.o'.
[288/2472] Compiling C object 'drivers/a715181@@tmp_rte_event_octeontx2@sta/event_octeontx2_otx2_worker.c.o'.
[289/2472] Compiling C object 'drivers/a715181@@tmp_rte_event_octeontx2@sta/event_octeontx2_otx2_worker_dual.c.o'.
ninja: build stopped: subcommand failed.
==== End log output ====
Windows Server 2019
Kernel: 10.0
Compiler: clang 9.0 and gcc 8.1.0 (MinGW)
FreeBSD 13
Kernel: 13.0
Compiler: clang 11.0.1
RHEL 7
Kernel: 4.18.0-240.10.1.el8_3.x86_64
Compiler: gcc 4.8.5 20150623 (Red Hat 4.8.5-44)
Ubuntu 18.04
Kernel: 4.18.0-240.10.1.el8_3.x86_64
Compiler: gcc 7.5.0-3ubuntu1~18.04
openSUSE Leap 15
Kernel: 4.18.0-240.10.1.el8_3.x86_64
Compiler: gcc 7.5.0
Fedora 32
Kernel: 4.18.0-240.10.1.el8_3.x86_64
Compiler: gcc 10.2.1
Fedora 31
Kernel: 4.18.0-240.10.1.el8_3.x86_64
Compiler: gcc 9.3.1
CentOS Stream 8
Kernel: 4.18.0-240.10.1.el8_3.x86_64
Compiler: gcc 8.4.1 20200928
Ubuntu 20.04
Kernel: 4.18.0-240.10.1.el8_3.x86_64
Compiler: gcc 9.3.0-17ubuntu1~20.04
Fedora 34
Kernel: 5.4.0-72-generic
Compiler: gcc 11.1.1 20210428 (Red Hat 11.1.1-1)
Fedora 33
Kernel: 5.4.0-72-generic
Compiler: gcc 10.3.1 20210422 (Red Hat 10.3.1-1)
Alpine
Kernel: 5.4.0-73-generic
Compiler: gcc (Alpine 10.3.1_git20210424) 10.3.1 20210424
RHEL8
Kernel: 4.18.0-240.10.1.el8_3.x86_64
Compiler: gcc 8.3.1 20191121 (Red Hat 8.3.1-5)
Fedora 34 clang
Kernel: 5.4.0-72-generic
Compiler: clang 12.0.0 (Fedora 12.0.0-0.3.rc1.fc34)
CentOS 8
Kernel: 4.18.0-240.10.1.el8_3.x86_64
Compiler: gcc 8.3.1 20191121 (Red Hat 8.3.1-5)
Arch Linux
Kernel: 5.4.0-73-generic
Compiler: gcc 11.1.0
To view detailed results, visit:
https://lab.dpdk.org/results/dashboard/tarballs/18251/
UNH-IOL DPDK Community Lab
To manage your email subscriptions, visit:
https://lab.dpdk.org/results/dashboard/preferences/subscriptions/
next reply other threads:[~2022-01-12 19:32 UTC|newest]
Thread overview: 11+ messages / expand[flat|nested] mbox.gz Atom feed top
2022-01-12 19:32 dpdklab [this message]
-- strict thread matches above, loose matches on Subject: below --
2022-01-17 6:22 dpdklab
2022-01-16 6:27 dpdklab
2022-01-15 6:19 dpdklab
2022-01-14 6:24 dpdklab
2022-01-13 6:31 dpdklab
2022-01-12 19:06 dpdklab
2022-01-12 19:02 dpdklab
2022-01-12 19:00 dpdklab
2022-01-12 18:57 dpdklab
2022-01-12 18:57 dpdklab
Reply instructions:
You may reply publicly to this message via plain-text email
using any one of the following methods:
* Save the following mbox file, import it into your mail client,
and reply-to-all from there: mbox
Avoid top-posting and favor interleaved quoting:
https://en.wikipedia.org/wiki/Posting_style#Interleaved_style
* Reply using the --to, --cc, and --in-reply-to
switches of git-send-email(1):
git send-email \
--in-reply-to=20220112193207.C3A0B602B7@dpdk-ubuntu.dpdklab.iol.unh.edu \
--to=dpdklab@iol.unh.edu \
--cc=dpdk-test-reports@iol.unh.edu \
--cc=test-report@dpdk.org \
/path/to/YOUR_REPLY
https://kernel.org/pub/software/scm/git/docs/git-send-email.html
* If your mail client supports setting the In-Reply-To header
via mailto: links, try the mailto: link
Be sure your reply has a Subject: header at the top and a blank line
before the message body.
This is a public inbox, see mirroring instructions
for how to clone and mirror all data and code used for this inbox;
as well as URLs for NNTP newsgroup(s).