* |WARNING| pw105754 [PATCH] [V2] examples/pipeline: print table entries to file
@ 2022-01-12 22:25 dpdklab
0 siblings, 0 replies; only message in thread
From: dpdklab @ 2022-01-12 22:25 UTC (permalink / raw)
To: Test Report; +Cc: dpdklab, Cristian Dumitrescu
[-- Attachment #1: Type: text/plain, Size: 4328 bytes --]
Test-Label: iol-abi-testing
Test-Status: WARNING
http://dpdk.org/patch/105754
_Testing issues_
Submitter: Cristian Dumitrescu <cristian.dumitrescu@intel.com>
Date: Wednesday, January 12 2022 18:59:10
DPDK git baseline: Repo:dpdk
Branch: master
CommitID:3f993907ee9d530bc595d973a5f764674fcaf509
105754 --> testing fail
Test environment and result as below:
+-----------------------------+----------+
| Environment | abi_test |
+=============================+==========+
| FreeBSD 13 | PASS |
+-----------------------------+----------+
| openSUSE Leap 15 | PASS |
+-----------------------------+----------+
| Ubuntu 20.04 ARM GCC Native | PASS |
+-----------------------------+----------+
| Ubuntu 18.04 | PASS |
+-----------------------------+----------+
| CentOS 8 | PASS |
+-----------------------------+----------+
| Arch Linux | PASS |
+-----------------------------+----------+
| CentOS Stream 8 | PASS |
+-----------------------------+----------+
| Fedora 34 | PASS |
+-----------------------------+----------+
| Fedora 33 | PASS |
+-----------------------------+----------+
| Fedora 34 clang | PASS |
+-----------------------------+----------+
| RHEL 7 | PASS |
+-----------------------------+----------+
| Ubuntu 20.04 | FAIL |
+-----------------------------+----------+
| Fedora 32 | PASS |
+-----------------------------+----------+
| Fedora 31 | PASS |
+-----------------------------+----------+
| RHEL8 | PASS |
+-----------------------------+----------+
==== 20 line log output for Ubuntu 20.04 (abi_test): ====
[3025/3073] Linking target examples/dpdk-ip_fragmentation.
[3026/3073] Linking target examples/dpdk-l2fwd-crypto.
[3027/3073] Linking target examples/dpdk-flow_filtering.
[3028/3073] Linking target examples/dpdk-vmdq.
[3029/3073] Linking target examples/dpdk-l3fwd-graph.
[3030/3073] Linking target examples/dpdk-eventdev_pipeline.
[3031/3073] Linking target examples/dpdk-fips_validation.
[3032/3073] Linking target examples/dpdk-flow_classify.
[3033/3073] Linking target examples/dpdk-bond.
[3034/3073] Linking target examples/dpdk-ethtool.
[3035/3073] Linking target examples/dpdk-helloworld.
[3036/3073] Linking target examples/dpdk-dma.
[3037/3073] Linking target examples/dpdk-ip_pipeline.
[3038/3073] Linking target examples/dpdk-ipv4_multicast.
[3039/3073] Linking target examples/dpdk-bbdev_app.
ninja: build stopped: subcommand failed.
==== Creating reference DPDK ABI
Error: install directory 'build_install' does not exist.
==== Checking ABI
Error: directory to check 'build_install' does not exist.
==== End log output ====
FreeBSD 13
Kernel: 13.0
Compiler: clang 11.0.1
openSUSE Leap 15
Kernel: 4.18.0-240.10.1.el8_3.x86_64
Compiler: gcc 7.5.0
Ubuntu 20.04 ARM GCC Native
Kernel: 5.4.0-53-generic
Compiler: gcc 9.3
Ubuntu 18.04
Kernel: 4.18.0-240.10.1.el8_3.x86_64
Compiler: gcc 7.5.0-3ubuntu1~18.04
CentOS 8
Kernel: 4.18.0-240.10.1.el8_3.x86_64
Compiler: gcc 8.3.1 20191121 (Red Hat 8.3.1-5)
Arch Linux
Kernel: 5.4.0-73-generic
Compiler: gcc 11.1.0
CentOS Stream 8
Kernel: 4.18.0-240.10.1.el8_3.x86_64
Compiler: gcc 8.4.1 20200928
Fedora 34
Kernel: 5.4.0-72-generic
Compiler: gcc 11.1.1 20210428 (Red Hat 11.1.1-1)
Fedora 33
Kernel: 5.4.0-72-generic
Compiler: gcc 10.3.1 20210422 (Red Hat 10.3.1-1)
Fedora 34 clang
Kernel: 5.4.0-72-generic
Compiler: clang 12.0.0 (Fedora 12.0.0-0.3.rc1.fc34)
RHEL 7
Kernel: 4.18.0-240.10.1.el8_3.x86_64
Compiler: gcc 4.8.5 20150623 (Red Hat 4.8.5-44)
Ubuntu 20.04
Kernel: 4.18.0-240.10.1.el8_3.x86_64
Compiler: gcc 9.3.0-17ubuntu1~20.04
Fedora 32
Kernel: 4.18.0-240.10.1.el8_3.x86_64
Compiler: gcc 10.2.1
Fedora 31
Kernel: 4.18.0-240.10.1.el8_3.x86_64
Compiler: gcc 9.3.1
RHEL8
Kernel: 4.18.0-240.10.1.el8_3.x86_64
Compiler: gcc 8.3.1 20191121 (Red Hat 8.3.1-5)
To view detailed results, visit:
https://lab.dpdk.org/results/dashboard/patchsets/20649/
UNH-IOL DPDK Community Lab
To manage your email subscriptions, visit:
https://lab.dpdk.org/results/dashboard/preferences/subscriptions/
^ permalink raw reply [flat|nested] only message in thread
only message in thread, other threads:[~2022-01-12 22:25 UTC | newest]
Thread overview: (only message) (download: mbox.gz / follow: Atom feed)
-- links below jump to the message on this page --
2022-01-12 22:25 |WARNING| pw105754 [PATCH] [V2] examples/pipeline: print table entries to file dpdklab
This is a public inbox, see mirroring instructions
for how to clone and mirror all data and code used for this inbox;
as well as URLs for NNTP newsgroup(s).