automatic DPDK test reports
 help / color / mirror / Atom feed
From: dpdklab@iol.unh.edu
To: Test Report <test-report@dpdk.org>
Cc: dpdklab@iol.unh.edu, Sean Morrissey <sean.morrissey@intel.com>
Subject: |FAILURE| pw105817-105868 [PATCH] [v4, 53/53] acl: remove unneeded header includes
Date: Fri, 14 Jan 2022 18:17:19 +0000 (UTC)
Message-ID: <20220114181719.9E61C602B7@dpdk-ubuntu.dpdklab.iol.unh.edu> (raw)

[-- Attachment #1: Type: text/plain, Size: 3811 bytes --]

Test-Label: iol-x86_64-unit-testing
Test-Status: FAILURE
http://dpdk.org/patch/105868

_Testing issues_

Submitter: Sean Morrissey <sean.morrissey@intel.com>
Date: Friday, January 14 2022 16:24:09 
DPDK git baseline: Repo:dpdk
  Branch: master
  CommitID:6f716880ee53ac1e50c9c75dc749886e3257bb8f

105817-105868 --> testing fail

Test environment and result as below:

+------------------+----------------+
|   Environment    | dpdk_unit_test |
+==================+================+
| CentOS Stream 8  | PASS           |
+------------------+----------------+
| Arch Linux       | PASS           |
+------------------+----------------+
| Fedora 32        | PASS           |
+------------------+----------------+
| Fedora 33        | PASS           |
+------------------+----------------+
| Fedora 34        | PASS           |
+------------------+----------------+
| Fedora 31        | PASS           |
+------------------+----------------+
| CentOS 8         | PASS           |
+------------------+----------------+
| Ubuntu 20.04     | PASS           |
+------------------+----------------+
| Ubuntu 18.04     | PASS           |
+------------------+----------------+
| Fedora 34 clang  | PASS           |
+------------------+----------------+
| RHEL 7           | FAIL           |
+------------------+----------------+
| openSUSE Leap 15 | PASS           |
+------------------+----------------+
| RHEL8            | PASS           |
+------------------+----------------+

==== 20 line log output for RHEL 7 (dpdk_unit_test): ====
struct sockaddr ifru_addr;
^
/usr/include/linux/if.h:212:19: error: field 'ifru_dstaddr' has incomplete type
struct sockaddr ifru_dstaddr;
^
/usr/include/linux/if.h:213:19: error: field 'ifru_broadaddr' has incomplete type
struct sockaddr ifru_broadaddr;
^
/usr/include/linux/if.h:214:19: error: field 'ifru_netmask' has incomplete type
struct sockaddr ifru_netmask;
^
/usr/include/linux/if.h:215:20: error: field 'ifru_hwaddr' has incomplete type
struct  sockaddr ifru_hwaddr;
^
[418/2776] Compiling C object 'lib/76b5a35@@rte_vhost@sta/vhost_socket.c.o'.
[419/2776] Generating symbol file 'lib/76b5a35@@rte_reorder@sha/librte_reorder.so.22.1.symbols'.
[420/2776] Compiling C object 'lib/76b5a35@@rte_sched@sta/sched_rte_sched.c.o'.
[421/2776] Compiling C object 'lib/76b5a35@@rte_ipsec@sta/ipsec_esp_inb.c.o'.
[422/2776] Compiling C object 'lib/76b5a35@@rte_vhost@sta/vhost_virtio_net.c.o'.
ninja: build stopped: subcommand failed.
==== End log output ====

CentOS Stream 8
	Kernel: 4.18.0-240.10.1.el8_3.x86_64
	Compiler: gcc 8.4.1 20200928

Arch Linux
	Kernel: 5.4.0-73-generic
	Compiler: gcc 11.1.0

Fedora 32
	Kernel: 4.18.0-240.10.1.el8_3.x86_64
	Compiler: gcc 10.2.1

Fedora 33
	Kernel: 5.4.0-72-generic
	Compiler: gcc 10.3.1 20210422 (Red Hat 10.3.1-1)

Fedora 34
	Kernel: 5.4.0-72-generic
	Compiler: gcc 11.1.1 20210428 (Red Hat 11.1.1-1)

Fedora 31
	Kernel: 4.18.0-240.10.1.el8_3.x86_64
	Compiler: gcc 9.3.1

CentOS 8
	Kernel: 4.18.0-240.10.1.el8_3.x86_64
	Compiler: gcc 8.3.1 20191121 (Red Hat 8.3.1-5)

Ubuntu 20.04
	Kernel: 4.18.0-240.10.1.el8_3.x86_64
	Compiler: gcc 9.3.0-17ubuntu1~20.04

Ubuntu 18.04
	Kernel: 4.18.0-240.10.1.el8_3.x86_64
	Compiler: gcc 7.5.0-3ubuntu1~18.04

Fedora 34 clang
	Kernel: 5.4.0-72-generic
	Compiler: clang 12.0.0 (Fedora 12.0.0-0.3.rc1.fc34)

RHEL 7
	Kernel: 4.18.0-240.10.1.el8_3.x86_64
	Compiler: gcc 4.8.5 20150623 (Red Hat 4.8.5-44)

openSUSE Leap 15
	Kernel: 4.18.0-240.10.1.el8_3.x86_64
	Compiler: gcc 7.5.0

RHEL8
	Kernel: 4.18.0-240.10.1.el8_3.x86_64
	Compiler: gcc 8.3.1 20191121 (Red Hat 8.3.1-5)

To view detailed results, visit:
https://lab.dpdk.org/results/dashboard/patchsets/20669/

UNH-IOL DPDK Community Lab

To manage your email subscriptions, visit: 
https://lab.dpdk.org/results/dashboard/preferences/subscriptions/

             reply	other threads:[~2022-01-14 18:17 UTC|newest]

Thread overview: 2+ messages / expand[flat|nested]  mbox.gz  Atom feed  top
2022-01-14 18:17 dpdklab [this message]
2022-01-14 18:25 dpdklab

Reply instructions:

You may reply publicly to this message via plain-text email
using any one of the following methods:

* Save the following mbox file, import it into your mail client,
  and reply-to-all from there: mbox

  Avoid top-posting and favor interleaved quoting:
  https://en.wikipedia.org/wiki/Posting_style#Interleaved_style

* Reply using the --to, --cc, and --in-reply-to
  switches of git-send-email(1):

  git send-email \
    --in-reply-to=20220114181719.9E61C602B7@dpdk-ubuntu.dpdklab.iol.unh.edu \
    --to=dpdklab@iol.unh.edu \
    --cc=sean.morrissey@intel.com \
    --cc=test-report@dpdk.org \
    /path/to/YOUR_REPLY

  https://kernel.org/pub/software/scm/git/docs/git-send-email.html

* If your mail client supports setting the In-Reply-To header
  via mailto: links, try the mailto: link

automatic DPDK test reports

This inbox may be cloned and mirrored by anyone:

	git clone --mirror http://inbox.dpdk.org/test-report/0 test-report/git/0.git

	# If you have public-inbox 1.1+ installed, you may
	# initialize and index your mirror using the following commands:
	public-inbox-init -V2 test-report test-report/ http://inbox.dpdk.org/test-report \
		test-report@dpdk.org
	public-inbox-index test-report

Example config snippet for mirrors.
Newsgroup available over NNTP:
	nntp://inbox.dpdk.org/inbox.dpdk.test-report


AGPL code for this site: git clone https://public-inbox.org/public-inbox.git