automatic DPDK test reports
 help / color / mirror / Atom feed
* |FAILURE| pw105817-105868 [PATCH] [v4, 53/53] acl: remove unneeded header includes
@ 2022-01-14 18:17 dpdklab
  0 siblings, 0 replies; 2+ messages in thread
From: dpdklab @ 2022-01-14 18:17 UTC (permalink / raw)
  To: Test Report; +Cc: dpdklab, Sean Morrissey

[-- Attachment #1: Type: text/plain, Size: 3811 bytes --]

Test-Label: iol-x86_64-unit-testing
Test-Status: FAILURE
http://dpdk.org/patch/105868

_Testing issues_

Submitter: Sean Morrissey <sean.morrissey@intel.com>
Date: Friday, January 14 2022 16:24:09 
DPDK git baseline: Repo:dpdk
  Branch: master
  CommitID:6f716880ee53ac1e50c9c75dc749886e3257bb8f

105817-105868 --> testing fail

Test environment and result as below:

+------------------+----------------+
|   Environment    | dpdk_unit_test |
+==================+================+
| CentOS Stream 8  | PASS           |
+------------------+----------------+
| Arch Linux       | PASS           |
+------------------+----------------+
| Fedora 32        | PASS           |
+------------------+----------------+
| Fedora 33        | PASS           |
+------------------+----------------+
| Fedora 34        | PASS           |
+------------------+----------------+
| Fedora 31        | PASS           |
+------------------+----------------+
| CentOS 8         | PASS           |
+------------------+----------------+
| Ubuntu 20.04     | PASS           |
+------------------+----------------+
| Ubuntu 18.04     | PASS           |
+------------------+----------------+
| Fedora 34 clang  | PASS           |
+------------------+----------------+
| RHEL 7           | FAIL           |
+------------------+----------------+
| openSUSE Leap 15 | PASS           |
+------------------+----------------+
| RHEL8            | PASS           |
+------------------+----------------+

==== 20 line log output for RHEL 7 (dpdk_unit_test): ====
struct sockaddr ifru_addr;
^
/usr/include/linux/if.h:212:19: error: field 'ifru_dstaddr' has incomplete type
struct sockaddr ifru_dstaddr;
^
/usr/include/linux/if.h:213:19: error: field 'ifru_broadaddr' has incomplete type
struct sockaddr ifru_broadaddr;
^
/usr/include/linux/if.h:214:19: error: field 'ifru_netmask' has incomplete type
struct sockaddr ifru_netmask;
^
/usr/include/linux/if.h:215:20: error: field 'ifru_hwaddr' has incomplete type
struct  sockaddr ifru_hwaddr;
^
[418/2776] Compiling C object 'lib/76b5a35@@rte_vhost@sta/vhost_socket.c.o'.
[419/2776] Generating symbol file 'lib/76b5a35@@rte_reorder@sha/librte_reorder.so.22.1.symbols'.
[420/2776] Compiling C object 'lib/76b5a35@@rte_sched@sta/sched_rte_sched.c.o'.
[421/2776] Compiling C object 'lib/76b5a35@@rte_ipsec@sta/ipsec_esp_inb.c.o'.
[422/2776] Compiling C object 'lib/76b5a35@@rte_vhost@sta/vhost_virtio_net.c.o'.
ninja: build stopped: subcommand failed.
==== End log output ====

CentOS Stream 8
	Kernel: 4.18.0-240.10.1.el8_3.x86_64
	Compiler: gcc 8.4.1 20200928

Arch Linux
	Kernel: 5.4.0-73-generic
	Compiler: gcc 11.1.0

Fedora 32
	Kernel: 4.18.0-240.10.1.el8_3.x86_64
	Compiler: gcc 10.2.1

Fedora 33
	Kernel: 5.4.0-72-generic
	Compiler: gcc 10.3.1 20210422 (Red Hat 10.3.1-1)

Fedora 34
	Kernel: 5.4.0-72-generic
	Compiler: gcc 11.1.1 20210428 (Red Hat 11.1.1-1)

Fedora 31
	Kernel: 4.18.0-240.10.1.el8_3.x86_64
	Compiler: gcc 9.3.1

CentOS 8
	Kernel: 4.18.0-240.10.1.el8_3.x86_64
	Compiler: gcc 8.3.1 20191121 (Red Hat 8.3.1-5)

Ubuntu 20.04
	Kernel: 4.18.0-240.10.1.el8_3.x86_64
	Compiler: gcc 9.3.0-17ubuntu1~20.04

Ubuntu 18.04
	Kernel: 4.18.0-240.10.1.el8_3.x86_64
	Compiler: gcc 7.5.0-3ubuntu1~18.04

Fedora 34 clang
	Kernel: 5.4.0-72-generic
	Compiler: clang 12.0.0 (Fedora 12.0.0-0.3.rc1.fc34)

RHEL 7
	Kernel: 4.18.0-240.10.1.el8_3.x86_64
	Compiler: gcc 4.8.5 20150623 (Red Hat 4.8.5-44)

openSUSE Leap 15
	Kernel: 4.18.0-240.10.1.el8_3.x86_64
	Compiler: gcc 7.5.0

RHEL8
	Kernel: 4.18.0-240.10.1.el8_3.x86_64
	Compiler: gcc 8.3.1 20191121 (Red Hat 8.3.1-5)

To view detailed results, visit:
https://lab.dpdk.org/results/dashboard/patchsets/20669/

UNH-IOL DPDK Community Lab

To manage your email subscriptions, visit: 
https://lab.dpdk.org/results/dashboard/preferences/subscriptions/

^ permalink raw reply	[flat|nested] 2+ messages in thread

* |FAILURE| pw105817-105868 [PATCH] [v4, 53/53] acl: remove unneeded header includes
@ 2022-01-14 18:25 dpdklab
  0 siblings, 0 replies; 2+ messages in thread
From: dpdklab @ 2022-01-14 18:25 UTC (permalink / raw)
  To: Test Report; +Cc: dpdk-test-reports, Sean Morrissey

[-- Attachment #1: Type: text/plain, Size: 5788 bytes --]

Test-Label: iol-x86_64-compile-testing
Test-Status: FAILURE
http://dpdk.org/patch/105868

_Testing issues_

Submitter: Sean Morrissey <sean.morrissey@intel.com>
Date: Friday, January 14 2022 16:24:09 
DPDK git baseline: Repo:dpdk
  Branch: master
  CommitID:6f716880ee53ac1e50c9c75dc749886e3257bb8f

105817-105868 --> testing fail

Test environment and result as below:

+---------------------+--------------------+----------------------+
|     Environment     | dpdk_meson_compile | dpdk_mingw64_compile |
+=====================+====================+======================+
| Windows Server 2019 | FAIL               | PASS                 |
+---------------------+--------------------+----------------------+
| FreeBSD 13          | PASS               | SKIPPED              |
+---------------------+--------------------+----------------------+
| openSUSE Leap 15    | PASS               | SKIPPED              |
+---------------------+--------------------+----------------------+
| Ubuntu 18.04        | PASS               | SKIPPED              |
+---------------------+--------------------+----------------------+
| CentOS 8            | PASS               | SKIPPED              |
+---------------------+--------------------+----------------------+
| CentOS Stream 8     | PASS               | SKIPPED              |
+---------------------+--------------------+----------------------+
| RHEL8               | PASS               | SKIPPED              |
+---------------------+--------------------+----------------------+
| Ubuntu 20.04        | PASS               | SKIPPED              |
+---------------------+--------------------+----------------------+
| Fedora 34 clang     | PASS               | SKIPPED              |
+---------------------+--------------------+----------------------+
| RHEL 7              | FAIL               | SKIPPED              |
+---------------------+--------------------+----------------------+
| Fedora 31           | PASS               | SKIPPED              |
+---------------------+--------------------+----------------------+
| Fedora 34           | PASS               | SKIPPED              |
+---------------------+--------------------+----------------------+
| Alpine              | PASS               | SKIPPED              |
+---------------------+--------------------+----------------------+
| Fedora 32           | PASS               | SKIPPED              |
+---------------------+--------------------+----------------------+
| Arch Linux          | PASS               | SKIPPED              |
+---------------------+--------------------+----------------------+
| Fedora 33           | PASS               | SKIPPED              |
+---------------------+--------------------+----------------------+

==== 20 line log output for RHEL 7 (dpdk_meson_compile): ====
/usr/include/linux/if.h:214:19: error: field 'ifru_netmask' has incomplete type
struct sockaddr ifru_netmask;
^
/usr/include/linux/if.h:215:20: error: field 'ifru_hwaddr' has incomplete type
struct  sockaddr ifru_hwaddr;
^
[369/2803] Compiling C object 'lib/76b5a35@@rte_ipsec@sta/ipsec_ses.c.o'.
[370/2803] Compiling C object 'lib/76b5a35@@rte_ipsec@sta/ipsec_sa.c.o'.
[371/2803] Generating symbol file 'lib/76b5a35@@rte_timer@sha/librte_timer.so.22.1.symbols'.
[372/2803] Generating symbol file 'lib/76b5a35@@rte_ring@sha/librte_ring.so.22.1.symbols'.
[373/2803] Generating symbol file 'lib/76b5a35@@rte_rawdev@sha/librte_rawdev.so.22.1.symbols'.
[374/2803] Generating symbol file 'lib/76b5a35@@rte_meter@sha/librte_meter.so.22.1.symbols'.
[375/2803] Generating symbol file 'lib/76b5a35@@rte_pci@sha/librte_pci.so.22.1.symbols'.
[376/2803] Generating symbol file 'lib/76b5a35@@rte_cfgfile@sha/librte_cfgfile.so.22.1.symbols'.
[377/2803] Generating symbol file 'lib/76b5a35@@rte_stack@sha/librte_stack.so.22.1.symbols'.
[378/2803] Generating symbol file 'lib/76b5a35@@rte_acl@sha/librte_acl.so.22.1.symbols'.
[379/2803] Generating symbol file 'lib/76b5a35@@rte_dmadev@sha/librte_dmadev.so.22.1.symbols'.
[380/2803] Compiling C object 'lib/76b5a35@@rte_ipsec@sta/ipsec_ipsec_sad.c.o'.
[381/2803] Compiling C object 'lib/76b5a35@@rte_ipsec@sta/ipsec_esp_outb.c.o'.
ninja: build stopped: subcommand failed.
==== End log output ====

Windows Server 2019
	Kernel: 10.0
	Compiler: clang 9.0 and gcc 8.1.0 (MinGW)

FreeBSD 13
	Kernel: 13.0
	Compiler: clang 11.0.1

openSUSE Leap 15
	Kernel: 4.18.0-240.10.1.el8_3.x86_64
	Compiler: gcc 7.5.0

Ubuntu 18.04
	Kernel: 4.18.0-240.10.1.el8_3.x86_64
	Compiler: gcc 7.5.0-3ubuntu1~18.04

CentOS 8
	Kernel: 4.18.0-240.10.1.el8_3.x86_64
	Compiler: gcc 8.3.1 20191121 (Red Hat 8.3.1-5)

CentOS Stream 8
	Kernel: 4.18.0-240.10.1.el8_3.x86_64
	Compiler: gcc 8.4.1 20200928

RHEL8
	Kernel: 4.18.0-240.10.1.el8_3.x86_64
	Compiler: gcc 8.3.1 20191121 (Red Hat 8.3.1-5)

Ubuntu 20.04
	Kernel: 4.18.0-240.10.1.el8_3.x86_64
	Compiler: gcc 9.3.0-17ubuntu1~20.04

Fedora 34 clang
	Kernel: 5.4.0-72-generic
	Compiler: clang 12.0.0 (Fedora 12.0.0-0.3.rc1.fc34)

RHEL 7
	Kernel: 4.18.0-240.10.1.el8_3.x86_64
	Compiler: gcc 4.8.5 20150623 (Red Hat 4.8.5-44)

Fedora 31
	Kernel: 4.18.0-240.10.1.el8_3.x86_64
	Compiler: gcc 9.3.1

Fedora 34
	Kernel: 5.4.0-72-generic
	Compiler: gcc 11.1.1 20210428 (Red Hat 11.1.1-1)

Alpine
	Kernel: 5.4.0-73-generic
	Compiler: gcc (Alpine 10.3.1_git20210424) 10.3.1 20210424

Fedora 32
	Kernel: 4.18.0-240.10.1.el8_3.x86_64
	Compiler: gcc 10.2.1

Arch Linux
	Kernel: 5.4.0-73-generic
	Compiler: gcc 11.1.0

Fedora 33
	Kernel: 5.4.0-72-generic
	Compiler: gcc 10.3.1 20210422 (Red Hat 10.3.1-1)

To view detailed results, visit:
https://lab.dpdk.org/results/dashboard/patchsets/20669/

UNH-IOL DPDK Community Lab

To manage your email subscriptions, visit: 
https://lab.dpdk.org/results/dashboard/preferences/subscriptions/

^ permalink raw reply	[flat|nested] 2+ messages in thread

end of thread, other threads:[~2022-01-14 18:25 UTC | newest]

Thread overview: 2+ messages (download: mbox.gz / follow: Atom feed)
-- links below jump to the message on this page --
2022-01-14 18:17 |FAILURE| pw105817-105868 [PATCH] [v4, 53/53] acl: remove unneeded header includes dpdklab
2022-01-14 18:25 dpdklab

automatic DPDK test reports

This inbox may be cloned and mirrored by anyone:

	git clone --mirror http://inbox.dpdk.org/test-report/0 test-report/git/0.git

	# If you have public-inbox 1.1+ installed, you may
	# initialize and index your mirror using the following commands:
	public-inbox-init -V2 test-report test-report/ http://inbox.dpdk.org/test-report \
		test-report@dpdk.org
	public-inbox-index test-report

Example config snippet for mirrors.
Newsgroup available over NNTP:
	nntp://inbox.dpdk.org/inbox.dpdk.test-report


AGPL code for this site: git clone https://public-inbox.org/public-inbox.git