automatic DPDK test reports
 help / color / mirror / Atom feed
* |FAILURE| [GIT MASTER] bab4318634e0d2276e8bae5ea18789cfda813c70
@ 2022-01-15  6:19 dpdklab
  0 siblings, 0 replies; 11+ messages in thread
From: dpdklab @ 2022-01-15  6:19 UTC (permalink / raw)
  To: Test Report; +Cc: dpdk-test-reports

[-- Attachment #1: Type: text/plain, Size: 6051 bytes --]

_Testing issues_

Branch: tags/v20.11

bab4318634e0d2276e8bae5ea18789cfda813c70 --> testing fail

Test environment and result as below:

+---------------------+--------------------+----------------------+
|     Environment     | dpdk_meson_compile | dpdk_mingw64_compile |
+=====================+====================+======================+
| Windows Server 2019 | FAIL               | FAIL                 |
+---------------------+--------------------+----------------------+
| FreeBSD 13          | PASS               | SKIPPED              |
+---------------------+--------------------+----------------------+
| Ubuntu 18.04        | PASS               | SKIPPED              |
+---------------------+--------------------+----------------------+
| Fedora 31           | PASS               | SKIPPED              |
+---------------------+--------------------+----------------------+
| openSUSE Leap 15    | PASS               | SKIPPED              |
+---------------------+--------------------+----------------------+
| CentOS 8            | PASS               | SKIPPED              |
+---------------------+--------------------+----------------------+
| CentOS Stream 8     | PASS               | SKIPPED              |
+---------------------+--------------------+----------------------+
| Alpine              | FAIL               | SKIPPED              |
+---------------------+--------------------+----------------------+
| RHEL 7              | PASS               | SKIPPED              |
+---------------------+--------------------+----------------------+
| Fedora 32           | PASS               | SKIPPED              |
+---------------------+--------------------+----------------------+
| Fedora 34 clang     | PASS               | SKIPPED              |
+---------------------+--------------------+----------------------+
| Ubuntu 20.04        | PASS               | SKIPPED              |
+---------------------+--------------------+----------------------+
| Fedora 33           | PASS               | SKIPPED              |
+---------------------+--------------------+----------------------+
| Fedora 34           | PASS               | SKIPPED              |
+---------------------+--------------------+----------------------+
| Arch Linux          | PASS               | SKIPPED              |
+---------------------+--------------------+----------------------+
| RHEL8               | PASS               | SKIPPED              |
+---------------------+--------------------+----------------------+

==== 20 line log output for Alpine (dpdk_meson_compile): ====
|
cc1: all warnings being treated as errors
[269/2472] Compiling C object 'drivers/a715181@@tmp_rte_event_sw@sta/event_sw_sw_evdev_selftest.c.o'.
[270/2472] Compiling C object 'drivers/a715181@@tmp_rte_event_octeontx@sta/event_octeontx_ssovf_evdev_selftest.c.o'.
[271/2472] Compiling C object 'drivers/a715181@@tmp_rte_event_dpaa2@sta/event_dpaa2_dpaa2_eventdev.c.o'.
[272/2472] Compiling C object 'drivers/a715181@@tmp_rte_event_dpaa2@sta/event_dpaa2_dpaa2_eventdev_selftest.c.o'.
[273/2472] Compiling C object 'drivers/a715181@@tmp_rte_event_octeontx2@sta/event_octeontx2_otx2_evdev_irq.c.o'.
[274/2472] Compiling C object 'drivers/a715181@@tmp_rte_event_octeontx@sta/event_octeontx_ssovf_worker.c.o'.
[275/2472] Compiling C object 'drivers/a715181@@tmp_rte_event_dsw@sta/event_dsw_dsw_event.c.o'.
[276/2472] Compiling C object 'drivers/a715181@@tmp_rte_event_octeontx2@sta/event_octeontx2_otx2_evdev_crypto_adptr.c.o'.
[277/2472] Compiling C object 'drivers/a715181@@tmp_rte_event_octeontx2@sta/event_octeontx2_otx2_evdev_adptr.c.o'.
[278/2472] Compiling C object 'app/a172ced@@dpdk-test-bbdev@exe/test-bbdev_test_bbdev_perf.c.o'.
[279/2472] Compiling C object 'drivers/a715181@@tmp_rte_event_octeontx2@sta/event_octeontx2_otx2_tim_evdev.c.o'.
[280/2472] Compiling C object 'drivers/a715181@@tmp_rte_event_octeontx2@sta/event_octeontx2_otx2_evdev_selftest.c.o'.
[281/2472] Compiling C object 'app/test/3062f5d@@dpdk-test@exe/test_ring_perf.c.o'.
[282/2472] Compiling C object 'drivers/a715181@@tmp_rte_event_octeontx2@sta/event_octeontx2_otx2_evdev.c.o'.
[283/2472] Compiling C object 'app/test/3062f5d@@dpdk-test@exe/test_ring.c.o'.
[284/2472] Compiling C object 'drivers/a715181@@tmp_rte_event_octeontx2@sta/event_octeontx2_otx2_worker.c.o'.
[285/2472] Compiling C object 'drivers/a715181@@tmp_rte_event_octeontx2@sta/event_octeontx2_otx2_worker_dual.c.o'.
ninja: build stopped: subcommand failed.
==== End log output ====

Windows Server 2019
	Kernel: 10.0
	Compiler: clang 9.0 and gcc 8.1.0 (MinGW)

FreeBSD 13
	Kernel: 13.0
	Compiler: clang 11.0.1

Ubuntu 18.04
	Kernel: 4.18.0-240.10.1.el8_3.x86_64
	Compiler: gcc 7.5.0-3ubuntu1~18.04

Fedora 31
	Kernel: 4.18.0-240.10.1.el8_3.x86_64
	Compiler: gcc 9.3.1

openSUSE Leap 15
	Kernel: 4.18.0-240.10.1.el8_3.x86_64
	Compiler: gcc 7.5.0

CentOS 8
	Kernel: 4.18.0-240.10.1.el8_3.x86_64
	Compiler: gcc 8.3.1 20191121 (Red Hat 8.3.1-5)

CentOS Stream 8
	Kernel: 4.18.0-240.10.1.el8_3.x86_64
	Compiler: gcc 8.4.1 20200928

Alpine
	Kernel: 5.4.0-73-generic
	Compiler: gcc (Alpine 10.3.1_git20210424) 10.3.1 20210424

RHEL 7
	Kernel: 4.18.0-240.10.1.el8_3.x86_64
	Compiler: gcc 4.8.5 20150623 (Red Hat 4.8.5-44)

Fedora 32
	Kernel: 4.18.0-240.10.1.el8_3.x86_64
	Compiler: gcc 10.2.1

Fedora 34 clang
	Kernel: 5.4.0-72-generic
	Compiler: clang 12.0.0 (Fedora 12.0.0-0.3.rc1.fc34)

Ubuntu 20.04
	Kernel: 4.18.0-240.10.1.el8_3.x86_64
	Compiler: gcc 9.3.0-17ubuntu1~20.04

Fedora 33
	Kernel: 5.4.0-72-generic
	Compiler: gcc 10.3.1 20210422 (Red Hat 10.3.1-1)

Fedora 34
	Kernel: 5.4.0-72-generic
	Compiler: gcc 11.1.1 20210428 (Red Hat 11.1.1-1)

Arch Linux
	Kernel: 5.4.0-73-generic
	Compiler: gcc 11.1.0

RHEL8
	Kernel: 4.18.0-240.10.1.el8_3.x86_64
	Compiler: gcc 8.3.1 20191121 (Red Hat 8.3.1-5)

To view detailed results, visit:
https://lab.dpdk.org/results/dashboard/tarballs/18283/

UNH-IOL DPDK Community Lab

To manage your email subscriptions, visit: 
https://lab.dpdk.org/results/dashboard/preferences/subscriptions/

^ permalink raw reply	[flat|nested] 11+ messages in thread

* |FAILURE| [GIT MASTER] bab4318634e0d2276e8bae5ea18789cfda813c70
@ 2022-01-17  6:22 dpdklab
  0 siblings, 0 replies; 11+ messages in thread
From: dpdklab @ 2022-01-17  6:22 UTC (permalink / raw)
  To: Test Report; +Cc: dpdk-test-reports

[-- Attachment #1: Type: text/plain, Size: 6037 bytes --]

_Testing issues_

Branch: tags/v20.11

bab4318634e0d2276e8bae5ea18789cfda813c70 --> testing fail

Test environment and result as below:

+---------------------+--------------------+----------------------+
|     Environment     | dpdk_meson_compile | dpdk_mingw64_compile |
+=====================+====================+======================+
| Windows Server 2019 | FAIL               | FAIL                 |
+---------------------+--------------------+----------------------+
| FreeBSD 13          | PASS               | SKIPPED              |
+---------------------+--------------------+----------------------+
| RHEL 7              | PASS               | SKIPPED              |
+---------------------+--------------------+----------------------+
| Fedora 32           | PASS               | SKIPPED              |
+---------------------+--------------------+----------------------+
| Ubuntu 20.04        | PASS               | SKIPPED              |
+---------------------+--------------------+----------------------+
| RHEL8               | PASS               | SKIPPED              |
+---------------------+--------------------+----------------------+
| Ubuntu 18.04        | PASS               | SKIPPED              |
+---------------------+--------------------+----------------------+
| Arch Linux          | PASS               | SKIPPED              |
+---------------------+--------------------+----------------------+
| openSUSE Leap 15    | PASS               | SKIPPED              |
+---------------------+--------------------+----------------------+
| CentOS 8            | PASS               | SKIPPED              |
+---------------------+--------------------+----------------------+
| Alpine              | FAIL               | SKIPPED              |
+---------------------+--------------------+----------------------+
| Fedora 31           | PASS               | SKIPPED              |
+---------------------+--------------------+----------------------+
| CentOS Stream 8     | PASS               | SKIPPED              |
+---------------------+--------------------+----------------------+
| Fedora 34 clang     | PASS               | SKIPPED              |
+---------------------+--------------------+----------------------+
| Fedora 33           | PASS               | SKIPPED              |
+---------------------+--------------------+----------------------+
| Fedora 34           | PASS               | SKIPPED              |
+---------------------+--------------------+----------------------+

==== 20 line log output for Alpine (dpdk_meson_compile): ====
|
cc1: all warnings being treated as errors
[269/2472] Compiling C object 'drivers/a715181@@tmp_rte_event_octeontx@sta/event_octeontx_ssovf_worker.c.o'.
[270/2472] Compiling C object 'drivers/a715181@@tmp_rte_event_dpaa2@sta/event_dpaa2_dpaa2_eventdev.c.o'.
[271/2472] Compiling C object 'drivers/a715181@@tmp_rte_event_octeontx2@sta/event_octeontx2_otx2_evdev_irq.c.o'.
[272/2472] Compiling C object 'drivers/a715181@@tmp_rte_event_dpaa2@sta/event_dpaa2_dpaa2_eventdev_selftest.c.o'.
[273/2472] Compiling C object 'drivers/a715181@@tmp_rte_event_sw@sta/event_sw_sw_evdev_scheduler.c.o'.
[274/2472] Compiling C object 'drivers/a715181@@tmp_rte_event_sw@sta/event_sw_sw_evdev_selftest.c.o'.
[275/2472] Compiling C object 'drivers/a715181@@tmp_rte_event_octeontx2@sta/event_octeontx2_otx2_evdev_adptr.c.o'.
[276/2472] Compiling C object 'drivers/a715181@@tmp_rte_event_octeontx2@sta/event_octeontx2_otx2_evdev_crypto_adptr.c.o'.
[277/2472] Compiling C object 'drivers/a715181@@tmp_rte_event_dsw@sta/event_dsw_dsw_event.c.o'.
[278/2472] Compiling C object 'app/a172ced@@dpdk-test-bbdev@exe/test-bbdev_test_bbdev_perf.c.o'.
[279/2472] Compiling C object 'drivers/a715181@@tmp_rte_event_octeontx2@sta/event_octeontx2_otx2_tim_evdev.c.o'.
[280/2472] Compiling C object 'drivers/a715181@@tmp_rte_event_octeontx2@sta/event_octeontx2_otx2_evdev_selftest.c.o'.
[281/2472] Compiling C object 'app/test/3062f5d@@dpdk-test@exe/test_ring_perf.c.o'.
[282/2472] Compiling C object 'drivers/a715181@@tmp_rte_event_octeontx2@sta/event_octeontx2_otx2_evdev.c.o'.
[283/2472] Compiling C object 'app/test/3062f5d@@dpdk-test@exe/test_ring.c.o'.
[284/2472] Compiling C object 'drivers/a715181@@tmp_rte_event_octeontx2@sta/event_octeontx2_otx2_worker.c.o'.
[285/2472] Compiling C object 'drivers/a715181@@tmp_rte_event_octeontx2@sta/event_octeontx2_otx2_worker_dual.c.o'.
ninja: build stopped: subcommand failed.
==== End log output ====

Windows Server 2019
	Kernel: 10.0
	Compiler: clang 9.0 and gcc 8.1.0 (MinGW)

FreeBSD 13
	Kernel: 13.0
	Compiler: clang 11.0.1

RHEL 7
	Kernel: 4.18.0-240.10.1.el8_3.x86_64
	Compiler: gcc 4.8.5 20150623 (Red Hat 4.8.5-44)

Fedora 32
	Kernel: 4.18.0-240.10.1.el8_3.x86_64
	Compiler: gcc 10.2.1

Ubuntu 20.04
	Kernel: 4.18.0-240.10.1.el8_3.x86_64
	Compiler: gcc 9.3.0-17ubuntu1~20.04

RHEL8
	Kernel: 4.18.0-240.10.1.el8_3.x86_64
	Compiler: gcc 8.3.1 20191121 (Red Hat 8.3.1-5)

Ubuntu 18.04
	Kernel: 4.18.0-240.10.1.el8_3.x86_64
	Compiler: gcc 7.5.0-3ubuntu1~18.04

Arch Linux
	Kernel: 5.4.0-73-generic
	Compiler: gcc 11.1.0

openSUSE Leap 15
	Kernel: 4.18.0-240.10.1.el8_3.x86_64
	Compiler: gcc 7.5.0

CentOS 8
	Kernel: 4.18.0-240.10.1.el8_3.x86_64
	Compiler: gcc 8.3.1 20191121 (Red Hat 8.3.1-5)

Alpine
	Kernel: 5.4.0-73-generic
	Compiler: gcc (Alpine 10.3.1_git20210424) 10.3.1 20210424

Fedora 31
	Kernel: 4.18.0-240.10.1.el8_3.x86_64
	Compiler: gcc 9.3.1

CentOS Stream 8
	Kernel: 4.18.0-240.10.1.el8_3.x86_64
	Compiler: gcc 8.4.1 20200928

Fedora 34 clang
	Kernel: 5.4.0-72-generic
	Compiler: clang 12.0.0 (Fedora 12.0.0-0.3.rc1.fc34)

Fedora 33
	Kernel: 5.4.0-72-generic
	Compiler: gcc 10.3.1 20210422 (Red Hat 10.3.1-1)

Fedora 34
	Kernel: 5.4.0-72-generic
	Compiler: gcc 11.1.1 20210428 (Red Hat 11.1.1-1)

To view detailed results, visit:
https://lab.dpdk.org/results/dashboard/tarballs/18296/

UNH-IOL DPDK Community Lab

To manage your email subscriptions, visit: 
https://lab.dpdk.org/results/dashboard/preferences/subscriptions/

^ permalink raw reply	[flat|nested] 11+ messages in thread

* |FAILURE| [GIT MASTER] bab4318634e0d2276e8bae5ea18789cfda813c70
@ 2022-01-16  6:27 dpdklab
  0 siblings, 0 replies; 11+ messages in thread
From: dpdklab @ 2022-01-16  6:27 UTC (permalink / raw)
  To: Test Report; +Cc: dpdk-test-reports

[-- Attachment #1: Type: text/plain, Size: 6018 bytes --]

_Testing issues_

Branch: tags/v20.11

bab4318634e0d2276e8bae5ea18789cfda813c70 --> testing fail

Test environment and result as below:

+---------------------+--------------------+----------------------+
|     Environment     | dpdk_meson_compile | dpdk_mingw64_compile |
+=====================+====================+======================+
| Windows Server 2019 | FAIL               | FAIL                 |
+---------------------+--------------------+----------------------+
| FreeBSD 13          | PASS               | SKIPPED              |
+---------------------+--------------------+----------------------+
| Ubuntu 18.04        | PASS               | SKIPPED              |
+---------------------+--------------------+----------------------+
| openSUSE Leap 15    | PASS               | SKIPPED              |
+---------------------+--------------------+----------------------+
| Ubuntu 20.04        | PASS               | SKIPPED              |
+---------------------+--------------------+----------------------+
| RHEL 7              | PASS               | SKIPPED              |
+---------------------+--------------------+----------------------+
| Fedora 32           | PASS               | SKIPPED              |
+---------------------+--------------------+----------------------+
| Fedora 34           | PASS               | SKIPPED              |
+---------------------+--------------------+----------------------+
| RHEL8               | PASS               | SKIPPED              |
+---------------------+--------------------+----------------------+
| Fedora 34 clang     | PASS               | SKIPPED              |
+---------------------+--------------------+----------------------+
| Arch Linux          | PASS               | SKIPPED              |
+---------------------+--------------------+----------------------+
| Fedora 31           | PASS               | SKIPPED              |
+---------------------+--------------------+----------------------+
| CentOS 8            | PASS               | SKIPPED              |
+---------------------+--------------------+----------------------+
| Fedora 33           | PASS               | SKIPPED              |
+---------------------+--------------------+----------------------+
| Alpine              | FAIL               | SKIPPED              |
+---------------------+--------------------+----------------------+
| CentOS Stream 8     | PASS               | SKIPPED              |
+---------------------+--------------------+----------------------+

==== 20 line log output for Alpine (dpdk_meson_compile): ====
|
cc1: all warnings being treated as errors
[273/2472] Generating rte_event_octeontx2_mingw with a custom command.
[274/2472] Compiling C object 'drivers/a715181@@tmp_rte_event_octeontx@sta/event_octeontx_ssovf_worker.c.o'.
[275/2472] Compiling C object 'drivers/a715181@@tmp_rte_event_octeontx2@sta/event_octeontx2_otx2_evdev_irq.c.o'.
[276/2472] Compiling C object 'drivers/a715181@@tmp_rte_event_octeontx2@sta/event_octeontx2_otx2_evdev_adptr.c.o'.
[277/2472] Compiling C object 'drivers/a715181@@tmp_rte_event_octeontx@sta/event_octeontx_ssovf_evdev_selftest.c.o'.
[278/2472] Compiling C object 'drivers/a715181@@tmp_rte_event_sw@sta/event_sw_sw_evdev_scheduler.c.o'.
[279/2472] Compiling C object 'drivers/a715181@@tmp_rte_event_dsw@sta/event_dsw_dsw_event.c.o'.
[280/2472] Compiling C object 'drivers/a715181@@tmp_rte_event_octeontx2@sta/event_octeontx2_otx2_evdev_crypto_adptr.c.o'.
[281/2472] Compiling C object 'app/a172ced@@dpdk-test-bbdev@exe/test-bbdev_test_bbdev_perf.c.o'.
[282/2472] Compiling C object 'drivers/a715181@@tmp_rte_event_octeontx2@sta/event_octeontx2_otx2_tim_evdev.c.o'.
[283/2472] Compiling C object 'app/test/3062f5d@@dpdk-test@exe/test_ring_perf.c.o'.
[284/2472] Compiling C object 'drivers/a715181@@tmp_rte_event_octeontx2@sta/event_octeontx2_otx2_evdev_selftest.c.o'.
[285/2472] Compiling C object 'drivers/a715181@@tmp_rte_event_octeontx2@sta/event_octeontx2_otx2_tim_worker.c.o'.
[286/2472] Compiling C object 'drivers/a715181@@tmp_rte_event_octeontx2@sta/event_octeontx2_otx2_evdev.c.o'.
[287/2472] Compiling C object 'app/test/3062f5d@@dpdk-test@exe/test_ring.c.o'.
[288/2472] Compiling C object 'drivers/a715181@@tmp_rte_event_octeontx2@sta/event_octeontx2_otx2_worker.c.o'.
[289/2472] Compiling C object 'drivers/a715181@@tmp_rte_event_octeontx2@sta/event_octeontx2_otx2_worker_dual.c.o'.
ninja: build stopped: subcommand failed.
==== End log output ====

Windows Server 2019
	Kernel: 10.0
	Compiler: clang 9.0 and gcc 8.1.0 (MinGW)

FreeBSD 13
	Kernel: 13.0
	Compiler: clang 11.0.1

Ubuntu 18.04
	Kernel: 4.18.0-240.10.1.el8_3.x86_64
	Compiler: gcc 7.5.0-3ubuntu1~18.04

openSUSE Leap 15
	Kernel: 4.18.0-240.10.1.el8_3.x86_64
	Compiler: gcc 7.5.0

Ubuntu 20.04
	Kernel: 4.18.0-240.10.1.el8_3.x86_64
	Compiler: gcc 9.3.0-17ubuntu1~20.04

RHEL 7
	Kernel: 4.18.0-240.10.1.el8_3.x86_64
	Compiler: gcc 4.8.5 20150623 (Red Hat 4.8.5-44)

Fedora 32
	Kernel: 4.18.0-240.10.1.el8_3.x86_64
	Compiler: gcc 10.2.1

Fedora 34
	Kernel: 5.4.0-72-generic
	Compiler: gcc 11.1.1 20210428 (Red Hat 11.1.1-1)

RHEL8
	Kernel: 4.18.0-240.10.1.el8_3.x86_64
	Compiler: gcc 8.3.1 20191121 (Red Hat 8.3.1-5)

Fedora 34 clang
	Kernel: 5.4.0-72-generic
	Compiler: clang 12.0.0 (Fedora 12.0.0-0.3.rc1.fc34)

Arch Linux
	Kernel: 5.4.0-73-generic
	Compiler: gcc 11.1.0

Fedora 31
	Kernel: 4.18.0-240.10.1.el8_3.x86_64
	Compiler: gcc 9.3.1

CentOS 8
	Kernel: 4.18.0-240.10.1.el8_3.x86_64
	Compiler: gcc 8.3.1 20191121 (Red Hat 8.3.1-5)

Fedora 33
	Kernel: 5.4.0-72-generic
	Compiler: gcc 10.3.1 20210422 (Red Hat 10.3.1-1)

Alpine
	Kernel: 5.4.0-73-generic
	Compiler: gcc (Alpine 10.3.1_git20210424) 10.3.1 20210424

CentOS Stream 8
	Kernel: 4.18.0-240.10.1.el8_3.x86_64
	Compiler: gcc 8.4.1 20200928

To view detailed results, visit:
https://lab.dpdk.org/results/dashboard/tarballs/18288/

UNH-IOL DPDK Community Lab

To manage your email subscriptions, visit: 
https://lab.dpdk.org/results/dashboard/preferences/subscriptions/

^ permalink raw reply	[flat|nested] 11+ messages in thread

* |FAILURE| [GIT MASTER] bab4318634e0d2276e8bae5ea18789cfda813c70
@ 2022-01-14  6:24 dpdklab
  0 siblings, 0 replies; 11+ messages in thread
From: dpdklab @ 2022-01-14  6:24 UTC (permalink / raw)
  To: Test Report; +Cc: dpdk-test-reports

[-- Attachment #1: Type: text/plain, Size: 6002 bytes --]

_Testing issues_

Branch: tags/v20.11

bab4318634e0d2276e8bae5ea18789cfda813c70 --> testing fail

Test environment and result as below:

+---------------------+--------------------+----------------------+
|     Environment     | dpdk_meson_compile | dpdk_mingw64_compile |
+=====================+====================+======================+
| Windows Server 2019 | FAIL               | FAIL                 |
+---------------------+--------------------+----------------------+
| FreeBSD 13          | PASS               | SKIPPED              |
+---------------------+--------------------+----------------------+
| Ubuntu 18.04        | PASS               | SKIPPED              |
+---------------------+--------------------+----------------------+
| CentOS 8            | PASS               | SKIPPED              |
+---------------------+--------------------+----------------------+
| openSUSE Leap 15    | PASS               | SKIPPED              |
+---------------------+--------------------+----------------------+
| Fedora 32           | PASS               | SKIPPED              |
+---------------------+--------------------+----------------------+
| Fedora 34 clang     | PASS               | SKIPPED              |
+---------------------+--------------------+----------------------+
| Alpine              | FAIL               | SKIPPED              |
+---------------------+--------------------+----------------------+
| RHEL 7              | PASS               | SKIPPED              |
+---------------------+--------------------+----------------------+
| Ubuntu 20.04        | PASS               | SKIPPED              |
+---------------------+--------------------+----------------------+
| Fedora 34           | PASS               | SKIPPED              |
+---------------------+--------------------+----------------------+
| Arch Linux          | PASS               | SKIPPED              |
+---------------------+--------------------+----------------------+
| CentOS Stream 8     | PASS               | SKIPPED              |
+---------------------+--------------------+----------------------+
| RHEL8               | PASS               | SKIPPED              |
+---------------------+--------------------+----------------------+
| Fedora 31           | PASS               | SKIPPED              |
+---------------------+--------------------+----------------------+
| Fedora 33           | PASS               | SKIPPED              |
+---------------------+--------------------+----------------------+

==== 20 line log output for Alpine (dpdk_meson_compile): ====
|
cc1: all warnings being treated as errors
[271/2472] Generating rte_event_octeontx2_def with a custom command.
[272/2472] Compiling C object 'drivers/a715181@@tmp_rte_event_sw@sta/event_sw_sw_evdev_scheduler.c.o'.
[273/2472] Compiling C object 'drivers/a715181@@tmp_rte_event_dpaa2@sta/event_dpaa2_dpaa2_eventdev_selftest.c.o'.
[274/2472] Compiling C object 'drivers/a715181@@tmp_rte_event_sw@sta/event_sw_sw_evdev_selftest.c.o'.
[275/2472] Compiling C object 'drivers/a715181@@tmp_rte_event_octeontx2@sta/event_octeontx2_otx2_evdev_adptr.c.o'.
[276/2472] Compiling C object 'drivers/a715181@@tmp_rte_event_octeontx@sta/event_octeontx_ssovf_worker.c.o'.
[277/2472] Compiling C object 'drivers/a715181@@tmp_rte_event_octeontx2@sta/event_octeontx2_otx2_evdev_crypto_adptr.c.o'.
[278/2472] Compiling C object 'drivers/a715181@@tmp_rte_event_dsw@sta/event_dsw_dsw_event.c.o'.
[279/2472] Compiling C object 'app/a172ced@@dpdk-test-bbdev@exe/test-bbdev_test_bbdev_perf.c.o'.
[280/2472] Compiling C object 'drivers/a715181@@tmp_rte_event_octeontx2@sta/event_octeontx2_otx2_tim_evdev.c.o'.
[281/2472] Compiling C object 'drivers/a715181@@tmp_rte_event_octeontx2@sta/event_octeontx2_otx2_evdev_selftest.c.o'.
[282/2472] Compiling C object 'drivers/a715181@@tmp_rte_event_octeontx2@sta/event_octeontx2_otx2_tim_worker.c.o'.
[283/2472] Compiling C object 'app/test/3062f5d@@dpdk-test@exe/test_ring_perf.c.o'.
[284/2472] Compiling C object 'drivers/a715181@@tmp_rte_event_octeontx2@sta/event_octeontx2_otx2_evdev.c.o'.
[285/2472] Compiling C object 'app/test/3062f5d@@dpdk-test@exe/test_ring.c.o'.
[286/2472] Compiling C object 'drivers/a715181@@tmp_rte_event_octeontx2@sta/event_octeontx2_otx2_worker.c.o'.
[287/2472] Compiling C object 'drivers/a715181@@tmp_rte_event_octeontx2@sta/event_octeontx2_otx2_worker_dual.c.o'.
ninja: build stopped: subcommand failed.
==== End log output ====

Windows Server 2019
	Kernel: 10.0
	Compiler: clang 9.0 and gcc 8.1.0 (MinGW)

FreeBSD 13
	Kernel: 13.0
	Compiler: clang 11.0.1

Ubuntu 18.04
	Kernel: 4.18.0-240.10.1.el8_3.x86_64
	Compiler: gcc 7.5.0-3ubuntu1~18.04

CentOS 8
	Kernel: 4.18.0-240.10.1.el8_3.x86_64
	Compiler: gcc 8.3.1 20191121 (Red Hat 8.3.1-5)

openSUSE Leap 15
	Kernel: 4.18.0-240.10.1.el8_3.x86_64
	Compiler: gcc 7.5.0

Fedora 32
	Kernel: 4.18.0-240.10.1.el8_3.x86_64
	Compiler: gcc 10.2.1

Fedora 34 clang
	Kernel: 5.4.0-72-generic
	Compiler: clang 12.0.0 (Fedora 12.0.0-0.3.rc1.fc34)

Alpine
	Kernel: 5.4.0-73-generic
	Compiler: gcc (Alpine 10.3.1_git20210424) 10.3.1 20210424

RHEL 7
	Kernel: 4.18.0-240.10.1.el8_3.x86_64
	Compiler: gcc 4.8.5 20150623 (Red Hat 4.8.5-44)

Ubuntu 20.04
	Kernel: 4.18.0-240.10.1.el8_3.x86_64
	Compiler: gcc 9.3.0-17ubuntu1~20.04

Fedora 34
	Kernel: 5.4.0-72-generic
	Compiler: gcc 11.1.1 20210428 (Red Hat 11.1.1-1)

Arch Linux
	Kernel: 5.4.0-73-generic
	Compiler: gcc 11.1.0

CentOS Stream 8
	Kernel: 4.18.0-240.10.1.el8_3.x86_64
	Compiler: gcc 8.4.1 20200928

RHEL8
	Kernel: 4.18.0-240.10.1.el8_3.x86_64
	Compiler: gcc 8.3.1 20191121 (Red Hat 8.3.1-5)

Fedora 31
	Kernel: 4.18.0-240.10.1.el8_3.x86_64
	Compiler: gcc 9.3.1

Fedora 33
	Kernel: 5.4.0-72-generic
	Compiler: gcc 10.3.1 20210422 (Red Hat 10.3.1-1)

To view detailed results, visit:
https://lab.dpdk.org/results/dashboard/tarballs/18271/

UNH-IOL DPDK Community Lab

To manage your email subscriptions, visit: 
https://lab.dpdk.org/results/dashboard/preferences/subscriptions/

^ permalink raw reply	[flat|nested] 11+ messages in thread

* |FAILURE| [GIT MASTER] bab4318634e0d2276e8bae5ea18789cfda813c70
@ 2022-01-13  6:31 dpdklab
  0 siblings, 0 replies; 11+ messages in thread
From: dpdklab @ 2022-01-13  6:31 UTC (permalink / raw)
  To: Test Report; +Cc: dpdk-test-reports

[-- Attachment #1: Type: text/plain, Size: 6025 bytes --]

_Testing issues_

Branch: tags/v20.11

bab4318634e0d2276e8bae5ea18789cfda813c70 --> testing fail

Test environment and result as below:

+---------------------+--------------------+----------------------+
|     Environment     | dpdk_meson_compile | dpdk_mingw64_compile |
+=====================+====================+======================+
| Windows Server 2019 | FAIL               | FAIL                 |
+---------------------+--------------------+----------------------+
| FreeBSD 13          | PASS               | SKIPPED              |
+---------------------+--------------------+----------------------+
| openSUSE Leap 15    | PASS               | SKIPPED              |
+---------------------+--------------------+----------------------+
| CentOS 8            | PASS               | SKIPPED              |
+---------------------+--------------------+----------------------+
| CentOS Stream 8     | PASS               | SKIPPED              |
+---------------------+--------------------+----------------------+
| Ubuntu 18.04        | PASS               | SKIPPED              |
+---------------------+--------------------+----------------------+
| Alpine              | FAIL               | SKIPPED              |
+---------------------+--------------------+----------------------+
| RHEL 7              | PASS               | SKIPPED              |
+---------------------+--------------------+----------------------+
| Ubuntu 20.04        | PASS               | SKIPPED              |
+---------------------+--------------------+----------------------+
| Fedora 31           | PASS               | SKIPPED              |
+---------------------+--------------------+----------------------+
| RHEL8               | PASS               | SKIPPED              |
+---------------------+--------------------+----------------------+
| Fedora 33           | PASS               | SKIPPED              |
+---------------------+--------------------+----------------------+
| Arch Linux          | PASS               | SKIPPED              |
+---------------------+--------------------+----------------------+
| Fedora 34           | PASS               | SKIPPED              |
+---------------------+--------------------+----------------------+
| Fedora 32           | PASS               | SKIPPED              |
+---------------------+--------------------+----------------------+
| Fedora 34 clang     | PASS               | SKIPPED              |
+---------------------+--------------------+----------------------+

==== 20 line log output for Alpine (dpdk_meson_compile): ====
|
cc1: all warnings being treated as errors
[266/2472] Compiling C object 'drivers/a715181@@tmp_rte_event_dpaa@sta/event_dpaa_dpaa_eventdev.c.o'.
[267/2472] Compiling C object 'drivers/a715181@@tmp_rte_event_sw@sta/event_sw_sw_evdev_scheduler.c.o'.
[268/2472] Compiling C object 'drivers/a715181@@tmp_rte_event_octeontx@sta/event_octeontx_ssovf_worker.c.o'.
[269/2472] Compiling C object 'drivers/a715181@@tmp_rte_event_dpaa2@sta/event_dpaa2_dpaa2_eventdev_selftest.c.o'.
[270/2472] Compiling C object 'drivers/a715181@@tmp_rte_event_dpaa2@sta/event_dpaa2_dpaa2_eventdev.c.o'.
[271/2472] Compiling C object 'drivers/a715181@@tmp_rte_event_sw@sta/event_sw_sw_evdev_selftest.c.o'.
[272/2472] Compiling C object 'drivers/a715181@@tmp_rte_event_octeontx@sta/event_octeontx_ssovf_evdev_selftest.c.o'.
[273/2472] Compiling C object 'drivers/a715181@@tmp_rte_event_dsw@sta/event_dsw_dsw_event.c.o'.
[274/2472] Compiling C object 'drivers/a715181@@tmp_rte_event_octeontx2@sta/event_octeontx2_otx2_evdev_irq.c.o'.
[275/2472] Compiling C object 'drivers/a715181@@tmp_rte_event_octeontx2@sta/event_octeontx2_otx2_evdev_adptr.c.o'.
[276/2472] Compiling C object 'drivers/a715181@@tmp_rte_event_octeontx2@sta/event_octeontx2_otx2_evdev_crypto_adptr.c.o'.
[277/2472] Compiling C object 'app/a172ced@@dpdk-test-bbdev@exe/test-bbdev_test_bbdev_perf.c.o'.
[278/2472] Compiling C object 'app/test/3062f5d@@dpdk-test@exe/test_ring_perf.c.o'.
[279/2472] Compiling C object 'drivers/a715181@@tmp_rte_event_octeontx2@sta/event_octeontx2_otx2_evdev.c.o'.
[280/2472] Compiling C object 'app/test/3062f5d@@dpdk-test@exe/test_ring.c.o'.
[281/2472] Compiling C object 'drivers/a715181@@tmp_rte_event_octeontx2@sta/event_octeontx2_otx2_worker.c.o'.
[282/2472] Compiling C object 'drivers/a715181@@tmp_rte_event_octeontx2@sta/event_octeontx2_otx2_worker_dual.c.o'.
ninja: build stopped: subcommand failed.
==== End log output ====

Windows Server 2019
	Kernel: 10.0
	Compiler: clang 9.0 and gcc 8.1.0 (MinGW)

FreeBSD 13
	Kernel: 13.0
	Compiler: clang 11.0.1

openSUSE Leap 15
	Kernel: 4.18.0-240.10.1.el8_3.x86_64
	Compiler: gcc 7.5.0

CentOS 8
	Kernel: 4.18.0-240.10.1.el8_3.x86_64
	Compiler: gcc 8.3.1 20191121 (Red Hat 8.3.1-5)

CentOS Stream 8
	Kernel: 4.18.0-240.10.1.el8_3.x86_64
	Compiler: gcc 8.4.1 20200928

Ubuntu 18.04
	Kernel: 4.18.0-240.10.1.el8_3.x86_64
	Compiler: gcc 7.5.0-3ubuntu1~18.04

Alpine
	Kernel: 5.4.0-73-generic
	Compiler: gcc (Alpine 10.3.1_git20210424) 10.3.1 20210424

RHEL 7
	Kernel: 4.18.0-240.10.1.el8_3.x86_64
	Compiler: gcc 4.8.5 20150623 (Red Hat 4.8.5-44)

Ubuntu 20.04
	Kernel: 4.18.0-240.10.1.el8_3.x86_64
	Compiler: gcc 9.3.0-17ubuntu1~20.04

Fedora 31
	Kernel: 4.18.0-240.10.1.el8_3.x86_64
	Compiler: gcc 9.3.1

RHEL8
	Kernel: 4.18.0-240.10.1.el8_3.x86_64
	Compiler: gcc 8.3.1 20191121 (Red Hat 8.3.1-5)

Fedora 33
	Kernel: 5.4.0-72-generic
	Compiler: gcc 10.3.1 20210422 (Red Hat 10.3.1-1)

Arch Linux
	Kernel: 5.4.0-73-generic
	Compiler: gcc 11.1.0

Fedora 34
	Kernel: 5.4.0-72-generic
	Compiler: gcc 11.1.1 20210428 (Red Hat 11.1.1-1)

Fedora 32
	Kernel: 4.18.0-240.10.1.el8_3.x86_64
	Compiler: gcc 10.2.1

Fedora 34 clang
	Kernel: 5.4.0-72-generic
	Compiler: clang 12.0.0 (Fedora 12.0.0-0.3.rc1.fc34)

To view detailed results, visit:
https://lab.dpdk.org/results/dashboard/tarballs/18258/

UNH-IOL DPDK Community Lab

To manage your email subscriptions, visit: 
https://lab.dpdk.org/results/dashboard/preferences/subscriptions/

^ permalink raw reply	[flat|nested] 11+ messages in thread

* |FAILURE| [GIT MASTER] bab4318634e0d2276e8bae5ea18789cfda813c70
@ 2022-01-12 19:32 dpdklab
  0 siblings, 0 replies; 11+ messages in thread
From: dpdklab @ 2022-01-12 19:32 UTC (permalink / raw)
  To: Test Report; +Cc: dpdk-test-reports

[-- Attachment #1: Type: text/plain, Size: 6017 bytes --]

_Testing issues_

Branch: tags/v20.11

bab4318634e0d2276e8bae5ea18789cfda813c70 --> testing fail

Test environment and result as below:

+---------------------+--------------------+----------------------+
|     Environment     | dpdk_meson_compile | dpdk_mingw64_compile |
+=====================+====================+======================+
| Windows Server 2019 | FAIL               | FAIL                 |
+---------------------+--------------------+----------------------+
| FreeBSD 13          | PASS               | SKIPPED              |
+---------------------+--------------------+----------------------+
| RHEL 7              | PASS               | SKIPPED              |
+---------------------+--------------------+----------------------+
| Ubuntu 18.04        | PASS               | SKIPPED              |
+---------------------+--------------------+----------------------+
| openSUSE Leap 15    | PASS               | SKIPPED              |
+---------------------+--------------------+----------------------+
| Fedora 32           | PASS               | SKIPPED              |
+---------------------+--------------------+----------------------+
| Fedora 31           | PASS               | SKIPPED              |
+---------------------+--------------------+----------------------+
| CentOS Stream 8     | PASS               | SKIPPED              |
+---------------------+--------------------+----------------------+
| Ubuntu 20.04        | PASS               | SKIPPED              |
+---------------------+--------------------+----------------------+
| Fedora 34           | PASS               | SKIPPED              |
+---------------------+--------------------+----------------------+
| Fedora 33           | PASS               | SKIPPED              |
+---------------------+--------------------+----------------------+
| Alpine              | FAIL               | SKIPPED              |
+---------------------+--------------------+----------------------+
| RHEL8               | PASS               | SKIPPED              |
+---------------------+--------------------+----------------------+
| Fedora 34 clang     | PASS               | SKIPPED              |
+---------------------+--------------------+----------------------+
| CentOS 8            | PASS               | SKIPPED              |
+---------------------+--------------------+----------------------+
| Arch Linux          | PASS               | SKIPPED              |
+---------------------+--------------------+----------------------+

==== 20 line log output for Alpine (dpdk_meson_compile): ====
|
cc1: all warnings being treated as errors
[273/2472] Compiling C object 'drivers/a715181@@tmp_rte_event_octeontx@sta/event_octeontx_ssovf_worker.c.o'.
[274/2472] Generating rte_event_octeontx2_mingw with a custom command.
[275/2472] Compiling C object 'drivers/a715181@@tmp_rte_event_dpaa2@sta/event_dpaa2_dpaa2_eventdev_selftest.c.o'.
[276/2472] Compiling C object 'drivers/a715181@@tmp_rte_event_octeontx2@sta/event_octeontx2_otx2_evdev_irq.c.o'.
[277/2472] Compiling C object 'drivers/a715181@@tmp_rte_event_dpaa2@sta/event_dpaa2_dpaa2_eventdev.c.o'.
[278/2472] Compiling C object 'drivers/a715181@@tmp_rte_event_octeontx2@sta/event_octeontx2_otx2_evdev_adptr.c.o'.
[279/2472] Compiling C object 'drivers/a715181@@tmp_rte_event_octeontx2@sta/event_octeontx2_otx2_evdev_crypto_adptr.c.o'.
[280/2472] Compiling C object 'app/a172ced@@dpdk-test-bbdev@exe/test-bbdev_test_bbdev_perf.c.o'.
[281/2472] Compiling C object 'drivers/a715181@@tmp_rte_event_dsw@sta/event_dsw_dsw_event.c.o'.
[282/2472] Compiling C object 'drivers/a715181@@tmp_rte_event_octeontx2@sta/event_octeontx2_otx2_tim_evdev.c.o'.
[283/2472] Compiling C object 'drivers/a715181@@tmp_rte_event_octeontx2@sta/event_octeontx2_otx2_tim_worker.c.o'.
[284/2472] Compiling C object 'app/test/3062f5d@@dpdk-test@exe/test_ring_perf.c.o'.
[285/2472] Compiling C object 'drivers/a715181@@tmp_rte_event_octeontx2@sta/event_octeontx2_otx2_evdev_selftest.c.o'.
[286/2472] Compiling C object 'drivers/a715181@@tmp_rte_event_octeontx2@sta/event_octeontx2_otx2_evdev.c.o'.
[287/2472] Compiling C object 'app/test/3062f5d@@dpdk-test@exe/test_ring.c.o'.
[288/2472] Compiling C object 'drivers/a715181@@tmp_rte_event_octeontx2@sta/event_octeontx2_otx2_worker.c.o'.
[289/2472] Compiling C object 'drivers/a715181@@tmp_rte_event_octeontx2@sta/event_octeontx2_otx2_worker_dual.c.o'.
ninja: build stopped: subcommand failed.
==== End log output ====

Windows Server 2019
	Kernel: 10.0
	Compiler: clang 9.0 and gcc 8.1.0 (MinGW)

FreeBSD 13
	Kernel: 13.0
	Compiler: clang 11.0.1

RHEL 7
	Kernel: 4.18.0-240.10.1.el8_3.x86_64
	Compiler: gcc 4.8.5 20150623 (Red Hat 4.8.5-44)

Ubuntu 18.04
	Kernel: 4.18.0-240.10.1.el8_3.x86_64
	Compiler: gcc 7.5.0-3ubuntu1~18.04

openSUSE Leap 15
	Kernel: 4.18.0-240.10.1.el8_3.x86_64
	Compiler: gcc 7.5.0

Fedora 32
	Kernel: 4.18.0-240.10.1.el8_3.x86_64
	Compiler: gcc 10.2.1

Fedora 31
	Kernel: 4.18.0-240.10.1.el8_3.x86_64
	Compiler: gcc 9.3.1

CentOS Stream 8
	Kernel: 4.18.0-240.10.1.el8_3.x86_64
	Compiler: gcc 8.4.1 20200928

Ubuntu 20.04
	Kernel: 4.18.0-240.10.1.el8_3.x86_64
	Compiler: gcc 9.3.0-17ubuntu1~20.04

Fedora 34
	Kernel: 5.4.0-72-generic
	Compiler: gcc 11.1.1 20210428 (Red Hat 11.1.1-1)

Fedora 33
	Kernel: 5.4.0-72-generic
	Compiler: gcc 10.3.1 20210422 (Red Hat 10.3.1-1)

Alpine
	Kernel: 5.4.0-73-generic
	Compiler: gcc (Alpine 10.3.1_git20210424) 10.3.1 20210424

RHEL8
	Kernel: 4.18.0-240.10.1.el8_3.x86_64
	Compiler: gcc 8.3.1 20191121 (Red Hat 8.3.1-5)

Fedora 34 clang
	Kernel: 5.4.0-72-generic
	Compiler: clang 12.0.0 (Fedora 12.0.0-0.3.rc1.fc34)

CentOS 8
	Kernel: 4.18.0-240.10.1.el8_3.x86_64
	Compiler: gcc 8.3.1 20191121 (Red Hat 8.3.1-5)

Arch Linux
	Kernel: 5.4.0-73-generic
	Compiler: gcc 11.1.0

To view detailed results, visit:
https://lab.dpdk.org/results/dashboard/tarballs/18251/

UNH-IOL DPDK Community Lab

To manage your email subscriptions, visit: 
https://lab.dpdk.org/results/dashboard/preferences/subscriptions/

^ permalink raw reply	[flat|nested] 11+ messages in thread

* |FAILURE| [GIT MASTER] bab4318634e0d2276e8bae5ea18789cfda813c70
@ 2022-01-12 19:06 dpdklab
  0 siblings, 0 replies; 11+ messages in thread
From: dpdklab @ 2022-01-12 19:06 UTC (permalink / raw)
  To: Georgii Tkachuk, Qian Xu, Lijuan Tu, Test Report, Ferruh Yigit
  Cc: dpdk-test-reports

[-- Attachment #1: Type: text/plain, Size: 983 bytes --]

_Functional Testing issues_

Branch: tags/v20.11

bab4318634e0d2276e8bae5ea18789cfda813c70 --> functional testing fail

Test environment and result as below:

Ubuntu 20.04
Kernel: 4.15.0-generic
Compiler: gcc 7.4
NIC: Intel Corporation Ethernet Converged Network Adapter XL710-QDA2 40000 Mbps
Target: x86_64-native-linuxapp-gcc
Fail/Total: 1/2
	Failed Tests:
		- scatter


Ubuntu 20.04
Kernel: 4.15.0-generic
Compiler: gcc 7.4
NIC: Intel Corporation Ethernet Converged Network Adapter 82599ES 10000 Mbps
Target: x86_64-native-linuxapp-gcc
Fail/Total: 0/2


Ubuntu 20.04 ARM
Kernel: 4.15.0-132-generic
Compiler: gcc 7.5
NIC: Arm Intel Corporation Ethernet Converged Network Adapter XL710-QDA2 40000 Mbps
Target: x86_64-native-linuxapp-gcc
Fail/Total: 0/2


To view detailed results, visit:
https://lab.dpdk.org/results/dashboard/tarballs/18251/

UNH-IOL DPDK Community Lab

To manage your email subscriptions, visit: 
https://lab.dpdk.org/results/dashboard/preferences/subscriptions/

^ permalink raw reply	[flat|nested] 11+ messages in thread

* |FAILURE| [GIT MASTER] bab4318634e0d2276e8bae5ea18789cfda813c70
@ 2022-01-12 19:02 dpdklab
  0 siblings, 0 replies; 11+ messages in thread
From: dpdklab @ 2022-01-12 19:02 UTC (permalink / raw)
  To: Georgii Tkachuk, Qian Xu, Lijuan Tu, Test Report, Ferruh Yigit
  Cc: dpdk-test-reports

[-- Attachment #1: Type: text/plain, Size: 784 bytes --]

_Functional Testing issues_

Branch: tags/v20.11

bab4318634e0d2276e8bae5ea18789cfda813c70 --> functional testing fail

Test environment and result as below:

Ubuntu 20.04
Kernel: 4.15.0-generic
Compiler: gcc 7.4
NIC: Intel Corporation Ethernet Converged Network Adapter XL710-QDA2 40000 Mbps
Target: x86_64-native-linuxapp-gcc
Fail/Total: 1/2
	Failed Tests:
		- scatter


Ubuntu 20.04
Kernel: 4.15.0-generic
Compiler: gcc 7.4
NIC: Intel Corporation Ethernet Converged Network Adapter 82599ES 10000 Mbps
Target: x86_64-native-linuxapp-gcc
Fail/Total: 0/2


To view detailed results, visit:
https://lab.dpdk.org/results/dashboard/tarballs/18251/

UNH-IOL DPDK Community Lab

To manage your email subscriptions, visit: 
https://lab.dpdk.org/results/dashboard/preferences/subscriptions/

^ permalink raw reply	[flat|nested] 11+ messages in thread

* |FAILURE| [GIT MASTER] bab4318634e0d2276e8bae5ea18789cfda813c70
@ 2022-01-12 19:00 dpdklab
  0 siblings, 0 replies; 11+ messages in thread
From: dpdklab @ 2022-01-12 19:00 UTC (permalink / raw)
  To: Georgii Tkachuk, Qian Xu, Lijuan Tu, Test Report, Ferruh Yigit
  Cc: dpdk-test-reports

[-- Attachment #1: Type: text/plain, Size: 600 bytes --]

_Functional Testing issues_

Branch: tags/v20.11

bab4318634e0d2276e8bae5ea18789cfda813c70 --> functional testing fail

Test environment and result as below:

Ubuntu 20.04
Kernel: 4.15.0-generic
Compiler: gcc 7.4
NIC: Intel Corporation Ethernet Converged Network Adapter XL710-QDA2 40000 Mbps
Target: x86_64-native-linuxapp-gcc
Fail/Total: 1/2
	Failed Tests:
		- scatter


To view detailed results, visit:
https://lab.dpdk.org/results/dashboard/tarballs/18251/

UNH-IOL DPDK Community Lab

To manage your email subscriptions, visit: 
https://lab.dpdk.org/results/dashboard/preferences/subscriptions/

^ permalink raw reply	[flat|nested] 11+ messages in thread

* |FAILURE| [GIT MASTER] bab4318634e0d2276e8bae5ea18789cfda813c70
@ 2022-01-12 18:57 dpdklab
  0 siblings, 0 replies; 11+ messages in thread
From: dpdklab @ 2022-01-12 18:57 UTC (permalink / raw)
  To: Georgii Tkachuk, Qian Xu, Lijuan Tu, Test Report, Ferruh Yigit
  Cc: dpdk-test-reports

[-- Attachment #1: Type: text/plain, Size: 3637 bytes --]

_Performance Testing issues_

Branch: tags/v20.11

bab4318634e0d2276e8bae5ea18789cfda813c70 --> performance testing fail

Test environment and result as below:

Ubuntu 20.04
Kernel: 4.15.0-generic
Compiler: gcc 7.4
NIC: Intel Corporation Ethernet Converged Network Adapter XL710-QDA2 40000 Mbps
Target: x86_64-native-linuxapp-gcc
Fail/Total: 0/4

Detail performance results: 
+------------+---------+----------+-------------+------------------------------+
| frame_size | txd/rxd | num_cpus | num_threads |  throughput difference from  |
|            |         |          |             |           expected           |
+============+=========+==========+=============+==============================+
| 64         | 512     | 1        | 1           | -1.7%                        |
+------------+---------+----------+-------------+------------------------------+
| 64         | 2048    | 1        | 1           | -1.5%                        |
+------------+---------+----------+-------------+------------------------------+
| 64         | 512     | 1        | 2           | -3.7%                        |
+------------+---------+----------+-------------+------------------------------+
| 64         | 2048    | 1        | 2           | -3.0%                        |
+------------+---------+----------+-------------+------------------------------+

Ubuntu 20.04
Kernel: 4.15.0-generic
Compiler: gcc 7.4
NIC: Intel Corporation Ethernet Converged Network Adapter 82599ES 10000 Mbps
Target: x86_64-native-linuxapp-gcc
Fail/Total: 0/4

Detail performance results: 
+------------+---------+----------+-------------+------------------------------+
| frame_size | txd/rxd | num_cpus | num_threads |  throughput difference from  |
|            |         |          |             |           expected           |
+============+=========+==========+=============+==============================+
| 64         | 512     | 1        | 1           | -1.1%                        |
+------------+---------+----------+-------------+------------------------------+
| 64         | 2048    | 1        | 1           | -1.3%                        |
+------------+---------+----------+-------------+------------------------------+
| 64         | 512     | 1        | 2           | -0.1%                        |
+------------+---------+----------+-------------+------------------------------+
| 64         | 2048    | 1        | 2           | -0.9%                        |
+------------+---------+----------+-------------+------------------------------+

Ubuntu 20.04 ARM
Kernel: 4.15.0-132-generic
Compiler: gcc 7.5
NIC: Arm Intel Corporation Ethernet Converged Network Adapter XL710-QDA2 40000 Mbps
Target: x86_64-native-linuxapp-gcc
Fail/Total: 2/2

Detail performance results: 
+------------+---------+----------+-------------+------------------------------+
| frame_size | txd/rxd | num_cpus | num_threads |  throughput difference from  |
|            |         |          |             |           expected           |
+============+=========+==========+=============+==============================+
| 64         | 512     | 1        | 1           | -31.5%                       |
+------------+---------+----------+-------------+------------------------------+
| 64         | 2048    | 1        | 1           | -31.2%                       |
+------------+---------+----------+-------------+------------------------------+

To view detailed results, visit:
https://lab.dpdk.org/results/dashboard/tarballs/18251/

UNH-IOL DPDK Community Lab

To manage your email subscriptions, visit: 
https://lab.dpdk.org/results/dashboard/preferences/subscriptions/

^ permalink raw reply	[flat|nested] 11+ messages in thread

* |FAILURE| [GIT MASTER] bab4318634e0d2276e8bae5ea18789cfda813c70
@ 2022-01-12 18:57 dpdklab
  0 siblings, 0 replies; 11+ messages in thread
From: dpdklab @ 2022-01-12 18:57 UTC (permalink / raw)
  To: Georgii Tkachuk, Qian Xu, Lijuan Tu, Test Report, Ferruh Yigit
  Cc: dpdk-test-reports

[-- Attachment #1: Type: text/plain, Size: 3637 bytes --]

_Performance Testing issues_

Branch: tags/v20.11

bab4318634e0d2276e8bae5ea18789cfda813c70 --> performance testing fail

Test environment and result as below:

Ubuntu 20.04
Kernel: 4.15.0-generic
Compiler: gcc 7.4
NIC: Intel Corporation Ethernet Converged Network Adapter XL710-QDA2 40000 Mbps
Target: x86_64-native-linuxapp-gcc
Fail/Total: 0/4

Detail performance results: 
+------------+---------+----------+-------------+------------------------------+
| frame_size | txd/rxd | num_cpus | num_threads |  throughput difference from  |
|            |         |          |             |           expected           |
+============+=========+==========+=============+==============================+
| 64         | 512     | 1        | 1           | -1.7%                        |
+------------+---------+----------+-------------+------------------------------+
| 64         | 2048    | 1        | 1           | -1.5%                        |
+------------+---------+----------+-------------+------------------------------+
| 64         | 512     | 1        | 2           | -3.7%                        |
+------------+---------+----------+-------------+------------------------------+
| 64         | 2048    | 1        | 2           | -3.0%                        |
+------------+---------+----------+-------------+------------------------------+

Ubuntu 20.04
Kernel: 4.15.0-generic
Compiler: gcc 7.4
NIC: Intel Corporation Ethernet Converged Network Adapter 82599ES 10000 Mbps
Target: x86_64-native-linuxapp-gcc
Fail/Total: 0/4

Detail performance results: 
+------------+---------+----------+-------------+------------------------------+
| frame_size | txd/rxd | num_cpus | num_threads |  throughput difference from  |
|            |         |          |             |           expected           |
+============+=========+==========+=============+==============================+
| 64         | 512     | 1        | 1           | -1.1%                        |
+------------+---------+----------+-------------+------------------------------+
| 64         | 2048    | 1        | 1           | -1.3%                        |
+------------+---------+----------+-------------+------------------------------+
| 64         | 512     | 1        | 2           | -0.1%                        |
+------------+---------+----------+-------------+------------------------------+
| 64         | 2048    | 1        | 2           | -0.9%                        |
+------------+---------+----------+-------------+------------------------------+

Ubuntu 20.04 ARM
Kernel: 4.15.0-132-generic
Compiler: gcc 7.5
NIC: Arm Intel Corporation Ethernet Converged Network Adapter XL710-QDA2 40000 Mbps
Target: x86_64-native-linuxapp-gcc
Fail/Total: 2/2

Detail performance results: 
+------------+---------+----------+-------------+------------------------------+
| frame_size | txd/rxd | num_cpus | num_threads |  throughput difference from  |
|            |         |          |             |           expected           |
+============+=========+==========+=============+==============================+
| 64         | 512     | 1        | 1           | -31.5%                       |
+------------+---------+----------+-------------+------------------------------+
| 64         | 2048    | 1        | 1           | -31.2%                       |
+------------+---------+----------+-------------+------------------------------+

To view detailed results, visit:
https://lab.dpdk.org/results/dashboard/tarballs/18251/

UNH-IOL DPDK Community Lab

To manage your email subscriptions, visit: 
https://lab.dpdk.org/results/dashboard/preferences/subscriptions/

^ permalink raw reply	[flat|nested] 11+ messages in thread

end of thread, other threads:[~2022-01-17  6:22 UTC | newest]

Thread overview: 11+ messages (download: mbox.gz / follow: Atom feed)
-- links below jump to the message on this page --
2022-01-15  6:19 |FAILURE| [GIT MASTER] bab4318634e0d2276e8bae5ea18789cfda813c70 dpdklab
  -- strict thread matches above, loose matches on Subject: below --
2022-01-17  6:22 dpdklab
2022-01-16  6:27 dpdklab
2022-01-14  6:24 dpdklab
2022-01-13  6:31 dpdklab
2022-01-12 19:32 dpdklab
2022-01-12 19:06 dpdklab
2022-01-12 19:02 dpdklab
2022-01-12 19:00 dpdklab
2022-01-12 18:57 dpdklab
2022-01-12 18:57 dpdklab

automatic DPDK test reports

This inbox may be cloned and mirrored by anyone:

	git clone --mirror http://inbox.dpdk.org/test-report/0 test-report/git/0.git

	# If you have public-inbox 1.1+ installed, you may
	# initialize and index your mirror using the following commands:
	public-inbox-init -V2 test-report test-report/ http://inbox.dpdk.org/test-report \
		test-report@dpdk.org
	public-inbox-index test-report

Example config snippet for mirrors.
Newsgroup available over NNTP:
	nntp://inbox.dpdk.org/inbox.dpdk.test-report


AGPL code for this site: git clone https://public-inbox.org/public-inbox.git