* |SUCCESS| pw105877 [PATCH v3] eal: fix unaligned loads/stores in rte_memcpy_generic [not found] <20220116141304.474374-1-lucp.at.work@gmail.com> @ 2022-01-16 14:16 ` checkpatch 2022-01-16 15:39 ` |FAILURE| " 0-day Robot 1 sibling, 0 replies; 9+ messages in thread From: checkpatch @ 2022-01-16 14:16 UTC (permalink / raw) To: test-report Test-Label: checkpatch Test-Status: SUCCESS http://dpdk.org/patch/105877 _coding style OK_ ^ permalink raw reply [flat|nested] 9+ messages in thread
* |FAILURE| pw105877 [PATCH v3] eal: fix unaligned loads/stores in rte_memcpy_generic [not found] <20220116141304.474374-1-lucp.at.work@gmail.com> 2022-01-16 14:16 ` |SUCCESS| pw105877 [PATCH v3] eal: fix unaligned loads/stores in rte_memcpy_generic checkpatch @ 2022-01-16 15:39 ` 0-day Robot 1 sibling, 0 replies; 9+ messages in thread From: 0-day Robot @ 2022-01-16 15:39 UTC (permalink / raw) To: test-report; +Cc: lucp.at.work, robot From: robot@bytheb.org Test-Label: github-robot: build Test-Status: FAILURE http://patchwork.dpdk.org/patch/105877/ _github build: failed_ Build URL: https://github.com/ovsrobot/dpdk/actions/runs/1704471817 Build Logs: -----------------------Summary of failed steps----------------------- "ubuntu-18.04-gcc-static" failed at step Build and test "ubuntu-18.04-gcc-shared-mini" failed at step Build and test "ubuntu-18.04-gcc-shared-abi+doc+tests" failed at step Build and test "ubuntu-18.04-gcc-static-i386" failed at step Build and test ----------------------End summary of failed steps-------------------- -------------------------------BEGIN LOGS---------------------------- #################################################################################### #### [Begin job log] "ubuntu-18.04-gcc-static" at step Build and test #################################################################################### cb = <optimized out> #4 flush_fwd_rx_queues () at ../app/test-pmd/testpmd.c:2163 pkts_burst = {0x0 <repeats 512 times>} rxp = <optimized out> port_id = <optimized out> rxq = <optimized out> nb_rx = <optimized out> i = <optimized out> j = <optimized out> prev_tsc = <optimized out> diff_tsc = <optimized out> cur_tsc = <optimized out> timer_tsc = 6809501 timer_period = <optimized out> #5 0x000055f83feef0fa in start_packet_forwarding (with_tx_first=with_tx_first@entry=0) at ../app/test-pmd/testpmd.c:2339 port_fwd_begin = 0x0 port_fwd_end = <optimized out> i = <optimized out> #6 0x000055f83fad550a in main (argc=<optimized out>, argv=<optimized out>) at ../app/test-pmd/testpmd.c:4261 diag = <optimized out> port_id = 32 count = <optimized out> ret = <optimized out> + return 1 ##[error]Process completed with exit code 1. #################################################################################### #### [End job log] "ubuntu-18.04-gcc-static" at step Build and test #################################################################################### #################################################################################### #### [Begin job log] "ubuntu-18.04-gcc-shared-mini" at step Build and test #################################################################################### cb = <optimized out> #4 flush_fwd_rx_queues () at ../app/test-pmd/testpmd.c:2163 pkts_burst = {0x0 <repeats 512 times>} rxp = <optimized out> port_id = <optimized out> rxq = <optimized out> nb_rx = <optimized out> i = <optimized out> j = <optimized out> prev_tsc = <optimized out> diff_tsc = <optimized out> cur_tsc = <optimized out> timer_tsc = 828380 timer_period = <optimized out> #5 0x000055c4670660fa in start_packet_forwarding (with_tx_first=with_tx_first@entry=0) at ../app/test-pmd/testpmd.c:2339 port_fwd_begin = 0x0 port_fwd_end = <optimized out> i = <optimized out> #6 0x000055c467024241 in main (argc=<optimized out>, argv=<optimized out>) at ../app/test-pmd/testpmd.c:4261 diag = <optimized out> port_id = 32 count = <optimized out> ret = <optimized out> + return 1 ##[error]Process completed with exit code 1. #################################################################################### #### [End job log] "ubuntu-18.04-gcc-shared-mini" at step Build and test #################################################################################### #################################################################################### #### [Begin job log] "ubuntu-18.04-gcc-shared-abi+doc+tests" at step Build and test #################################################################################### cb = <optimized out> #4 flush_fwd_rx_queues () at ../app/test-pmd/testpmd.c:2163 pkts_burst = {0x0 <repeats 512 times>} rxp = <optimized out> port_id = <optimized out> rxq = <optimized out> nb_rx = <optimized out> i = <optimized out> j = <optimized out> prev_tsc = <optimized out> diff_tsc = <optimized out> cur_tsc = <optimized out> timer_tsc = 1044164 timer_period = <optimized out> #5 0x00005592dc46e3ea in start_packet_forwarding (with_tx_first=with_tx_first@entry=0) at ../app/test-pmd/testpmd.c:2339 port_fwd_begin = 0x0 port_fwd_end = <optimized out> i = <optimized out> #6 0x00005592dc426dda in main (argc=<optimized out>, argv=<optimized out>) at ../app/test-pmd/testpmd.c:4261 diag = <optimized out> port_id = 32 count = <optimized out> ret = <optimized out> + return 1 ##[error]Process completed with exit code 1. #################################################################################### #### [End job log] "ubuntu-18.04-gcc-shared-abi+doc+tests" at step Build and test #################################################################################### #################################################################################### #### [Begin job log] "ubuntu-18.04-gcc-static-i386" at step Build and test #################################################################################### cb = <optimized out> #4 flush_fwd_rx_queues () at ../app/test-pmd/testpmd.c:2163 pkts_burst = {0x0, 0x0, 0x0, 0xf4b97040, 0x0, 0x0, 0x0, 0xf4b9b040, 0x0, 0x0, 0x0, 0xf4b9f040, 0x0, 0x0, 0x0, 0xf4ba3040, 0x0, 0x0, 0x0, 0xf4ba7040, 0x0, 0x0, 0x0, 0xf4bab040, 0x0, 0x0, 0x0, 0xf4baf040, 0x0, 0x0, 0x0, 0xf4bb3040, 0x0, 0x0, 0x0, 0xf4bb7040, 0x0, 0x0, 0x0, 0xf4bbb040, 0x0, 0x0, 0x0, 0xf4bbf040, 0x0, 0x0, 0x0, 0xf4bc3040, 0x0, 0x0, 0x0, 0xf4bc7040, 0x0, 0x0, 0x0, 0xf4bcb040, 0x0, 0x0, 0x0, 0xf4bcf040, 0x0, 0x0, 0x0, 0xf4bd3040, 0x0, 0x0, 0x0, 0xf4bd7040, 0x0, 0x0, 0x0, 0xf4bdb040, 0x0, 0x0, 0x0, 0xf4bdf040, 0x0, 0x0, 0x0, 0xf4be3040, 0x0, 0x0, 0x0, 0xf4be7040, 0x0, 0x0, 0x0, 0xf4beb040, 0x0, 0x0, 0x0, 0xf4bef040, 0x0, 0x0, 0x0, 0xf4bf3040, 0x0, 0x0, 0x0, 0xf4bf7040, 0x0, 0x0, 0x0, 0xf4bfb040, 0x0, 0x0, 0x0, 0xf4bff040, 0x0, 0x0, 0x0, 0xf4c03040, 0x0, 0x0, 0x0, 0xf4c07040, 0x0, 0x0, 0x0, 0xf4c0b040, 0x0, 0x0, 0x0, 0xf4c0f040, 0x0, 0x0, 0x0, 0x0, 0xf4c14040, 0x0, 0x0, 0x0, 0xf4c18040, 0x0, 0x0, 0x0, 0xf4c1c040, 0x0, 0x0, 0x0, 0xf4c20040, 0x0, 0x0, 0x0, 0xf4c24040, 0x0, 0x0, 0x0, 0xf4c28040, 0x0, 0x0, 0x0, 0xf4c2c040, 0x0, 0x0, 0x0, 0xf4c30040, 0x0, 0x0, 0x0, 0xf4c34040, 0x0, 0x0, 0x0, 0xf4c38040, 0x0, 0x0, 0x0, 0xf4c3c040, 0x0, 0x0, 0x0, 0xf4c40040, 0x0, 0x0, 0x0, 0xf4c44040, 0x0, 0x0, 0x0, 0xf4c48040, 0x0, 0x0, 0x0, 0xf4c4c040, 0x0, 0x0, 0x0, 0xf4c50040, 0x0, 0x0, 0x0, 0xf4c54040, 0x0, 0x0, 0x0, 0xf4c58040, 0x0, 0x0, 0x0...} rxp = <optimized out> port_id = <optimized out> rxq = <optimized out> nb_rx = <optimized out> i = <optimized out> j = <optimized out> prev_tsc = <optimized out> diff_tsc = <optimized out> cur_tsc = <optimized out> timer_tsc = 542934 timer_period = <optimized out> #5 0x56701912 in start_packet_forwarding (with_tx_first=<optimized out>) at ../app/test-pmd/testpmd.c:2339 port_fwd_begin = <optimized out> port_fwd_end = <optimized out> i = <optimized out> #6 0x566aaa1e in main (argc=<optimized out>, argv=<optimized out>) at ../app/test-pmd/testpmd.c:4261 diag = <optimized out> port_id = 32 count = <optimized out> ret = <optimized out> + return 1 ##[error]Process completed with exit code 1. #################################################################################### #### [End job log] "ubuntu-18.04-gcc-static-i386" at step Build and test #################################################################################### --------------------------------END LOGS----------------------------- ^ permalink raw reply [flat|nested] 9+ messages in thread
* |SUCCESS| pw105877 [PATCH] [v3] eal: fix unaligned loads/stores in rte_memcpy_generic @ 2022-01-16 14:40 dpdklab 0 siblings, 0 replies; 9+ messages in thread From: dpdklab @ 2022-01-16 14:40 UTC (permalink / raw) To: Test Report; +Cc: dpdk-test-reports [-- Attachment #1: Type: text/plain, Size: 1482 bytes --] Test-Label: iol-intel-Performance Test-Status: SUCCESS http://dpdk.org/patch/105877 _Performance Testing PASS_ Submitter: Luc Pelletier <lucp.at.work@gmail.com> Date: Sunday, January 16 2022 14:13:05 DPDK git baseline: Repo:dpdk Branch: master CommitID:6f716880ee53ac1e50c9c75dc749886e3257bb8f 105877 --> performance testing pass Test environment and result as below: Ubuntu 20.04 ARM Kernel: 4.15.0-132-generic Compiler: gcc 7.5 NIC: Arm Intel Corporation Ethernet Converged Network Adapter XL710-QDA2 40000 Mbps Target: x86_64-native-linuxapp-gcc Fail/Total: 0/2 Detail performance results: +------------+---------+----------+-------------+------------------------------+ | frame_size | txd/rxd | num_cpus | num_threads | throughput difference from | | | | | | expected | +============+=========+==========+=============+==============================+ | 64 | 512 | 1 | 1 | -1.0% | +------------+---------+----------+-------------+------------------------------+ | 64 | 2048 | 1 | 1 | -0.3% | +------------+---------+----------+-------------+------------------------------+ To view detailed results, visit: https://lab.dpdk.org/results/dashboard/patchsets/20675/ UNH-IOL DPDK Community Lab To manage your email subscriptions, visit: https://lab.dpdk.org/results/dashboard/preferences/subscriptions/ ^ permalink raw reply [flat|nested] 9+ messages in thread
* |SUCCESS| pw105877 [PATCH] [v3] eal: fix unaligned loads/stores in rte_memcpy_generic @ 2022-01-16 14:49 dpdklab 0 siblings, 0 replies; 9+ messages in thread From: dpdklab @ 2022-01-16 14:49 UTC (permalink / raw) To: Ajit Khaparde, Test Report; +Cc: dpdk-test-reports [-- Attachment #1: Type: text/plain, Size: 1799 bytes --] Test-Label: iol-broadcom-Performance Test-Status: SUCCESS http://dpdk.org/patch/105877 _Performance Testing PASS_ Submitter: Luc Pelletier <lucp.at.work@gmail.com> Date: Sunday, January 16 2022 14:13:05 DPDK git baseline: Repo:dpdk Branch: master CommitID:6f716880ee53ac1e50c9c75dc749886e3257bb8f 105877 --> performance testing pass Test environment and result as below: Ubuntu 20.04 Kernel: 4.15.0-65-generic Compiler: gcc gcc (Ubuntu 7.4.0-1ubuntu1~18.04.1) 7.4.0 NIC: Broadcom Inc. brcm_57414 25000 Mbps Target: x86_64-native-linuxapp-gcc Fail/Total: 0/4 Detail performance results: +----------+-------------+---------+------------+------------------------------+ | num_cpus | num_threads | txd/rxd | frame_size | throughput difference from | | | | | | expected | +==========+=============+=========+============+==============================+ | 1 | 2 | 512 | 64 | -0.2% | +----------+-------------+---------+------------+------------------------------+ | 1 | 2 | 2048 | 64 | 0.0% | +----------+-------------+---------+------------+------------------------------+ | 1 | 1 | 512 | 64 | -0.0% | +----------+-------------+---------+------------+------------------------------+ | 1 | 1 | 2048 | 64 | -0.0% | +----------+-------------+---------+------------+------------------------------+ To view detailed results, visit: https://lab.dpdk.org/results/dashboard/patchsets/20675/ UNH-IOL DPDK Community Lab To manage your email subscriptions, visit: https://lab.dpdk.org/results/dashboard/preferences/subscriptions/ ^ permalink raw reply [flat|nested] 9+ messages in thread
* |SUCCESS| pw105877 [PATCH] [v3] eal: fix unaligned loads/stores in rte_memcpy_generic @ 2022-01-16 14:51 dpdklab 0 siblings, 0 replies; 9+ messages in thread From: dpdklab @ 2022-01-16 14:51 UTC (permalink / raw) To: Test Report; +Cc: dpdk-test-reports [-- Attachment #1: Type: text/plain, Size: 2667 bytes --] Test-Label: iol-intel-Performance Test-Status: SUCCESS http://dpdk.org/patch/105877 _Performance Testing PASS_ Submitter: Luc Pelletier <lucp.at.work@gmail.com> Date: Sunday, January 16 2022 14:13:05 DPDK git baseline: Repo:dpdk Branch: master CommitID:6f716880ee53ac1e50c9c75dc749886e3257bb8f 105877 --> performance testing pass Test environment and result as below: Ubuntu 20.04 ARM Kernel: 4.15.0-132-generic Compiler: gcc 7.5 NIC: Arm Intel Corporation Ethernet Converged Network Adapter XL710-QDA2 40000 Mbps Target: x86_64-native-linuxapp-gcc Fail/Total: 0/2 Detail performance results: +------------+---------+----------+-------------+------------------------------+ | frame_size | txd/rxd | num_cpus | num_threads | throughput difference from | | | | | | expected | +============+=========+==========+=============+==============================+ | 64 | 512 | 1 | 1 | -1.0% | +------------+---------+----------+-------------+------------------------------+ | 64 | 2048 | 1 | 1 | -0.3% | +------------+---------+----------+-------------+------------------------------+ Ubuntu 20.04 Kernel: 4.15.0-generic Compiler: gcc 7.4 NIC: Intel Corporation Ethernet Converged Network Adapter 82599ES 10000 Mbps Target: x86_64-native-linuxapp-gcc Fail/Total: 0/4 Detail performance results: +------------+---------+----------+-------------+------------------------------+ | frame_size | txd/rxd | num_cpus | num_threads | throughput difference from | | | | | | expected | +============+=========+==========+=============+==============================+ | 64 | 512 | 1 | 1 | 0.2% | +------------+---------+----------+-------------+------------------------------+ | 64 | 2048 | 1 | 1 | -0.1% | +------------+---------+----------+-------------+------------------------------+ | 64 | 512 | 1 | 2 | 0.9% | +------------+---------+----------+-------------+------------------------------+ | 64 | 2048 | 1 | 2 | -0.3% | +------------+---------+----------+-------------+------------------------------+ To view detailed results, visit: https://lab.dpdk.org/results/dashboard/patchsets/20675/ UNH-IOL DPDK Community Lab To manage your email subscriptions, visit: https://lab.dpdk.org/results/dashboard/preferences/subscriptions/ ^ permalink raw reply [flat|nested] 9+ messages in thread
* |SUCCESS| pw105877 [PATCH] [v3] eal: fix unaligned loads/stores in rte_memcpy_generic @ 2022-01-16 15:11 dpdklab 0 siblings, 0 replies; 9+ messages in thread From: dpdklab @ 2022-01-16 15:11 UTC (permalink / raw) To: Test Report; +Cc: dpdklab [-- Attachment #1: Type: text/plain, Size: 3215 bytes --] Test-Label: iol-abi-testing Test-Status: SUCCESS http://dpdk.org/patch/105877 _Testing PASS_ Submitter: Luc Pelletier <lucp.at.work@gmail.com> Date: Sunday, January 16 2022 14:13:05 DPDK git baseline: Repo:dpdk Branch: master CommitID:6f716880ee53ac1e50c9c75dc749886e3257bb8f 105877 --> testing pass Test environment and result as below: +-----------------------------+----------+ | Environment | abi_test | +=============================+==========+ | Ubuntu 20.04 ARM GCC Native | PASS | +-----------------------------+----------+ | FreeBSD 13 | PASS | +-----------------------------+----------+ | Ubuntu 18.04 | PASS | +-----------------------------+----------+ | RHEL 7 | PASS | +-----------------------------+----------+ | openSUSE Leap 15 | PASS | +-----------------------------+----------+ | Arch Linux | PASS | +-----------------------------+----------+ | CentOS Stream 8 | PASS | +-----------------------------+----------+ | RHEL8 | PASS | +-----------------------------+----------+ | Fedora 31 | PASS | +-----------------------------+----------+ | CentOS 8 | PASS | +-----------------------------+----------+ | Ubuntu 20.04 | PASS | +-----------------------------+----------+ | Fedora 34 | PASS | +-----------------------------+----------+ | Fedora 34 clang | PASS | +-----------------------------+----------+ | Fedora 33 | PASS | +-----------------------------+----------+ | Fedora 32 | PASS | +-----------------------------+----------+ Ubuntu 20.04 ARM GCC Native Kernel: 5.4.0-53-generic Compiler: gcc 9.3 FreeBSD 13 Kernel: 13.0 Compiler: clang 11.0.1 Ubuntu 18.04 Kernel: 4.18.0-240.10.1.el8_3.x86_64 Compiler: gcc 7.5.0-3ubuntu1~18.04 RHEL 7 Kernel: 4.18.0-240.10.1.el8_3.x86_64 Compiler: gcc 4.8.5 20150623 (Red Hat 4.8.5-44) openSUSE Leap 15 Kernel: 4.18.0-240.10.1.el8_3.x86_64 Compiler: gcc 7.5.0 Arch Linux Kernel: 5.4.0-73-generic Compiler: gcc 11.1.0 CentOS Stream 8 Kernel: 4.18.0-240.10.1.el8_3.x86_64 Compiler: gcc 8.4.1 20200928 RHEL8 Kernel: 4.18.0-240.10.1.el8_3.x86_64 Compiler: gcc 8.3.1 20191121 (Red Hat 8.3.1-5) Fedora 31 Kernel: 4.18.0-240.10.1.el8_3.x86_64 Compiler: gcc 9.3.1 CentOS 8 Kernel: 4.18.0-240.10.1.el8_3.x86_64 Compiler: gcc 8.3.1 20191121 (Red Hat 8.3.1-5) Ubuntu 20.04 Kernel: 4.18.0-240.10.1.el8_3.x86_64 Compiler: gcc 9.3.0-17ubuntu1~20.04 Fedora 34 Kernel: 5.4.0-72-generic Compiler: gcc 11.1.1 20210428 (Red Hat 11.1.1-1) Fedora 34 clang Kernel: 5.4.0-72-generic Compiler: clang 12.0.0 (Fedora 12.0.0-0.3.rc1.fc34) Fedora 33 Kernel: 5.4.0-72-generic Compiler: gcc 10.3.1 20210422 (Red Hat 10.3.1-1) Fedora 32 Kernel: 4.18.0-240.10.1.el8_3.x86_64 Compiler: gcc 10.2.1 To view detailed results, visit: https://lab.dpdk.org/results/dashboard/patchsets/20675/ UNH-IOL DPDK Community Lab To manage your email subscriptions, visit: https://lab.dpdk.org/results/dashboard/preferences/subscriptions/ ^ permalink raw reply [flat|nested] 9+ messages in thread
* |SUCCESS| pw105877 [PATCH] [v3] eal: fix unaligned loads/stores in rte_memcpy_generic @ 2022-01-16 15:18 dpdklab 0 siblings, 0 replies; 9+ messages in thread From: dpdklab @ 2022-01-16 15:18 UTC (permalink / raw) To: Test Report; +Cc: dpdklab [-- Attachment #1: Type: text/plain, Size: 2139 bytes --] Test-Label: iol-aarch64-compile-testing Test-Status: SUCCESS http://dpdk.org/patch/105877 _Testing PASS_ Submitter: Luc Pelletier <lucp.at.work@gmail.com> Date: Sunday, January 16 2022 14:13:05 DPDK git baseline: Repo:dpdk Branch: master CommitID:6f716880ee53ac1e50c9c75dc749886e3257bb8f 105877 --> testing pass Test environment and result as below: +----------------------------------------+--------------------+ | Environment | dpdk_meson_compile | +========================================+====================+ | Ubuntu 20.04 ARM GCC Native | PASS | +----------------------------------------+--------------------+ | Ubuntu 20.04 ARM Clang Native | PASS | +----------------------------------------+--------------------+ | Ubuntu 20.04 aarch32 GCC Cross Compile | PASS | +----------------------------------------+--------------------+ | Ubuntu 20.04 ARM GCC Cross Compile | PASS | +----------------------------------------+--------------------+ | Ubuntu 20.04 ARM Clang Cross Compile | PASS | +----------------------------------------+--------------------+ | Ubuntu 20.04 ARM SVE | PASS | +----------------------------------------+--------------------+ Ubuntu 20.04 ARM GCC Native Kernel: 5.4.0-53-generic Compiler: gcc 9.3 Ubuntu 20.04 ARM Clang Native Kernel: 5.4.0-53-generic Compiler: clang 10.0.0-4ubuntu1 Ubuntu 20.04 aarch32 GCC Cross Compile Kernel: 5.4.0-72-generic Compiler: gcc 9.3.0 Ubuntu 20.04 ARM GCC Cross Compile Kernel: 5.4.0-72-generic Compiler: aarch64-linux-gnu-gcc (Ubuntu 9.3.0-17ubuntu1~20.04) 9.3.0 Ubuntu 20.04 ARM Clang Cross Compile Kernel: 5.4.0-72-generic Compiler: clang version 10.0.0-4ubuntu1 Ubuntu 20.04 ARM SVE Kernel: 5.4.0-80-generic Compiler: gcc 10.3.0 (Ubuntu 10.3.0-1ubuntu1~20.04) To view detailed results, visit: https://lab.dpdk.org/results/dashboard/patchsets/20675/ UNH-IOL DPDK Community Lab To manage your email subscriptions, visit: https://lab.dpdk.org/results/dashboard/preferences/subscriptions/ ^ permalink raw reply [flat|nested] 9+ messages in thread
* |SUCCESS| pw105877 [PATCH] [v3] eal: fix unaligned loads/stores in rte_memcpy_generic @ 2022-01-16 15:28 dpdklab 0 siblings, 0 replies; 9+ messages in thread From: dpdklab @ 2022-01-16 15:28 UTC (permalink / raw) To: Test Report; +Cc: dpdklab [-- Attachment #1: Type: text/plain, Size: 1446 bytes --] Test-Label: iol-aarch64-unit-testing Test-Status: SUCCESS http://dpdk.org/patch/105877 _Testing PASS_ Submitter: Luc Pelletier <lucp.at.work@gmail.com> Date: Sunday, January 16 2022 14:13:05 DPDK git baseline: Repo:dpdk Branch: master CommitID:6f716880ee53ac1e50c9c75dc749886e3257bb8f 105877 --> testing pass Test environment and result as below: +-------------------------------+----------------+--------------+ | Environment | dpdk_unit_test | lpm_autotest | +===============================+================+==============+ | Ubuntu 20.04 ARM GCC Native | PASS | SKIPPED | +-------------------------------+----------------+--------------+ | Ubuntu 20.04 ARM Clang Native | PASS | SKIPPED | +-------------------------------+----------------+--------------+ | Ubuntu 20.04 ARM SVE | SKIPPED | PASS | +-------------------------------+----------------+--------------+ Ubuntu 20.04 ARM GCC Native Kernel: 5.4.0-53-generic Compiler: gcc 9.3 Ubuntu 20.04 ARM Clang Native Kernel: 5.4.0-53-generic Compiler: clang 10.0.0-4ubuntu1 Ubuntu 20.04 ARM SVE Kernel: 5.4.0-80-generic Compiler: gcc 10.3.0 (Ubuntu 10.3.0-1ubuntu1~20.04) To view detailed results, visit: https://lab.dpdk.org/results/dashboard/patchsets/20675/ UNH-IOL DPDK Community Lab To manage your email subscriptions, visit: https://lab.dpdk.org/results/dashboard/preferences/subscriptions/ ^ permalink raw reply [flat|nested] 9+ messages in thread
* |SUCCESS| pw105877 [PATCH] [v3] eal: fix unaligned loads/stores in rte_memcpy_generic @ 2022-01-16 15:29 dpdklab 0 siblings, 0 replies; 9+ messages in thread From: dpdklab @ 2022-01-16 15:29 UTC (permalink / raw) To: Test Report; +Cc: dpdk-test-reports [-- Attachment #1: Type: text/plain, Size: 4284 bytes --] Test-Label: iol-x86_64-compile-testing Test-Status: SUCCESS http://dpdk.org/patch/105877 _Testing PASS_ Submitter: Luc Pelletier <lucp.at.work@gmail.com> Date: Sunday, January 16 2022 14:13:05 DPDK git baseline: Repo:dpdk Branch: master CommitID:6f716880ee53ac1e50c9c75dc749886e3257bb8f 105877 --> testing pass Test environment and result as below: +---------------------+--------------------+----------------------+ | Environment | dpdk_meson_compile | dpdk_mingw64_compile | +=====================+====================+======================+ | Windows Server 2019 | PASS | PASS | +---------------------+--------------------+----------------------+ | FreeBSD 13 | PASS | SKIPPED | +---------------------+--------------------+----------------------+ | openSUSE Leap 15 | PASS | SKIPPED | +---------------------+--------------------+----------------------+ | Ubuntu 18.04 | PASS | SKIPPED | +---------------------+--------------------+----------------------+ | CentOS 8 | PASS | SKIPPED | +---------------------+--------------------+----------------------+ | CentOS Stream 8 | PASS | SKIPPED | +---------------------+--------------------+----------------------+ | Fedora 32 | PASS | SKIPPED | +---------------------+--------------------+----------------------+ | Fedora 34 | PASS | SKIPPED | +---------------------+--------------------+----------------------+ | Fedora 31 | PASS | SKIPPED | +---------------------+--------------------+----------------------+ | Ubuntu 20.04 | PASS | SKIPPED | +---------------------+--------------------+----------------------+ | Arch Linux | PASS | SKIPPED | +---------------------+--------------------+----------------------+ | Fedora 34 clang | PASS | SKIPPED | +---------------------+--------------------+----------------------+ | RHEL 7 | PASS | SKIPPED | +---------------------+--------------------+----------------------+ | Fedora 33 | PASS | SKIPPED | +---------------------+--------------------+----------------------+ | RHEL8 | PASS | SKIPPED | +---------------------+--------------------+----------------------+ | Alpine | PASS | SKIPPED | +---------------------+--------------------+----------------------+ Windows Server 2019 Kernel: 10.0 Compiler: clang 9.0 and gcc 8.1.0 (MinGW) FreeBSD 13 Kernel: 13.0 Compiler: clang 11.0.1 openSUSE Leap 15 Kernel: 4.18.0-240.10.1.el8_3.x86_64 Compiler: gcc 7.5.0 Ubuntu 18.04 Kernel: 4.18.0-240.10.1.el8_3.x86_64 Compiler: gcc 7.5.0-3ubuntu1~18.04 CentOS 8 Kernel: 4.18.0-240.10.1.el8_3.x86_64 Compiler: gcc 8.3.1 20191121 (Red Hat 8.3.1-5) CentOS Stream 8 Kernel: 4.18.0-240.10.1.el8_3.x86_64 Compiler: gcc 8.4.1 20200928 Fedora 32 Kernel: 4.18.0-240.10.1.el8_3.x86_64 Compiler: gcc 10.2.1 Fedora 34 Kernel: 5.4.0-72-generic Compiler: gcc 11.1.1 20210428 (Red Hat 11.1.1-1) Fedora 31 Kernel: 4.18.0-240.10.1.el8_3.x86_64 Compiler: gcc 9.3.1 Ubuntu 20.04 Kernel: 4.18.0-240.10.1.el8_3.x86_64 Compiler: gcc 9.3.0-17ubuntu1~20.04 Arch Linux Kernel: 5.4.0-73-generic Compiler: gcc 11.1.0 Fedora 34 clang Kernel: 5.4.0-72-generic Compiler: clang 12.0.0 (Fedora 12.0.0-0.3.rc1.fc34) RHEL 7 Kernel: 4.18.0-240.10.1.el8_3.x86_64 Compiler: gcc 4.8.5 20150623 (Red Hat 4.8.5-44) Fedora 33 Kernel: 5.4.0-72-generic Compiler: gcc 10.3.1 20210422 (Red Hat 10.3.1-1) RHEL8 Kernel: 4.18.0-240.10.1.el8_3.x86_64 Compiler: gcc 8.3.1 20191121 (Red Hat 8.3.1-5) Alpine Kernel: 5.4.0-73-generic Compiler: gcc (Alpine 10.3.1_git20210424) 10.3.1 20210424 To view detailed results, visit: https://lab.dpdk.org/results/dashboard/patchsets/20675/ UNH-IOL DPDK Community Lab To manage your email subscriptions, visit: https://lab.dpdk.org/results/dashboard/preferences/subscriptions/ ^ permalink raw reply [flat|nested] 9+ messages in thread
end of thread, other threads:[~2022-01-16 15:30 UTC | newest] Thread overview: 9+ messages (download: mbox.gz / follow: Atom feed) -- links below jump to the message on this page -- [not found] <20220116141304.474374-1-lucp.at.work@gmail.com> 2022-01-16 14:16 ` |SUCCESS| pw105877 [PATCH v3] eal: fix unaligned loads/stores in rte_memcpy_generic checkpatch 2022-01-16 15:39 ` |FAILURE| " 0-day Robot 2022-01-16 14:40 |SUCCESS| pw105877 [PATCH] [v3] " dpdklab 2022-01-16 14:49 dpdklab 2022-01-16 14:51 dpdklab 2022-01-16 15:11 dpdklab 2022-01-16 15:18 dpdklab 2022-01-16 15:28 dpdklab 2022-01-16 15:29 dpdklab
This is a public inbox, see mirroring instructions for how to clone and mirror all data and code used for this inbox; as well as URLs for NNTP newsgroup(s).