From: dpdklab@iol.unh.edu
To: Test Report <test-report@dpdk.org>
Cc: dpdklab@iol.unh.edu, Luc Pelletier <lucp.at.work@gmail.com>
Subject: |FAILURE| pw105877 [PATCH] [v3] eal: fix unaligned loads/stores in rte_memcpy_generic
Date: Sun, 16 Jan 2022 15:41:23 +0000 (UTC) [thread overview]
Message-ID: <20220116154123.52122602B7@dpdk-ubuntu.dpdklab.iol.unh.edu> (raw)
[-- Attachment #1: Type: text/plain, Size: 3851 bytes --]
Test-Label: iol-x86_64-unit-testing
Test-Status: FAILURE
http://dpdk.org/patch/105877
_Testing issues_
Submitter: Luc Pelletier <lucp.at.work@gmail.com>
Date: Sunday, January 16 2022 14:13:05
DPDK git baseline: Repo:dpdk
Branch: master
CommitID:6f716880ee53ac1e50c9c75dc749886e3257bb8f
105877 --> testing fail
Test environment and result as below:
+------------------+----------------+
| Environment | dpdk_unit_test |
+==================+================+
| CentOS 8 | FAIL |
+------------------+----------------+
| Ubuntu 18.04 | FAIL |
+------------------+----------------+
| Arch Linux | FAIL |
+------------------+----------------+
| Fedora 32 | FAIL |
+------------------+----------------+
| CentOS Stream 8 | FAIL |
+------------------+----------------+
| openSUSE Leap 15 | FAIL |
+------------------+----------------+
| RHEL8 | FAIL |
+------------------+----------------+
| RHEL 7 | FAIL |
+------------------+----------------+
| Fedora 31 | FAIL |
+------------------+----------------+
| Fedora 33 | FAIL |
+------------------+----------------+
| Fedora 34 clang | PASS |
+------------------+----------------+
| Fedora 34 | FAIL |
+------------------+----------------+
| Ubuntu 20.04 | FAIL |
+------------------+----------------+
==== 20 line log output for Ubuntu 20.04 (dpdk_unit_test): ====
89/99 DPDK:fast-tests / trace_autotest OK 0.17 s
90/99 DPDK:fast-tests / metrics_autotest OK 0.17 s
91/99 DPDK:fast-tests / telemetry_json_autotest OK 0.17 s
92/99 DPDK:fast-tests / telemetry_data_autotest OK 0.17 s
93/99 DPDK:fast-tests / ring_pmd_autotest OK 0.17 s
94/99 DPDK:fast-tests / event_eth_tx_adapter_autotest OK 0.47 s
95/99 DPDK:fast-tests / bitratestats_autotest OK 0.17 s
96/99 DPDK:fast-tests / latencystats_autotest OK 0.17 s
97/99 DPDK:fast-tests / pdump_autotest OK 5.22 s
98/99 DPDK:fast-tests / vdev_autotest OK 0.17 s
99/99 DPDK:fast-tests / compressdev_autotest SKIP 0.17 s
Ok: 86
Expected Fail: 0
Fail: 8
Unexpected Pass: 0
Skipped: 5
Timeout: 0
Full log written to /home-local/jenkins-local/jenkins-agent/workspace/Generic-Unit-Test-DPDK/dpdk/build/meson-logs/testlog.txt
==== End log output ====
CentOS 8
Kernel: 4.18.0-240.10.1.el8_3.x86_64
Compiler: gcc 8.3.1 20191121 (Red Hat 8.3.1-5)
Ubuntu 18.04
Kernel: 4.18.0-240.10.1.el8_3.x86_64
Compiler: gcc 7.5.0-3ubuntu1~18.04
Arch Linux
Kernel: 5.4.0-73-generic
Compiler: gcc 11.1.0
Fedora 32
Kernel: 4.18.0-240.10.1.el8_3.x86_64
Compiler: gcc 10.2.1
CentOS Stream 8
Kernel: 4.18.0-240.10.1.el8_3.x86_64
Compiler: gcc 8.4.1 20200928
openSUSE Leap 15
Kernel: 4.18.0-240.10.1.el8_3.x86_64
Compiler: gcc 7.5.0
RHEL8
Kernel: 4.18.0-240.10.1.el8_3.x86_64
Compiler: gcc 8.3.1 20191121 (Red Hat 8.3.1-5)
RHEL 7
Kernel: 4.18.0-240.10.1.el8_3.x86_64
Compiler: gcc 4.8.5 20150623 (Red Hat 4.8.5-44)
Fedora 31
Kernel: 4.18.0-240.10.1.el8_3.x86_64
Compiler: gcc 9.3.1
Fedora 33
Kernel: 5.4.0-72-generic
Compiler: gcc 10.3.1 20210422 (Red Hat 10.3.1-1)
Fedora 34 clang
Kernel: 5.4.0-72-generic
Compiler: clang 12.0.0 (Fedora 12.0.0-0.3.rc1.fc34)
Fedora 34
Kernel: 5.4.0-72-generic
Compiler: gcc 11.1.1 20210428 (Red Hat 11.1.1-1)
Ubuntu 20.04
Kernel: 4.18.0-240.10.1.el8_3.x86_64
Compiler: gcc 9.3.0-17ubuntu1~20.04
To view detailed results, visit:
https://lab.dpdk.org/results/dashboard/patchsets/20675/
UNH-IOL DPDK Community Lab
To manage your email subscriptions, visit:
https://lab.dpdk.org/results/dashboard/preferences/subscriptions/
next reply other threads:[~2022-01-16 15:41 UTC|newest]
Thread overview: 6+ messages / expand[flat|nested] mbox.gz Atom feed top
2022-01-16 15:41 dpdklab [this message]
[not found] <20220116141304.474374-1-lucp.at.work@gmail.com>
2022-01-16 15:39 ` |FAILURE| pw105877 [PATCH v3] " 0-day Robot
-- strict thread matches above, loose matches on Subject: below --
2022-01-16 14:47 |FAILURE| pw105877 [PATCH] [v3] " dpdklab
2022-01-16 14:38 dpdklab
2022-01-16 14:37 dpdklab
2022-01-16 14:36 dpdklab
Reply instructions:
You may reply publicly to this message via plain-text email
using any one of the following methods:
* Save the following mbox file, import it into your mail client,
and reply-to-all from there: mbox
Avoid top-posting and favor interleaved quoting:
https://en.wikipedia.org/wiki/Posting_style#Interleaved_style
* Reply using the --to, --cc, and --in-reply-to
switches of git-send-email(1):
git send-email \
--in-reply-to=20220116154123.52122602B7@dpdk-ubuntu.dpdklab.iol.unh.edu \
--to=dpdklab@iol.unh.edu \
--cc=lucp.at.work@gmail.com \
--cc=test-report@dpdk.org \
/path/to/YOUR_REPLY
https://kernel.org/pub/software/scm/git/docs/git-send-email.html
* If your mail client supports setting the In-Reply-To header
via mailto: links, try the mailto: link
Be sure your reply has a Subject: header at the top and a blank line
before the message body.
This is a public inbox, see mirroring instructions
for how to clone and mirror all data and code used for this inbox;
as well as URLs for NNTP newsgroup(s).