* |FAILURE| pw105886-105887 [PATCH] [v1, 2/2] net/ice: support drop any and steer all to queue
@ 2022-01-17 4:04 dpdklab
0 siblings, 0 replies; 3+ messages in thread
From: dpdklab @ 2022-01-17 4:04 UTC (permalink / raw)
To: Test Report; +Cc: dpdklab, Yuying Zhang
[-- Attachment #1: Type: text/plain, Size: 3121 bytes --]
Test-Label: iol-aarch64-unit-testing
Test-Status: FAILURE
http://dpdk.org/patch/105887
_Testing issues_
Submitter: Yuying Zhang <yuying.zhang@intel.com>
Date: Monday, January 17 2022 10:53:19
DPDK git baseline: Repo:dpdk
Branch: master
CommitID:6f716880ee53ac1e50c9c75dc749886e3257bb8f
105886-105887 --> testing fail
Test environment and result as below:
+-------------------------------+----------------+--------------+
| Environment | dpdk_unit_test | lpm_autotest |
+===============================+================+==============+
| Ubuntu 20.04 ARM Clang Native | PASS | SKIPPED |
+-------------------------------+----------------+--------------+
| Ubuntu 20.04 ARM GCC Native | FAIL | SKIPPED |
+-------------------------------+----------------+--------------+
| Ubuntu 20.04 ARM SVE | SKIPPED | PASS |
+-------------------------------+----------------+--------------+
==== 20 line log output for Ubuntu 20.04 ARM GCC Native (dpdk_unit_test): ====
[2098/2759] Compiling C object 'drivers/a715181@@tmp_rte_crypto_openssl@sta/crypto_openssl_rte_openssl_pmd.c.o'.
[2099/2759] Linking static target drivers/libtmp_rte_crypto_mlx5.a.
[2100/2759] Compiling C object 'drivers/a715181@@tmp_rte_crypto_scheduler@sta/crypto_scheduler_rte_cryptodev_scheduler.c.o'.
[2101/2759] Generating rte_crypto_nitrox_def with a custom command.
[2102/2759] Compiling C object 'drivers/a715181@@tmp_rte_crypto_scheduler@sta/crypto_scheduler_scheduler_multicore.c.o'.
[2103/2759] Generating rte_crypto_openssl_def with a custom command.
[2104/2759] Generating rte_crypto_octeontx_mingw with a custom command.
[2105/2759] Generating rte_crypto_octeontx_def with a custom command.
[2106/2759] Generating rte_raw_skeleton.pmd.c with a custom command.
[2107/2759] Generating rte_crypto_openssl_mingw with a custom command.
[2108/2759] Linking target drivers/librte_net_thunderx.so.22.1.
[2109/2759] Generating rte_raw_dpaa2_qdma.pmd.c with a custom command.
[2110/2759] Generating rte_crypto_caam_jr.pmd.c with a custom command.
[2111/2759] Generating rte_raw_ntb.pmd.c with a custom command.
[2112/2759] Generating symbol file 'drivers/a715181@@rte_net_cnxk@sha/librte_net_cnxk.so.22.1.symbols'.
[2113/2759] Generating rte_crypto_ccp.pmd.c with a custom command.
[2114/2759] Generating rte_crypto_bcmfs.pmd.c with a custom command.
[2115/2759] Generating symbol file 'lib/76b5a35@@rte_pipeline@sha/librte_pipeline.so.22.1.symbols'.
[2116/2759] Generating rte_raw_ifpga.pmd.c with a custom command.
ninja: build stopped: subcommand failed.
==== End log output ====
Ubuntu 20.04 ARM Clang Native
Kernel: 5.4.0-53-generic
Compiler: clang 10.0.0-4ubuntu1
Ubuntu 20.04 ARM GCC Native
Kernel: 5.4.0-53-generic
Compiler: gcc 9.3
Ubuntu 20.04 ARM SVE
Kernel: 5.4.0-80-generic
Compiler: gcc 10.3.0 (Ubuntu 10.3.0-1ubuntu1~20.04)
To view detailed results, visit:
https://lab.dpdk.org/results/dashboard/patchsets/20680/
UNH-IOL DPDK Community Lab
To manage your email subscriptions, visit:
https://lab.dpdk.org/results/dashboard/preferences/subscriptions/
^ permalink raw reply [flat|nested] 3+ messages in thread
* |FAILURE| pw105886-105887 [PATCH] [v1, 2/2] net/ice: support drop any and steer all to queue
@ 2022-01-17 4:46 dpdklab
0 siblings, 0 replies; 3+ messages in thread
From: dpdklab @ 2022-01-17 4:46 UTC (permalink / raw)
To: Test Report; +Cc: dpdklab, Yuying Zhang
[-- Attachment #1: Type: text/plain, Size: 4015 bytes --]
Test-Label: iol-aarch64-compile-testing
Test-Status: FAILURE
http://dpdk.org/patch/105887
_Testing issues_
Submitter: Yuying Zhang <yuying.zhang@intel.com>
Date: Monday, January 17 2022 10:53:19
DPDK git baseline: Repo:dpdk
Branch: master
CommitID:6f716880ee53ac1e50c9c75dc749886e3257bb8f
105886-105887 --> testing fail
Test environment and result as below:
+----------------------------------------+--------------------+
| Environment | dpdk_meson_compile |
+========================================+====================+
| Ubuntu 20.04 ARM Clang Native | PASS |
+----------------------------------------+--------------------+
| Ubuntu 20.04 ARM GCC Native | FAIL |
+----------------------------------------+--------------------+
| Ubuntu 20.04 ARM GCC Cross Compile | FAIL |
+----------------------------------------+--------------------+
| Ubuntu 20.04 aarch32 GCC Cross Compile | FAIL |
+----------------------------------------+--------------------+
| Ubuntu 20.04 ARM Clang Cross Compile | PASS |
+----------------------------------------+--------------------+
| Ubuntu 20.04 ARM SVE | PASS |
+----------------------------------------+--------------------+
==== 20 line log output for Ubuntu 20.04 aarch32 GCC Cross Compile (dpdk_meson_compile): ====
| ^~~~~~~~
cc1: all warnings being treated as errors
[1228/2227] Compiling C object 'drivers/a715181@@tmp_rte_net_ionic@sta/net_ionic_ionic_ethdev.c.o'.
[1229/2227] Compiling C object 'drivers/a715181@@tmp_rte_net_i40e@sta/net_i40e_i40e_ethdev.c.o'.
[1230/2227] Compiling C object 'drivers/a715181@@tmp_rte_net_ice@sta/net_ice_ice_switch_filter.c.o'.
[1231/2227] Compiling C object 'drivers/net/igc/base/94439f5@@igc_base@sta/igc_phy.c.o'.
[1232/2227] Compiling C object 'drivers/a715181@@tmp_rte_net_ixgbe@sta/net_ixgbe_ixgbe_82599_bypass.c.o'.
[1233/2227] Compiling C object 'drivers/a715181@@tmp_rte_net_igc@sta/net_igc_igc_ethdev.c.o'.
[1234/2227] Compiling C object 'drivers/net/ixgbe/base/a7935d9@@ixgbe_base@sta/ixgbe_dcb_82598.c.o'.
[1235/2227] Compiling C object 'drivers/net/ixgbe/base/a7935d9@@ixgbe_base@sta/ixgbe_82598.c.o'.
[1236/2227] Compiling C object 'drivers/net/ixgbe/base/a7935d9@@ixgbe_base@sta/ixgbe_dcb_82599.c.o'.
[1237/2227] Compiling C object 'drivers/net/ixgbe/base/a7935d9@@ixgbe_base@sta/ixgbe_api.c.o'.
[1238/2227] Compiling C object 'drivers/net/ixgbe/base/a7935d9@@ixgbe_base@sta/ixgbe_dcb.c.o'.
[1239/2227] Compiling C object 'drivers/a715181@@tmp_rte_net_ionic@sta/net_ionic_ionic_lif.c.o'.
[1240/2227] Compiling C object 'drivers/net/ixgbe/base/a7935d9@@ixgbe_base@sta/ixgbe_82599.c.o'.
[1241/2227] Compiling C object 'drivers/a715181@@tmp_rte_net_igc@sta/net_igc_igc_txrx.c.o'.
[1242/2227] Compiling C object 'drivers/a715181@@tmp_rte_net_ionic@sta/net_ionic_ionic_rxtx.c.o'.
[1243/2227] Compiling C object 'drivers/a715181@@tmp_rte_net_ice@sta/net_ice_ice_rxtx.c.o'.
[1244/2227] Compiling C object 'drivers/net/ixgbe/base/a7935d9@@ixgbe_base@sta/ixgbe_common.c.o'.
ninja: build stopped: subcommand failed.
==== End log output ====
Ubuntu 20.04 ARM Clang Native
Kernel: 5.4.0-53-generic
Compiler: clang 10.0.0-4ubuntu1
Ubuntu 20.04 ARM GCC Native
Kernel: 5.4.0-53-generic
Compiler: gcc 9.3
Ubuntu 20.04 ARM GCC Cross Compile
Kernel: 5.4.0-72-generic
Compiler: aarch64-linux-gnu-gcc (Ubuntu 9.3.0-17ubuntu1~20.04) 9.3.0
Ubuntu 20.04 aarch32 GCC Cross Compile
Kernel: 5.4.0-72-generic
Compiler: gcc 9.3.0
Ubuntu 20.04 ARM Clang Cross Compile
Kernel: 5.4.0-72-generic
Compiler: clang version 10.0.0-4ubuntu1
Ubuntu 20.04 ARM SVE
Kernel: 5.4.0-80-generic
Compiler: gcc 10.3.0 (Ubuntu 10.3.0-1ubuntu1~20.04)
To view detailed results, visit:
https://lab.dpdk.org/results/dashboard/patchsets/20680/
UNH-IOL DPDK Community Lab
To manage your email subscriptions, visit:
https://lab.dpdk.org/results/dashboard/preferences/subscriptions/
^ permalink raw reply [flat|nested] 3+ messages in thread
* |FAILURE| pw105886-105887 [PATCH] [v1, 2/2] net/ice: support drop any and steer all to queue
@ 2022-01-17 4:12 dpdklab
0 siblings, 0 replies; 3+ messages in thread
From: dpdklab @ 2022-01-17 4:12 UTC (permalink / raw)
To: Test Report; +Cc: dpdklab, Yuying Zhang
[-- Attachment #1: Type: text/plain, Size: 4623 bytes --]
Test-Label: iol-x86_64-unit-testing
Test-Status: FAILURE
http://dpdk.org/patch/105887
_Testing issues_
Submitter: Yuying Zhang <yuying.zhang@intel.com>
Date: Monday, January 17 2022 10:53:19
DPDK git baseline: Repo:dpdk
Branch: master
CommitID:6f716880ee53ac1e50c9c75dc749886e3257bb8f
105886-105887 --> testing fail
Test environment and result as below:
+------------------+----------------+
| Environment | dpdk_unit_test |
+==================+================+
| CentOS 8 | FAIL |
+------------------+----------------+
| Arch Linux | FAIL |
+------------------+----------------+
| CentOS Stream 8 | FAIL |
+------------------+----------------+
| Ubuntu 18.04 | FAIL |
+------------------+----------------+
| Fedora 31 | FAIL |
+------------------+----------------+
| Fedora 32 | FAIL |
+------------------+----------------+
| Ubuntu 20.04 | FAIL |
+------------------+----------------+
| Fedora 34 | FAIL |
+------------------+----------------+
| openSUSE Leap 15 | FAIL |
+------------------+----------------+
| RHEL8 | FAIL |
+------------------+----------------+
| Fedora 33 | FAIL |
+------------------+----------------+
| RHEL 7 | FAIL |
+------------------+----------------+
| Fedora 34 clang | PASS |
+------------------+----------------+
==== 20 line log output for RHEL 7 (dpdk_unit_test): ====
^
cc1: all warnings being treated as errors
[1526/2776] Compiling C object 'drivers/a715181@@rte_net_iavf@sta/meson-generated_.._rte_net_iavf.pmd.c.o'.
[1527/2776] Compiling C object 'drivers/a715181@@tmp_rte_net_ice@sta/net_ice_ice_hash.c.o'.
[1528/2776] Compiling C object 'drivers/a715181@@tmp_rte_net_ice@sta/net_ice_ice_acl_filter.c.o'.
[1529/2776] Compiling C object 'drivers/net/ice/base/39545a2@@ice_base@sta/ice_flex_pipe.c.o'.
[1530/2776] Compiling C object 'drivers/net/ice/base/39545a2@@ice_base@sta/ice_parser_rt.c.o'.
[1531/2776] Compiling C object 'drivers/a715181@@tmp_rte_net_i40e@sta/net_i40e_i40e_ethdev.c.o'.
[1532/2776] Compiling C object 'drivers/a715181@@tmp_rte_net_ice@sta/net_ice_ice_generic_flow.c.o'.
[1533/2776] Compiling C object 'drivers/a715181@@tmp_rte_net_ice@sta/net_ice_ice_dcf_parent.c.o'.
[1534/2776] Compiling C object 'drivers/a715181@@tmp_rte_net_ice@sta/net_ice_ice_dcf_vf_representor.c.o'.
[1535/2776] Compiling C object 'drivers/a715181@@tmp_rte_net_ice@sta/net_ice_ice_fdir_filter.c.o'.
[1536/2776] Compiling C object 'drivers/a715181@@tmp_rte_net_ice@sta/net_ice_ice_switch_filter.c.o'.
[1537/2776] Compiling C object 'drivers/a715181@@tmp_rte_net_ice@sta/net_ice_ice_dcf_ethdev.c.o'.
[1538/2776] Compiling C object 'drivers/a715181@@tmp_rte_net_ice@sta/net_ice_ice_dcf.c.o'.
[1539/2776] Compiling C object 'drivers/a715181@@tmp_rte_net_ice@sta/net_ice_ice_rxtx_vec_sse.c.o'.
[1540/2776] Compiling C object 'drivers/a715181@@tmp_rte_net_ice@sta/net_ice_ice_ethdev.c.o'.
[1541/2776] Compiling C object 'drivers/a715181@@tmp_rte_net_ice@sta/net_ice_ice_rxtx.c.o'.
[1542/2776] Compiling C object 'drivers/a715181@@tmp_rte_net_ice@sta/net_ice_ice_rxtx_vec_avx2.c.o'.
ninja: build stopped: subcommand failed.
==== End log output ====
CentOS 8
Kernel: 4.18.0-240.10.1.el8_3.x86_64
Compiler: gcc 8.3.1 20191121 (Red Hat 8.3.1-5)
Arch Linux
Kernel: 5.4.0-73-generic
Compiler: gcc 11.1.0
CentOS Stream 8
Kernel: 4.18.0-240.10.1.el8_3.x86_64
Compiler: gcc 8.4.1 20200928
Ubuntu 18.04
Kernel: 4.18.0-240.10.1.el8_3.x86_64
Compiler: gcc 7.5.0-3ubuntu1~18.04
Fedora 31
Kernel: 4.18.0-240.10.1.el8_3.x86_64
Compiler: gcc 9.3.1
Fedora 32
Kernel: 4.18.0-240.10.1.el8_3.x86_64
Compiler: gcc 10.2.1
Ubuntu 20.04
Kernel: 4.18.0-240.10.1.el8_3.x86_64
Compiler: gcc 9.3.0-17ubuntu1~20.04
Fedora 34
Kernel: 5.4.0-72-generic
Compiler: gcc 11.1.1 20210428 (Red Hat 11.1.1-1)
openSUSE Leap 15
Kernel: 4.18.0-240.10.1.el8_3.x86_64
Compiler: gcc 7.5.0
RHEL8
Kernel: 4.18.0-240.10.1.el8_3.x86_64
Compiler: gcc 8.3.1 20191121 (Red Hat 8.3.1-5)
Fedora 33
Kernel: 5.4.0-72-generic
Compiler: gcc 10.3.1 20210422 (Red Hat 10.3.1-1)
RHEL 7
Kernel: 4.18.0-240.10.1.el8_3.x86_64
Compiler: gcc 4.8.5 20150623 (Red Hat 4.8.5-44)
Fedora 34 clang
Kernel: 5.4.0-72-generic
Compiler: clang 12.0.0 (Fedora 12.0.0-0.3.rc1.fc34)
To view detailed results, visit:
https://lab.dpdk.org/results/dashboard/patchsets/20680/
UNH-IOL DPDK Community Lab
To manage your email subscriptions, visit:
https://lab.dpdk.org/results/dashboard/preferences/subscriptions/
^ permalink raw reply [flat|nested] 3+ messages in thread
end of thread, other threads:[~2022-01-17 4:46 UTC | newest]
Thread overview: 3+ messages (download: mbox.gz / follow: Atom feed)
-- links below jump to the message on this page --
2022-01-17 4:04 |FAILURE| pw105886-105887 [PATCH] [v1, 2/2] net/ice: support drop any and steer all to queue dpdklab
2022-01-17 4:12 dpdklab
2022-01-17 4:46 dpdklab
This is a public inbox, see mirroring instructions
for how to clone and mirror all data and code used for this inbox;
as well as URLs for NNTP newsgroup(s).