From: dpdklab@iol.unh.edu
To: Test Report <test-report@dpdk.org>
Cc: dpdklab@iol.unh.edu, Yuying Zhang <yuying.zhang@intel.com>
Subject: |FAILURE| pw105886-105887 [PATCH] [v1, 2/2] net/ice: support drop any and steer all to queue
Date: Mon, 17 Jan 2022 04:12:15 +0000 (UTC) [thread overview]
Message-ID: <20220117041215.112B0602B7@dpdk-ubuntu.dpdklab.iol.unh.edu> (raw)
[-- Attachment #1: Type: text/plain, Size: 4623 bytes --]
Test-Label: iol-x86_64-unit-testing
Test-Status: FAILURE
http://dpdk.org/patch/105887
_Testing issues_
Submitter: Yuying Zhang <yuying.zhang@intel.com>
Date: Monday, January 17 2022 10:53:19
DPDK git baseline: Repo:dpdk
Branch: master
CommitID:6f716880ee53ac1e50c9c75dc749886e3257bb8f
105886-105887 --> testing fail
Test environment and result as below:
+------------------+----------------+
| Environment | dpdk_unit_test |
+==================+================+
| CentOS 8 | FAIL |
+------------------+----------------+
| Arch Linux | FAIL |
+------------------+----------------+
| CentOS Stream 8 | FAIL |
+------------------+----------------+
| Ubuntu 18.04 | FAIL |
+------------------+----------------+
| Fedora 31 | FAIL |
+------------------+----------------+
| Fedora 32 | FAIL |
+------------------+----------------+
| Ubuntu 20.04 | FAIL |
+------------------+----------------+
| Fedora 34 | FAIL |
+------------------+----------------+
| openSUSE Leap 15 | FAIL |
+------------------+----------------+
| RHEL8 | FAIL |
+------------------+----------------+
| Fedora 33 | FAIL |
+------------------+----------------+
| RHEL 7 | FAIL |
+------------------+----------------+
| Fedora 34 clang | PASS |
+------------------+----------------+
==== 20 line log output for RHEL 7 (dpdk_unit_test): ====
^
cc1: all warnings being treated as errors
[1526/2776] Compiling C object 'drivers/a715181@@rte_net_iavf@sta/meson-generated_.._rte_net_iavf.pmd.c.o'.
[1527/2776] Compiling C object 'drivers/a715181@@tmp_rte_net_ice@sta/net_ice_ice_hash.c.o'.
[1528/2776] Compiling C object 'drivers/a715181@@tmp_rte_net_ice@sta/net_ice_ice_acl_filter.c.o'.
[1529/2776] Compiling C object 'drivers/net/ice/base/39545a2@@ice_base@sta/ice_flex_pipe.c.o'.
[1530/2776] Compiling C object 'drivers/net/ice/base/39545a2@@ice_base@sta/ice_parser_rt.c.o'.
[1531/2776] Compiling C object 'drivers/a715181@@tmp_rte_net_i40e@sta/net_i40e_i40e_ethdev.c.o'.
[1532/2776] Compiling C object 'drivers/a715181@@tmp_rte_net_ice@sta/net_ice_ice_generic_flow.c.o'.
[1533/2776] Compiling C object 'drivers/a715181@@tmp_rte_net_ice@sta/net_ice_ice_dcf_parent.c.o'.
[1534/2776] Compiling C object 'drivers/a715181@@tmp_rte_net_ice@sta/net_ice_ice_dcf_vf_representor.c.o'.
[1535/2776] Compiling C object 'drivers/a715181@@tmp_rte_net_ice@sta/net_ice_ice_fdir_filter.c.o'.
[1536/2776] Compiling C object 'drivers/a715181@@tmp_rte_net_ice@sta/net_ice_ice_switch_filter.c.o'.
[1537/2776] Compiling C object 'drivers/a715181@@tmp_rte_net_ice@sta/net_ice_ice_dcf_ethdev.c.o'.
[1538/2776] Compiling C object 'drivers/a715181@@tmp_rte_net_ice@sta/net_ice_ice_dcf.c.o'.
[1539/2776] Compiling C object 'drivers/a715181@@tmp_rte_net_ice@sta/net_ice_ice_rxtx_vec_sse.c.o'.
[1540/2776] Compiling C object 'drivers/a715181@@tmp_rte_net_ice@sta/net_ice_ice_ethdev.c.o'.
[1541/2776] Compiling C object 'drivers/a715181@@tmp_rte_net_ice@sta/net_ice_ice_rxtx.c.o'.
[1542/2776] Compiling C object 'drivers/a715181@@tmp_rte_net_ice@sta/net_ice_ice_rxtx_vec_avx2.c.o'.
ninja: build stopped: subcommand failed.
==== End log output ====
CentOS 8
Kernel: 4.18.0-240.10.1.el8_3.x86_64
Compiler: gcc 8.3.1 20191121 (Red Hat 8.3.1-5)
Arch Linux
Kernel: 5.4.0-73-generic
Compiler: gcc 11.1.0
CentOS Stream 8
Kernel: 4.18.0-240.10.1.el8_3.x86_64
Compiler: gcc 8.4.1 20200928
Ubuntu 18.04
Kernel: 4.18.0-240.10.1.el8_3.x86_64
Compiler: gcc 7.5.0-3ubuntu1~18.04
Fedora 31
Kernel: 4.18.0-240.10.1.el8_3.x86_64
Compiler: gcc 9.3.1
Fedora 32
Kernel: 4.18.0-240.10.1.el8_3.x86_64
Compiler: gcc 10.2.1
Ubuntu 20.04
Kernel: 4.18.0-240.10.1.el8_3.x86_64
Compiler: gcc 9.3.0-17ubuntu1~20.04
Fedora 34
Kernel: 5.4.0-72-generic
Compiler: gcc 11.1.1 20210428 (Red Hat 11.1.1-1)
openSUSE Leap 15
Kernel: 4.18.0-240.10.1.el8_3.x86_64
Compiler: gcc 7.5.0
RHEL8
Kernel: 4.18.0-240.10.1.el8_3.x86_64
Compiler: gcc 8.3.1 20191121 (Red Hat 8.3.1-5)
Fedora 33
Kernel: 5.4.0-72-generic
Compiler: gcc 10.3.1 20210422 (Red Hat 10.3.1-1)
RHEL 7
Kernel: 4.18.0-240.10.1.el8_3.x86_64
Compiler: gcc 4.8.5 20150623 (Red Hat 4.8.5-44)
Fedora 34 clang
Kernel: 5.4.0-72-generic
Compiler: clang 12.0.0 (Fedora 12.0.0-0.3.rc1.fc34)
To view detailed results, visit:
https://lab.dpdk.org/results/dashboard/patchsets/20680/
UNH-IOL DPDK Community Lab
To manage your email subscriptions, visit:
https://lab.dpdk.org/results/dashboard/preferences/subscriptions/
next reply other threads:[~2022-01-17 4:12 UTC|newest]
Thread overview: 3+ messages / expand[flat|nested] mbox.gz Atom feed top
2022-01-17 4:12 dpdklab [this message]
-- strict thread matches above, loose matches on Subject: below --
2022-01-17 4:46 dpdklab
2022-01-17 4:04 dpdklab
Reply instructions:
You may reply publicly to this message via plain-text email
using any one of the following methods:
* Save the following mbox file, import it into your mail client,
and reply-to-all from there: mbox
Avoid top-posting and favor interleaved quoting:
https://en.wikipedia.org/wiki/Posting_style#Interleaved_style
* Reply using the --to, --cc, and --in-reply-to
switches of git-send-email(1):
git send-email \
--in-reply-to=20220117041215.112B0602B7@dpdk-ubuntu.dpdklab.iol.unh.edu \
--to=dpdklab@iol.unh.edu \
--cc=test-report@dpdk.org \
--cc=yuying.zhang@intel.com \
/path/to/YOUR_REPLY
https://kernel.org/pub/software/scm/git/docs/git-send-email.html
* If your mail client supports setting the In-Reply-To header
via mailto: links, try the mailto: link
Be sure your reply has a Subject: header at the top and a blank line
before the message body.
This is a public inbox, see mirroring instructions
for how to clone and mirror all data and code used for this inbox;
as well as URLs for NNTP newsgroup(s).